{"id":33223,"date":"2025-09-26T23:40:13","date_gmt":"2025-09-26T23:40:13","guid":{"rendered":"https:\/\/as-schwabe.de\/?post_type=product&#038;p=33223"},"modified":"2025-10-23T00:20:47","modified_gmt":"2025-10-23T00:20:47","slug":"wylacznik-termiczny-230-v-1p-10936et","status":"publish","type":"product","link":"https:\/\/as-schwabe.de\/pl\/produkt\/wylacznik-termiczny-230-v-1p-10936et\/","title":{"rendered":"Wy\u0142\u0105cznik termiczny 230 V, 1P | 10936ET"},"content":{"rendered":"<p>Wy\u0142\u0105cznik termiczny 230 V, 1P o zakresie temperatury dzia\u0142ania 56\u00b0 +\/- 5\u00b0 to niezawodne rozwi\u0105zanie dla system\u00f3w elektrycznych zasilaj\u0105cych b\u0119bny o napi\u0119ciu 230 V. Produkt skutecznie chroni przed przegrzaniem, automatycznie odcinaj\u0105c zasilanie w przypadku osi\u0105gni\u0119cia niebezpiecznej temperatury. Dzi\u0119ki prostym parametrom technicznym, wy\u0142\u0105cznik ten jest \u0142atwy w integracji z istniej\u0105cymi instalacjami, co zapewnia szybki i bezproblemowy monta\u017c. Idealnie sprawdza si\u0119 w zastosowaniach przemys\u0142owych oraz w domowych warsztatach, zapewniaj\u0105c bezpiecze\u0144stwo oraz wydajno\u015b\u0107 pracy. Wybieraj\u0105c nasz wy\u0142\u0105cznik termiczny, inwestujesz w trwa\u0142o\u015b\u0107 i niezawodno\u015b\u0107 swojego sprz\u0119tu.<\/p>","protected":false},"excerpt":{"rendered":"<div class=\"icons\" style=\"display: flex; flex-wrap: wrap; gap: 5px; align-items: center; margin-top: 10px;\"><img decoding=\"async\" src=\"https:\/\/as-schwabe.de\/wp-content\/uploads\/ikony\/znak_CE.png\" alt=\"\" width=\"50\" height=\"50\" \/><img decoding=\"async\" src=\"https:\/\/as-schwabe.de\/wp-content\/uploads\/ikony\/znak_DE.png\" alt=\"\" width=\"50\" height=\"40\" \/><\/div>\n<ul>\n<li>do monta\u017cu w r\u00f3\u017cnych b\u0119bnach kablowych <\/li>\n<li>56\u00b0C +\/- 3\u00b0C <\/li>\n<li>wy\u0142\u0105cznik termiczny 230 V, 1P<\/li>\n<\/ul>","protected":false},"featured_media":32439,"template":"","meta":{"inline_featured_image":false},"genre":[509],"product_cat":[510,520],"product_tag":[],"class_list":{"0":"post-33223","1":"product","2":"type-product","3":"status-publish","4":"has-post-thumbnail","6":"product_brand-as-schwabe-pl","7":"product_cat-przedluzacze-bebnowe-pl","8":"product_cat-czesci-zamienne-pl","10":"first","11":"instock","12":"shipping-taxable","13":"product-type-simple"},"aioseo_notices":[],"_links":{"self":[{"href":"https:\/\/as-schwabe.de\/pl\/wp-json\/wp\/v2\/product\/33223","targetHints":{"allow":["GET"]}}],"collection":[{"href":"https:\/\/as-schwabe.de\/pl\/wp-json\/wp\/v2\/product"}],"about":[{"href":"https:\/\/as-schwabe.de\/pl\/wp-json\/wp\/v2\/types\/product"}],"version-history":[{"count":0,"href":"https:\/\/as-schwabe.de\/pl\/wp-json\/wp\/v2\/product\/33223\/revisions"}],"wp:featuredmedia":[{"embeddable":true,"href":"https:\/\/as-schwabe.de\/pl\/wp-json\/wp\/v2\/media\/32439"}],"wp:attachment":[{"href":"https:\/\/as-schwabe.de\/pl\/wp-json\/wp\/v2\/media?parent=33223"}],"wp:term":[{"taxonomy":"product_brand","embeddable":true,"href":"https:\/\/as-schwabe.de\/pl\/wp-json\/wp\/v2\/genre?post=33223"},{"taxonomy":"product_cat","embeddable":true,"href":"https:\/\/as-schwabe.de\/pl\/wp-json\/wp\/v2\/product_cat?post=33223"},{"taxonomy":"product_tag","embeddable":true,"href":"https:\/\/as-schwabe.de\/pl\/wp-json\/wp\/v2\/product_tag?post=33223"}],"curies":[{"name":"wp","href":"https:\/\/api.w.org\/{rel}","templated":true}]}}

Wyłącznik termiczny 230 V, 1P | 10936ET

<p>Wyłącznik termiczny 230 V, 1P o zakresie temperatury działania 56° +/- 5° to niezawodne rozwiązanie dla systemów elektrycznych zasilających bębny o napięciu 230 V. Produkt skutecznie chroni przed przegrzaniem, automatycznie odcinając zasilanie w przypadku osiągnięcia niebezpiecznej temperatury. Dzięki prostym parametrom technicznym, wyłącznik ten jest łatwy w integracji z istniejącymi instalacjami, co zapewnia szybki i bezproblemowy montaż. Idealnie sprawdza się w zastosowaniach przemysłowych oraz w domowych warsztatach, zapewniając bezpieczeństwo oraz wydajność pracy. Wybierając nasz wyłącznik termiczny, inwestujesz w trwałość i niezawodność swojego sprzętu.</p>

<div class="icons" style="display: flex; flex-wrap: wrap; gap: 5px; align-items: center; margin-top: 10px;"><img decoding="async" src="https://as-schwabe.de/wp-content/uploads/ikony/znak_CE.png" alt="" width="50" height="50" /><img decoding="async" src="https://as-schwabe.de/wp-content/uploads/ikony/znak_DE.png" alt="" width="50" height="40" /></div>
<ul>
<li>do montażu w różnych bębnach kablowych </li>
<li>56°C +/- 3°C </li>
<li>wyłącznik termiczny 230 V, 1P</li>
</ul>
