{"id":33147,"date":"2025-09-26T23:39:26","date_gmt":"2025-09-26T23:39:26","guid":{"rendered":"https:\/\/as-schwabe.de\/?post_type=product&#038;p=33147"},"modified":"2025-10-23T00:20:35","modified_gmt":"2025-10-23T00:20:35","slug":"rozdzielnica-kompaktowa-mixo-cee-3p-adapter-f-860494","status":"publish","type":"product","link":"https:\/\/as-schwabe.de\/pl\/produkt\/rozdzielnica-kompaktowa-mixo-cee-3p-adapter-f-860494\/","title":{"rendered":"Rozdzielnica kompaktowa MIXO CEE 3P &#8211; ADAPTER &#8222;F&#8220; | 860494"},"content":{"rendered":"<p>Rozdzielnica kompaktowa MIXO CEE 3P &#8211; ADAPTER &#8222;F&#8220; to niezawodne rozwi\u0105zanie do zasilania urz\u0105dze\u0144 elektrycznych w warunkach zewn\u0119trznych. Wyposa\u017cona w wtyczk\u0119 tablicow\u0105 CEE 230 V, 16 A oraz jedno gniazdo z klapk\u0105 i uziemieniem, umo\u017cliwia bezpieczne pod\u0142\u0105czenie sprz\u0119tu przy maksymalnym obci\u0105\u017ceniu 230 V, 16 A oraz 3500 W. Klasa ochrony IP44 gwarantuje odporno\u015b\u0107 na dzia\u0142anie py\u0142u oraz wilgoci, co czyni j\u0105 idealnym wyborem do pracy w trudnych warunkach atmosferycznych. Dzi\u0119ki swojej kompaktowej budowie, rozdzielnica MIXO jest \u0142atwa w transporcie i monta\u017cu, co przyspiesza proces zasilania w r\u00f3\u017cnych lokalizacjach. To niezb\u0119dne narz\u0119dzie dla profesjonalist\u00f3w i pasjonat\u00f3w, kt\u00f3rzy potrzebuj\u0105 pewnego i bezpiecznego \u017ar\u00f3d\u0142a energii w terenie.<\/p>","protected":false},"excerpt":{"rendered":"<div class=\"icons\" style=\"display: flex; flex-wrap: wrap; gap: 5px; align-items: center; margin-top: 10px;\"><img decoding=\"async\" src=\"https:\/\/as-schwabe.de\/wp-content\/uploads\/ikony\/znak_FR.png\" alt=\"\" width=\"50\" height=\"50\" \/><img decoding=\"async\" src=\"https:\/\/as-schwabe.de\/wp-content\/uploads\/ikony\/znak_CE.png\" alt=\"\" width=\"50\" height=\"50\" \/><img decoding=\"async\" src=\"https:\/\/as-schwabe.de\/wp-content\/uploads\/ikony\/znak_IP44.png\" alt=\"\" width=\"50\" height=\"50\" \/><img loading=\"lazy\" decoding=\"async\" src=\"https:\/\/as-schwabe.de\/wp-content\/uploads\/ikony\/znak_Z.png\" alt=\"\" width=\"50\" height=\"50\" \/><img loading=\"lazy\" decoding=\"async\" src=\"https:\/\/as-schwabe.de\/wp-content\/uploads\/ikony\/znak_D.png\" alt=\"\" width=\"50\" height=\"50\" \/><img loading=\"lazy\" decoding=\"async\" src=\"https:\/\/as-schwabe.de\/wp-content\/uploads\/ikony\/znak_DE.png\" alt=\"\" width=\"50\" height=\"40\" \/><\/div>\n<ul>\n<li>mobilne rozdzielnice pr\u0105du, uniwersalne i zajmuj\u0105ce ma\u0142o miejsca <\/li>\n<li>obudowa wykonana z wytrzyma\u0142ego, bardzo odpornego na uszkodzenia specjalnego tworzywa sztucznego <\/li>\n<li>obci\u0105\u017calno\u015b\u0107 do 16 A \/ ok. 3,5 kW <\/li>\n<li>IP44: chroniony przed cia\u0142ami obcymi i bryzgami wody<\/li>\n<\/ul>","protected":false},"featured_media":32397,"template":"","meta":{"inline_featured_image":false},"genre":[509],"product_cat":[515,578],"product_tag":[],"class_list":{"0":"post-33147","1":"product","2":"type-product","3":"status-publish","4":"has-post-thumbnail","6":"product_brand-as-schwabe-pl","7":"product_cat-kemping-i-caravaning-pl","8":"product_cat-rozdzielnice-elektryczne-pl","10":"first","11":"instock","12":"shipping-taxable","13":"product-type-simple"},"aioseo_notices":[],"_links":{"self":[{"href":"https:\/\/as-schwabe.de\/pl\/wp-json\/wp\/v2\/product\/33147","targetHints":{"allow":["GET"]}}],"collection":[{"href":"https:\/\/as-schwabe.de\/pl\/wp-json\/wp\/v2\/product"}],"about":[{"href":"https:\/\/as-schwabe.de\/pl\/wp-json\/wp\/v2\/types\/product"}],"version-history":[{"count":0,"href":"https:\/\/as-schwabe.de\/pl\/wp-json\/wp\/v2\/product\/33147\/revisions"}],"wp:featuredmedia":[{"embeddable":true,"href":"https:\/\/as-schwabe.de\/pl\/wp-json\/wp\/v2\/media\/32397"}],"wp:attachment":[{"href":"https:\/\/as-schwabe.de\/pl\/wp-json\/wp\/v2\/media?parent=33147"}],"wp:term":[{"taxonomy":"product_brand","embeddable":true,"href":"https:\/\/as-schwabe.de\/pl\/wp-json\/wp\/v2\/genre?post=33147"},{"taxonomy":"product_cat","embeddable":true,"href":"https:\/\/as-schwabe.de\/pl\/wp-json\/wp\/v2\/product_cat?post=33147"},{"taxonomy":"product_tag","embeddable":true,"href":"https:\/\/as-schwabe.de\/pl\/wp-json\/wp\/v2\/product_tag?post=33147"}],"curies":[{"name":"wp","href":"https:\/\/api.w.org\/{rel}","templated":true}]}}

<p>Rozdzielnica kompaktowa MIXO CEE 3P &#8211; ADAPTER &#8222;F&#8220; to niezawodne rozwiązanie do zasilania urządzeń elektrycznych w warunkach zewnętrznych. Wyposażona w wtyczkę tablicową CEE 230 V, 16 A oraz jedno gniazdo z klapką i uziemieniem, umożliwia bezpieczne podłączenie sprzętu przy maksymalnym obciążeniu 230 V, 16 A oraz 3500 W. Klasa ochrony IP44 gwarantuje odporność na działanie pyłu oraz wilgoci, co czyni ją idealnym wyborem do pracy w trudnych warunkach atmosferycznych. Dzięki swojej kompaktowej budowie, rozdzielnica MIXO jest łatwa w transporcie i montażu, co przyspiesza proces zasilania w różnych lokalizacjach. To niezbędne narzędzie dla profesjonalistów i pasjonatów, którzy potrzebują pewnego i bezpiecznego źródła energii w terenie.</p>

<div class="icons" style="display: flex; flex-wrap: wrap; gap: 5px; align-items: center; margin-top: 10px;"><img decoding="async" src="https://as-schwabe.de/wp-content/uploads/ikony/znak_FR.png" alt="" width="50" height="50" /><img decoding="async" src="https://as-schwabe.de/wp-content/uploads/ikony/znak_CE.png" alt="" width="50" height="50" /><img decoding="async" src="https://as-schwabe.de/wp-content/uploads/ikony/znak_IP44.png" alt="" width="50" height="50" /><img loading="lazy" decoding="async" src="https://as-schwabe.de/wp-content/uploads/ikony/znak_Z.png" alt="" width="50" height="50" /><img loading="lazy" decoding="async" src="https://as-schwabe.de/wp-content/uploads/ikony/znak_D.png" alt="" width="50" height="50" /><img loading="lazy" decoding="async" src="https://as-schwabe.de/wp-content/uploads/ikony/znak_DE.png" alt="" width="50" height="40" /></div>
<ul>
<li>mobilne rozdzielnice prądu, uniwersalne i zajmujące mało miejsca </li>
<li>obudowa wykonana z wytrzymałego, bardzo odpornego na uszkodzenia specjalnego tworzywa sztucznego </li>
<li>obciążalność do 16 A / ok. 3,5 kW </li>
<li>IP44: chroniony przed ciałami obcymi i bryzgami wody</li>
</ul>
