{"id":33088,"date":"2025-09-26T23:38:59","date_gmt":"2025-09-26T23:38:59","guid":{"rendered":"https:\/\/as-schwabe.de\/?post_type=product&#038;p=33088"},"modified":"2025-10-23T00:20:20","modified_gmt":"2025-10-23T00:20:20","slug":"naswietlacz-mobilny-optiline-led-24-w-f-846344","status":"publish","type":"product","link":"https:\/\/as-schwabe.de\/pl\/produkt\/naswietlacz-mobilny-optiline-led-24-w-f-846344\/","title":{"rendered":"Na\u015bwietlacz mobilny Optiline LED 24 W &#8222;F&#8220; &#8211; 2500 lm | 846344"},"content":{"rendered":"<p>Na\u015bwietlacz mobilny Optiline LED 24 W &#8222;F&#8220; to doskona\u0142e rozwi\u0105zanie do o\u015bwietlenia zar\u00f3wno wymagaj\u0105cych przestrzeni roboczych, jak i domowych zastosowa\u0144. Dzi\u0119ki mocy \u015bwietlnej wynosz\u0105cej 1920 lm oraz efektywno\u015bci 104 lm\/W, urz\u0105dzenie zapewnia jasne i r\u00f3wnomierne o\u015bwietlenie o barwie 4000K, co sprzyja komfortowi pracy. Wykonana z odpornego tworzywa sztucznego obudowa w kolorze czarno-niebieskim charakteryzuje si\u0119 wysok\u0105 odporno\u015bci\u0105 na uszkodzenia mechaniczne. Na\u015bwietlacz wyposa\u017cony jest w praktyczne gniazdo z klapk\u0105 oraz port USB, co umo\u017cliwia jednoczesne zasilanie innych urz\u0105dze\u0144. Przew\u00f3d zasilaj\u0105cy o d\u0142ugo\u015bci 3 metr\u00f3w z wtyczk\u0105 IP44 H07RN-F sprawia, \u017ce produkt jest \u0142atwy w ustawieniu i bezpieczny w u\u017cytkowaniu w r\u00f3\u017cnych warunkach. Wy\u0142\u0105cznik umo\u017cliwia szybkie i wygodne w\u0142\u0105czanie oraz wy\u0142\u0105czanie urz\u0105dzenia, co zwi\u0119ksza komfort jego u\u017cytkowania.<\/p>","protected":false},"excerpt":{"rendered":"<div class=\"icons\" style=\"display: flex; flex-wrap: wrap; gap: 5px; align-items: center; margin-top: 10px;\"><img decoding=\"async\" src=\"https:\/\/as-schwabe.de\/wp-content\/uploads\/ikony\/znak_FR.png\" alt=\"\" width=\"50\" height=\"50\" \/><img decoding=\"async\" src=\"https:\/\/as-schwabe.de\/wp-content\/uploads\/ikony\/znak_CE.png\" alt=\"\" width=\"50\" height=\"50\" \/><img decoding=\"async\" src=\"https:\/\/as-schwabe.de\/wp-content\/uploads\/ikony\/znak_IP54.png\" alt=\"\" width=\"50\" height=\"50\" \/><img loading=\"lazy\" decoding=\"async\" src=\"https:\/\/as-schwabe.de\/wp-content\/uploads\/ikony\/znak_LED.png\" alt=\"\" width=\"50\" height=\"50\" \/><img loading=\"lazy\" decoding=\"async\" src=\"https:\/\/as-schwabe.de\/wp-content\/uploads\/ikony\/znak_Z.png\" alt=\"\" width=\"50\" height=\"50\" \/><img loading=\"lazy\" decoding=\"async\" src=\"https:\/\/as-schwabe.de\/wp-content\/uploads\/ikony\/znak_D.png\" alt=\"\" width=\"50\" height=\"50\" \/><\/div>\n<ul>\n<li>diody LED o \u017cywotno\u015bci ponad 40 000 h <\/li>\n<li>temperatura barwowa: 4000 K (neutralna biel) <\/li>\n<li>k\u0105t rozsy\u0142u \u015bwiat\u0142a diody LED: 100\u00b0 <\/li>\n<li>wsp\u00f3\u0142czynnik oddawania barw: CRI > 80 <\/li>\n<li>z dyfuzorem wykonanym z poliw\u0119glanu <\/li>\n<li>wyj\u0105tkowo w\u0105ska obudowa reflektora wykonana ze specjalnego tworzywa sztucznego z blokad\u0105 uchwytu mocuj\u0105cego <\/li>\n<li>pod\u0142\u0105czenie: 220-240 V\/50 Hz <\/li>\n<li>3 m przew\u00f3d neoprenowy H07RN-F 3G1,5 z wtyczk\u0105 z uziemieniem <\/li>\n<li>IP54: odporny na kurz i bryzgi wody <\/li>\n<li>1x gniazdo z uziemieniem i uchyln\u0105 klapk\u0105 <\/li>\n<li>wyj\u015bcie USB: 5 V, 1,0 A <\/li>\n<li>z w\u0142\u0105cznikiem<\/li>\n<\/ul>","protected":false},"featured_media":32293,"template":"","meta":{"inline_featured_image":false},"genre":[509],"product_cat":[547,557],"product_tag":[],"class_list":{"0":"post-33088","1":"product","2":"type-product","3":"status-publish","4":"has-post-thumbnail","6":"product_brand-as-schwabe-pl","7":"product_cat-oswietlenie-2-pl","8":"product_cat-o-seria-naswietlaczy-optiline-pl","10":"first","11":"instock","12":"shipping-taxable","13":"product-type-simple"},"aioseo_notices":[],"_links":{"self":[{"href":"https:\/\/as-schwabe.de\/pl\/wp-json\/wp\/v2\/product\/33088","targetHints":{"allow":["GET"]}}],"collection":[{"href":"https:\/\/as-schwabe.de\/pl\/wp-json\/wp\/v2\/product"}],"about":[{"href":"https:\/\/as-schwabe.de\/pl\/wp-json\/wp\/v2\/types\/product"}],"version-history":[{"count":0,"href":"https:\/\/as-schwabe.de\/pl\/wp-json\/wp\/v2\/product\/33088\/revisions"}],"wp:featuredmedia":[{"embeddable":true,"href":"https:\/\/as-schwabe.de\/pl\/wp-json\/wp\/v2\/media\/32293"}],"wp:attachment":[{"href":"https:\/\/as-schwabe.de\/pl\/wp-json\/wp\/v2\/media?parent=33088"}],"wp:term":[{"taxonomy":"product_brand","embeddable":true,"href":"https:\/\/as-schwabe.de\/pl\/wp-json\/wp\/v2\/genre?post=33088"},{"taxonomy":"product_cat","embeddable":true,"href":"https:\/\/as-schwabe.de\/pl\/wp-json\/wp\/v2\/product_cat?post=33088"},{"taxonomy":"product_tag","embeddable":true,"href":"https:\/\/as-schwabe.de\/pl\/wp-json\/wp\/v2\/product_tag?post=33088"}],"curies":[{"name":"wp","href":"https:\/\/api.w.org\/{rel}","templated":true}]}}

Naświetlacz mobilny Optiline LED 24 W &#8222;F&#8220; &#8211; 2500 lm | 846344

<p>Naświetlacz mobilny Optiline LED 24 W &#8222;F&#8220; to doskonałe rozwiązanie do oświetlenia zarówno wymagających przestrzeni roboczych, jak i domowych zastosowań. Dzięki mocy świetlnej wynoszącej 1920 lm oraz efektywności 104 lm/W, urządzenie zapewnia jasne i równomierne oświetlenie o barwie 4000K, co sprzyja komfortowi pracy. Wykonana z odpornego tworzywa sztucznego obudowa w kolorze czarno-niebieskim charakteryzuje się wysoką odpornością na uszkodzenia mechaniczne. Naświetlacz wyposażony jest w praktyczne gniazdo z klapką oraz port USB, co umożliwia jednoczesne zasilanie innych urządzeń. Przewód zasilający o długości 3 metrów z wtyczką IP44 H07RN-F sprawia, że produkt jest łatwy w ustawieniu i bezpieczny w użytkowaniu w różnych warunkach. Wyłącznik umożliwia szybkie i wygodne włączanie oraz wyłączanie urządzenia, co zwiększa komfort jego użytkowania.</p>

<div class="icons" style="display: flex; flex-wrap: wrap; gap: 5px; align-items: center; margin-top: 10px;"><img decoding="async" src="https://as-schwabe.de/wp-content/uploads/ikony/znak_FR.png" alt="" width="50" height="50" /><img decoding="async" src="https://as-schwabe.de/wp-content/uploads/ikony/znak_CE.png" alt="" width="50" height="50" /><img decoding="async" src="https://as-schwabe.de/wp-content/uploads/ikony/znak_IP54.png" alt="" width="50" height="50" /><img loading="lazy" decoding="async" src="https://as-schwabe.de/wp-content/uploads/ikony/znak_LED.png" alt="" width="50" height="50" /><img loading="lazy" decoding="async" src="https://as-schwabe.de/wp-content/uploads/ikony/znak_Z.png" alt="" width="50" height="50" /><img loading="lazy" decoding="async" src="https://as-schwabe.de/wp-content/uploads/ikony/znak_D.png" alt="" width="50" height="50" /></div>
<ul>
<li>diody LED o żywotności ponad 40 000 h </li>
<li>temperatura barwowa: 4000 K (neutralna biel) </li>
<li>kąt rozsyłu światła diody LED: 100° </li>
<li>współczynnik oddawania barw: CRI > 80 </li>
<li>z dyfuzorem wykonanym z poliwęglanu </li>
<li>wyjątkowo wąska obudowa reflektora wykonana ze specjalnego tworzywa sztucznego z blokadą uchwytu mocującego </li>
<li>podłączenie: 220-240 V/50 Hz </li>
<li>3 m przewód neoprenowy H07RN-F 3G1,5 z wtyczką z uziemieniem </li>
<li>IP54: odporny na kurz i bryzgi wody </li>
<li>1x gniazdo z uziemieniem i uchylną klapką </li>
<li>wyjście USB: 5 V, 1,0 A </li>
<li>z włącznikiem</li>
</ul>
