{"id":32967,"date":"2025-09-26T23:38:00","date_gmt":"2025-09-26T23:38:00","guid":{"rendered":"https:\/\/as-schwabe.de\/?post_type=product&#038;p=32967"},"modified":"2025-10-23T00:19:46","modified_gmt":"2025-10-23T00:19:46","slug":"przewodnik-przylaczeniowy-z-wtyczka-katowa-do-zelazka-h03rt-f-87202","status":"publish","type":"product","link":"https:\/\/as-schwabe.de\/pl\/produkt\/przewodnik-przylaczeniowy-z-wtyczka-katowa-do-zelazka-h03rt-f-87202\/","title":{"rendered":"Przew\u00f3d przy\u0142\u0105czeniowy z wtyczk\u0105 k\u0105tow\u0105 do \u017celazka 3 m H03RT-F 3G1,0 | 87202"},"content":{"rendered":"<p>Przew\u00f3d przy\u0142\u0105czeniowy z wtyczk\u0105 k\u0105tow\u0105 do \u017celazka H03RT-F 3G1,0 o d\u0142ugo\u015bci 3 metr\u00f3w to doskona\u0142e rozwi\u0105zanie dla ka\u017cdego, kto ceni sobie wygod\u0119 i niezawodno\u015b\u0107 w codziennym u\u017cytkowaniu sprz\u0119tu AGD. Wtyczka k\u0105towa IP20, przystosowana do pracy z napi\u0119ciem 230 V i nat\u0119\u017ceniem 16 A, zapewnia stabilne po\u0142\u0105czenie, co pozwala na bezpieczne zasilanie \u017celazka. Dzi\u0119ki odizolowaniu na 30 mm z tulejkami, przew\u00f3d gwarantuje \u0142atwo\u015b\u0107 pod\u0142\u0105czenia oraz wysok\u0105 jako\u015b\u0107 u\u017cytkowania. Produkt jest przeznaczony do zastosowa\u0144 wewn\u0119trznych, co sprawia, \u017ce jest idealnym wyborem do u\u017cytku domowego. Jego czarno-bia\u0142a kolorystyka wpisa\u0107 si\u0119 mo\u017ce w r\u00f3\u017cnorodne wn\u0119trza, podkre\u015blaj\u0105c nowoczesny design.<\/p>","protected":false},"excerpt":{"rendered":"<div class=\"icons\" style=\"display: flex; flex-wrap: wrap; gap: 5px; align-items: center; margin-top: 10px;\"><img decoding=\"async\" src=\"https:\/\/as-schwabe.de\/wp-content\/uploads\/ikony\/znak_CE.png\" alt=\"\" width=\"50\" height=\"50\" \/><img decoding=\"async\" src=\"https:\/\/as-schwabe.de\/wp-content\/uploads\/ikony\/znak_IP20.png\" alt=\"\" width=\"50\" height=\"50\" \/><img decoding=\"async\" src=\"https:\/\/as-schwabe.de\/wp-content\/uploads\/ikony\/znak_D.png\" alt=\"\" width=\"50\" height=\"50\" \/><\/div>\n<ul>\n<li>IP20: do u\u017cytku wewn\u0105trz pomieszcze\u0144 <\/li>\n<li>do \u017celazka <\/li>\n<li>wtyczka: 2P+Z k\u0105towa z uziemieniem <\/li>\n<li>os\u0142ona zewn\u0119trzna kabla jest wykonana w oplocie tekstylnym <\/li>\n<li>230 V, 10 A<\/li>\n<\/ul>","protected":false},"featured_media":32122,"template":"","meta":{"inline_featured_image":false},"genre":[509],"product_cat":[507,570],"product_tag":[],"class_list":{"0":"post-32967","1":"product","2":"type-product","3":"status-publish","4":"has-post-thumbnail","6":"product_brand-as-schwabe-pl","7":"product_cat-przewody-przylaczeniowe-2-pl","8":"product_cat-przewody-przylaczeniowe-z-wtyczka-pl","10":"first","11":"instock","12":"shipping-taxable","13":"product-type-simple"},"aioseo_notices":[],"_links":{"self":[{"href":"https:\/\/as-schwabe.de\/pl\/wp-json\/wp\/v2\/product\/32967","targetHints":{"allow":["GET"]}}],"collection":[{"href":"https:\/\/as-schwabe.de\/pl\/wp-json\/wp\/v2\/product"}],"about":[{"href":"https:\/\/as-schwabe.de\/pl\/wp-json\/wp\/v2\/types\/product"}],"version-history":[{"count":0,"href":"https:\/\/as-schwabe.de\/pl\/wp-json\/wp\/v2\/product\/32967\/revisions"}],"wp:featuredmedia":[{"embeddable":true,"href":"https:\/\/as-schwabe.de\/pl\/wp-json\/wp\/v2\/media\/32122"}],"wp:attachment":[{"href":"https:\/\/as-schwabe.de\/pl\/wp-json\/wp\/v2\/media?parent=32967"}],"wp:term":[{"taxonomy":"product_brand","embeddable":true,"href":"https:\/\/as-schwabe.de\/pl\/wp-json\/wp\/v2\/genre?post=32967"},{"taxonomy":"product_cat","embeddable":true,"href":"https:\/\/as-schwabe.de\/pl\/wp-json\/wp\/v2\/product_cat?post=32967"},{"taxonomy":"product_tag","embeddable":true,"href":"https:\/\/as-schwabe.de\/pl\/wp-json\/wp\/v2\/product_tag?post=32967"}],"curies":[{"name":"wp","href":"https:\/\/api.w.org\/{rel}","templated":true}]}}

Przewód przyłączeniowy z wtyczką kątową do żelazka 3 m H03RT-F 3G1,0 | 87202

<p>Przewód przyłączeniowy z wtyczką kątową do żelazka H03RT-F 3G1,0 o długości 3 metrów to doskonałe rozwiązanie dla każdego, kto ceni sobie wygodę i niezawodność w codziennym użytkowaniu sprzętu AGD. Wtyczka kątowa IP20, przystosowana do pracy z napięciem 230 V i natężeniem 16 A, zapewnia stabilne połączenie, co pozwala na bezpieczne zasilanie żelazka. Dzięki odizolowaniu na 30 mm z tulejkami, przewód gwarantuje łatwość podłączenia oraz wysoką jakość użytkowania. Produkt jest przeznaczony do zastosowań wewnętrznych, co sprawia, że jest idealnym wyborem do użytku domowego. Jego czarno-biała kolorystyka wpisać się może w różnorodne wnętrza, podkreślając nowoczesny design.</p>

<div class="icons" style="display: flex; flex-wrap: wrap; gap: 5px; align-items: center; margin-top: 10px;"><img decoding="async" src="https://as-schwabe.de/wp-content/uploads/ikony/znak_CE.png" alt="" width="50" height="50" /><img decoding="async" src="https://as-schwabe.de/wp-content/uploads/ikony/znak_IP20.png" alt="" width="50" height="50" /><img decoding="async" src="https://as-schwabe.de/wp-content/uploads/ikony/znak_D.png" alt="" width="50" height="50" /></div>
<ul>
<li>IP20: do użytku wewnątrz pomieszczeń </li>
<li>do żelazka </li>
<li>wtyczka: 2P+Z kątowa z uziemieniem </li>
<li>osłona zewnętrzna kabla jest wykonana w oplocie tekstylnym </li>
<li>230 V, 10 A</li>
</ul>
