{"id":32914,"date":"2025-09-26T23:37:34","date_gmt":"2025-09-26T23:37:34","guid":{"rendered":"https:\/\/as-schwabe.de\/?post_type=product&#038;p=32914"},"modified":"2025-10-23T00:19:36","modified_gmt":"2025-10-23T00:19:36","slug":"przewod-zasilajacy-euro-c7-cza-h03vvh2-f-2x075-3-m-70883","status":"publish","type":"product","link":"https:\/\/as-schwabe.de\/pl\/produkt\/przewod-zasilajacy-euro-c7-cza-h03vvh2-f-2x075-3-m-70883\/","title":{"rendered":"Przew\u00f3d zasilaj\u0105cy z wtyczk\u0105 Euro i gniazdem C7 230 V, 2,5 A, 3 m H03VVH2-F 2&#215;0,75 CZA | 70883"},"content":{"rendered":"<p>Przew\u00f3d zasilaj\u0105cy z wtyczk\u0105 Euro i gniazdem C7 o napi\u0119ciu 230 V o maksymalnym nat\u0119\u017ceniu 2,5 A to niezawodne rozwi\u0105zanie dla wszelkich urz\u0105dze\u0144 elektronicznych w pomieszczeniach. Wykonany z wysokiej jako\u015bci materia\u0142\u00f3w, przew\u00f3d H03VVH2-F 2&#215;0,75 czarny o d\u0142ugo\u015bci 3 metr\u00f3w zapewnia doskona\u0142\u0105 elastyczno\u015b\u0107 oraz odporno\u015b\u0107 na uszkodzenia mechaniczne. Z norm\u0105 IP20, jest odpowiedni do zastosowa\u0144 wewn\u0119trznych, co czyni go idealnym wyborem do biur, mieszka\u0144 oraz miejsc publicznych. Dzi\u0119ki zastosowaniu standardowych wtyczek, przew\u00f3d jest kompatybilny z szerok\u0105 gam\u0105 urz\u0105dze\u0144, co zwi\u0119ksza jego funkcjonalno\u015b\u0107 i wygod\u0119 u\u017cytkowania. Idealny dla u\u017cytkownik\u00f3w poszukuj\u0105cych wysokiej jako\u015bci i niezawodno\u015bci w codziennym u\u017cytkowaniu.<\/p>","protected":false},"excerpt":{"rendered":"<div class=\"icons\" style=\"display: flex; flex-wrap: wrap; gap: 5px; align-items: center; margin-top: 10px;\"><img decoding=\"async\" src=\"https:\/\/as-schwabe.de\/wp-content\/uploads\/ikony\/znak_CE.png\" alt=\"\" width=\"50\" height=\"50\" \/><img decoding=\"async\" src=\"https:\/\/as-schwabe.de\/wp-content\/uploads\/ikony\/znak_IP20.png\" alt=\"\" width=\"50\" height=\"50\" \/><img decoding=\"async\" src=\"https:\/\/as-schwabe.de\/wp-content\/uploads\/ikony\/znak_D.png\" alt=\"\" width=\"50\" height=\"50\" \/><\/div>\n<ul>\n<li>IP20: do u\u017cytku wewn\u0105trz pomieszcze\u0144 <\/li>\n<li>z gniazdem k\u0105towym do ma\u0142ych urz\u0105dze\u0144 typu C7 \u2013 \u00f3semka <\/li>\n<li>wtyczka: 2P\/II Euro <\/li>\n<li>230 V, 2,5 A<\/li>\n<\/ul>","protected":false},"featured_media":32071,"template":"","meta":{"inline_featured_image":false},"genre":[509],"product_cat":[507,570],"product_tag":[],"class_list":{"0":"post-32914","1":"product","2":"type-product","3":"status-publish","4":"has-post-thumbnail","6":"product_brand-as-schwabe-pl","7":"product_cat-przewody-przylaczeniowe-2-pl","8":"product_cat-przewody-przylaczeniowe-z-wtyczka-pl","10":"first","11":"instock","12":"shipping-taxable","13":"product-type-simple"},"aioseo_notices":[],"_links":{"self":[{"href":"https:\/\/as-schwabe.de\/pl\/wp-json\/wp\/v2\/product\/32914","targetHints":{"allow":["GET"]}}],"collection":[{"href":"https:\/\/as-schwabe.de\/pl\/wp-json\/wp\/v2\/product"}],"about":[{"href":"https:\/\/as-schwabe.de\/pl\/wp-json\/wp\/v2\/types\/product"}],"version-history":[{"count":0,"href":"https:\/\/as-schwabe.de\/pl\/wp-json\/wp\/v2\/product\/32914\/revisions"}],"wp:featuredmedia":[{"embeddable":true,"href":"https:\/\/as-schwabe.de\/pl\/wp-json\/wp\/v2\/media\/32071"}],"wp:attachment":[{"href":"https:\/\/as-schwabe.de\/pl\/wp-json\/wp\/v2\/media?parent=32914"}],"wp:term":[{"taxonomy":"product_brand","embeddable":true,"href":"https:\/\/as-schwabe.de\/pl\/wp-json\/wp\/v2\/genre?post=32914"},{"taxonomy":"product_cat","embeddable":true,"href":"https:\/\/as-schwabe.de\/pl\/wp-json\/wp\/v2\/product_cat?post=32914"},{"taxonomy":"product_tag","embeddable":true,"href":"https:\/\/as-schwabe.de\/pl\/wp-json\/wp\/v2\/product_tag?post=32914"}],"curies":[{"name":"wp","href":"https:\/\/api.w.org\/{rel}","templated":true}]}}

Przewód zasilający z wtyczką Euro i gniazdem C7 230 V, 2,5 A, 3 m H03VVH2-F 2&#215;0,75 CZA | 70883

<p>Przewód zasilający z wtyczką Euro i gniazdem C7 o napięciu 230 V o maksymalnym natężeniu 2,5 A to niezawodne rozwiązanie dla wszelkich urządzeń elektronicznych w pomieszczeniach. Wykonany z wysokiej jakości materiałów, przewód H03VVH2-F 2&#215;0,75 czarny o długości 3 metrów zapewnia doskonałą elastyczność oraz odporność na uszkodzenia mechaniczne. Z normą IP20, jest odpowiedni do zastosowań wewnętrznych, co czyni go idealnym wyborem do biur, mieszkań oraz miejsc publicznych. Dzięki zastosowaniu standardowych wtyczek, przewód jest kompatybilny z szeroką gamą urządzeń, co zwiększa jego funkcjonalność i wygodę użytkowania. Idealny dla użytkowników poszukujących wysokiej jakości i niezawodności w codziennym użytkowaniu.</p>

<div class="icons" style="display: flex; flex-wrap: wrap; gap: 5px; align-items: center; margin-top: 10px;"><img decoding="async" src="https://as-schwabe.de/wp-content/uploads/ikony/znak_CE.png" alt="" width="50" height="50" /><img decoding="async" src="https://as-schwabe.de/wp-content/uploads/ikony/znak_IP20.png" alt="" width="50" height="50" /><img decoding="async" src="https://as-schwabe.de/wp-content/uploads/ikony/znak_D.png" alt="" width="50" height="50" /></div>
<ul>
<li>IP20: do użytku wewnątrz pomieszczeń </li>
<li>z gniazdem kątowym do małych urządzeń typu C7 – ósemka </li>
<li>wtyczka: 2P/II Euro </li>
<li>230 V, 2,5 A</li>
</ul>
