{"id":32913,"date":"2025-09-26T23:37:34","date_gmt":"2025-09-26T23:37:34","guid":{"rendered":"https:\/\/as-schwabe.de\/?post_type=product&#038;p=32913"},"modified":"2025-10-23T00:19:36","modified_gmt":"2025-10-23T00:19:36","slug":"przewod-zasilajacy-euro-c7-bia-h03vvh2-f-2x075-3-m-70882","status":"publish","type":"product","link":"https:\/\/as-schwabe.de\/pl\/produkt\/przewod-zasilajacy-euro-c7-bia-h03vvh2-f-2x075-3-m-70882\/","title":{"rendered":"Przew\u00f3d zasilaj\u0105cy z wtyczk\u0105 Euro i gniazdem C7 230 V, 2,5 A, 3 m H03VVH2-F 2&#215;0,75 BIA | 70882"},"content":{"rendered":"<p>Przew\u00f3d zasilaj\u0105cy z wtyczk\u0105 Euro i gniazdem C7 230 V, 2,5 A, stanowi niezawodne rozwi\u0105zanie do zasilania urz\u0105dze\u0144 elektronicznych w warunkach domowych i biurowych. Wykonany z wysokiej jako\u015bci materia\u0142\u00f3w, przew\u00f3d H03VVH2-F 2&#215;0,75 mm\u00b2, w kolorze bia\u0142ym, zapewnia nie tylko estetyczny wygl\u0105d, ale tak\u017ce trwa\u0142o\u015b\u0107 i bezpiecze\u0144stwo u\u017cytkowania. Dzi\u0119ki d\u0142ugo\u015bci 3 metr\u00f3w, jest idealny do u\u017cytku wewn\u0119trznego, umo\u017cliwiaj\u0105c swobodne pod\u0142\u0105czenie urz\u0105dze\u0144 w r\u00f3\u017cnych konfiguracjach pomieszcze\u0144. Klasa ochrony IP20 chroni przew\u00f3d przed wp\u0142ywem cia\u0142 sta\u0142ych, co czyni go doskona\u0142ym wyborem do zastosowa\u0144 w suchych \u015brodowiskach. Wybieraj\u0105c ten przew\u00f3d, zyskujesz pewno\u015b\u0107 stabilnego zasilania oraz komfort u\u017cytkowania w codziennych zadaniach.<\/p>","protected":false},"excerpt":{"rendered":"<div class=\"icons\" style=\"display: flex; flex-wrap: wrap; gap: 5px; align-items: center; margin-top: 10px;\"><img decoding=\"async\" src=\"https:\/\/as-schwabe.de\/wp-content\/uploads\/ikony\/znak_CE.png\" alt=\"\" width=\"50\" height=\"50\" \/><img decoding=\"async\" src=\"https:\/\/as-schwabe.de\/wp-content\/uploads\/ikony\/znak_IP20.png\" alt=\"\" width=\"50\" height=\"50\" \/><img decoding=\"async\" src=\"https:\/\/as-schwabe.de\/wp-content\/uploads\/ikony\/znak_D.png\" alt=\"\" width=\"50\" height=\"50\" \/><\/div>\n<ul>\n<li>IP20: do u\u017cytku wewn\u0105trz pomieszcze\u0144 <\/li>\n<li>z gniazdem k\u0105towym do ma\u0142ych urz\u0105dze\u0144 typu C7 \u2013 \u00f3semka <\/li>\n<li>wtyczka: 2P\/II Euro <\/li>\n<li>230 V, 2,5 A<\/li>\n<\/ul>","protected":false},"featured_media":32072,"template":"","meta":{"inline_featured_image":false},"genre":[509],"product_cat":[507,570],"product_tag":[],"class_list":{"0":"post-32913","1":"product","2":"type-product","3":"status-publish","4":"has-post-thumbnail","6":"product_brand-as-schwabe-pl","7":"product_cat-przewody-przylaczeniowe-2-pl","8":"product_cat-przewody-przylaczeniowe-z-wtyczka-pl","10":"first","11":"instock","12":"shipping-taxable","13":"product-type-simple"},"aioseo_notices":[],"_links":{"self":[{"href":"https:\/\/as-schwabe.de\/pl\/wp-json\/wp\/v2\/product\/32913","targetHints":{"allow":["GET"]}}],"collection":[{"href":"https:\/\/as-schwabe.de\/pl\/wp-json\/wp\/v2\/product"}],"about":[{"href":"https:\/\/as-schwabe.de\/pl\/wp-json\/wp\/v2\/types\/product"}],"version-history":[{"count":0,"href":"https:\/\/as-schwabe.de\/pl\/wp-json\/wp\/v2\/product\/32913\/revisions"}],"wp:featuredmedia":[{"embeddable":true,"href":"https:\/\/as-schwabe.de\/pl\/wp-json\/wp\/v2\/media\/32072"}],"wp:attachment":[{"href":"https:\/\/as-schwabe.de\/pl\/wp-json\/wp\/v2\/media?parent=32913"}],"wp:term":[{"taxonomy":"product_brand","embeddable":true,"href":"https:\/\/as-schwabe.de\/pl\/wp-json\/wp\/v2\/genre?post=32913"},{"taxonomy":"product_cat","embeddable":true,"href":"https:\/\/as-schwabe.de\/pl\/wp-json\/wp\/v2\/product_cat?post=32913"},{"taxonomy":"product_tag","embeddable":true,"href":"https:\/\/as-schwabe.de\/pl\/wp-json\/wp\/v2\/product_tag?post=32913"}],"curies":[{"name":"wp","href":"https:\/\/api.w.org\/{rel}","templated":true}]}}

Przewód zasilający z wtyczką Euro i gniazdem C7 230 V, 2,5 A, 3 m H03VVH2-F 2&#215;0,75 BIA | 70882

<p>Przewód zasilający z wtyczką Euro i gniazdem C7 230 V, 2,5 A, stanowi niezawodne rozwiązanie do zasilania urządzeń elektronicznych w warunkach domowych i biurowych. Wykonany z wysokiej jakości materiałów, przewód H03VVH2-F 2&#215;0,75 mm², w kolorze białym, zapewnia nie tylko estetyczny wygląd, ale także trwałość i bezpieczeństwo użytkowania. Dzięki długości 3 metrów, jest idealny do użytku wewnętrznego, umożliwiając swobodne podłączenie urządzeń w różnych konfiguracjach pomieszczeń. Klasa ochrony IP20 chroni przewód przed wpływem ciał stałych, co czyni go doskonałym wyborem do zastosowań w suchych środowiskach. Wybierając ten przewód, zyskujesz pewność stabilnego zasilania oraz komfort użytkowania w codziennych zadaniach.</p>

<div class="icons" style="display: flex; flex-wrap: wrap; gap: 5px; align-items: center; margin-top: 10px;"><img decoding="async" src="https://as-schwabe.de/wp-content/uploads/ikony/znak_CE.png" alt="" width="50" height="50" /><img decoding="async" src="https://as-schwabe.de/wp-content/uploads/ikony/znak_IP20.png" alt="" width="50" height="50" /><img decoding="async" src="https://as-schwabe.de/wp-content/uploads/ikony/znak_D.png" alt="" width="50" height="50" /></div>
<ul>
<li>IP20: do użytku wewnątrz pomieszczeń </li>
<li>z gniazdem kątowym do małych urządzeń typu C7 – ósemka </li>
<li>wtyczka: 2P/II Euro </li>
<li>230 V, 2,5 A</li>
</ul>
