{"id":32904,"date":"2025-09-26T23:37:32","date_gmt":"2025-09-26T23:37:32","guid":{"rendered":"https:\/\/as-schwabe.de\/?post_type=product&#038;p=32904"},"modified":"2025-10-23T00:19:33","modified_gmt":"2025-10-23T00:19:33","slug":"przewodnik-przylaczeniowy-z-wtyczka-katowa-cza-h05vv-f-3g15-2m-70839","status":"publish","type":"product","link":"https:\/\/as-schwabe.de\/pl\/produkt\/przewodnik-przylaczeniowy-z-wtyczka-katowa-cza-h05vv-f-3g15-2m-70839\/","title":{"rendered":"Przew\u00f3d przy\u0142\u0105czeniowy z wtyczk\u0105 k\u0105tow\u0105 CZA 2 m H05VV-F 3G1,5 | 70839"},"content":{"rendered":"<p>Przew\u00f3d przy\u0142\u0105czeniowy z wtyczk\u0105 k\u0105tow\u0105 H05VV-F 3G1,5 o d\u0142ugo\u015bci 2 metr\u00f3w to wysokiej jako\u015bci produkt przeznaczony do u\u017cytku wewn\u0119trznego. Wyposa\u017cony w wtyczk\u0119 k\u0105tow\u0105 o klasie ochronno\u015bci IP20, umo\u017cliwia bezpieczne pod\u0142\u0105czenie urz\u0105dze\u0144 elektrycznych w pomieszczeniach, obs\u0142uguj\u0105c napi\u0119cie do 230 V oraz pr\u0105d do 16 A. Przew\u00f3d dysponuje odizolowaniem na 30 mm z tulejkami, co zapewnia \u0142atwo\u015b\u0107 w instalacji oraz solidne po\u0142\u0105czeni. Dzi\u0119ki zastosowaniu materia\u0142\u00f3w wysokiej jako\u015bci, produkt charakteryzuje si\u0119 du\u017c\u0105 trwa\u0142o\u015bci\u0105 oraz niezawodno\u015bci\u0105 w codziennym u\u017cytkowaniu. Idealny do u\u017cytku z r\u00f3\u017cnymi urz\u0105dzeniami domowymi, oferuje wygod\u0119 oraz efektywno\u015b\u0107 w codziennych zastosowaniach elektrycznych.<\/p>","protected":false},"excerpt":{"rendered":"<div class=\"icons\" style=\"display: flex; flex-wrap: wrap; gap: 5px; align-items: center; margin-top: 10px;\"><img decoding=\"async\" src=\"https:\/\/as-schwabe.de\/wp-content\/uploads\/ikony\/znak_CE.png\" alt=\"\" width=\"50\" height=\"50\" \/><img decoding=\"async\" src=\"https:\/\/as-schwabe.de\/wp-content\/uploads\/ikony\/znak_IP20.png\" alt=\"\" width=\"50\" height=\"50\" \/><img decoding=\"async\" src=\"https:\/\/as-schwabe.de\/wp-content\/uploads\/ikony\/znak_D.png\" alt=\"\" width=\"50\" height=\"50\" \/><\/div>\n<ul>\n<li>IP20: do u\u017cytku wewn\u0105trz pomieszcze\u0144  <\/li>\n<li>wtyczka: 2P+Z k\u0105towa z uziemieniem <\/li>\n<li>230 V, 10 A<\/li>\n<\/ul>","protected":false},"featured_media":32052,"template":"","meta":{"inline_featured_image":false},"genre":[509],"product_cat":[507,570],"product_tag":[],"class_list":{"0":"post-32904","1":"product","2":"type-product","3":"status-publish","4":"has-post-thumbnail","6":"product_brand-as-schwabe-pl","7":"product_cat-przewody-przylaczeniowe-2-pl","8":"product_cat-przewody-przylaczeniowe-z-wtyczka-pl","10":"first","11":"instock","12":"shipping-taxable","13":"product-type-simple"},"aioseo_notices":[],"_links":{"self":[{"href":"https:\/\/as-schwabe.de\/pl\/wp-json\/wp\/v2\/product\/32904","targetHints":{"allow":["GET"]}}],"collection":[{"href":"https:\/\/as-schwabe.de\/pl\/wp-json\/wp\/v2\/product"}],"about":[{"href":"https:\/\/as-schwabe.de\/pl\/wp-json\/wp\/v2\/types\/product"}],"version-history":[{"count":0,"href":"https:\/\/as-schwabe.de\/pl\/wp-json\/wp\/v2\/product\/32904\/revisions"}],"wp:featuredmedia":[{"embeddable":true,"href":"https:\/\/as-schwabe.de\/pl\/wp-json\/wp\/v2\/media\/32052"}],"wp:attachment":[{"href":"https:\/\/as-schwabe.de\/pl\/wp-json\/wp\/v2\/media?parent=32904"}],"wp:term":[{"taxonomy":"product_brand","embeddable":true,"href":"https:\/\/as-schwabe.de\/pl\/wp-json\/wp\/v2\/genre?post=32904"},{"taxonomy":"product_cat","embeddable":true,"href":"https:\/\/as-schwabe.de\/pl\/wp-json\/wp\/v2\/product_cat?post=32904"},{"taxonomy":"product_tag","embeddable":true,"href":"https:\/\/as-schwabe.de\/pl\/wp-json\/wp\/v2\/product_tag?post=32904"}],"curies":[{"name":"wp","href":"https:\/\/api.w.org\/{rel}","templated":true}]}}

Przewód przyłączeniowy z wtyczką kątową CZA 2 m H05VV-F 3G1,5 | 70839

<p>Przewód przyłączeniowy z wtyczką kątową H05VV-F 3G1,5 o długości 2 metrów to wysokiej jakości produkt przeznaczony do użytku wewnętrznego. Wyposażony w wtyczkę kątową o klasie ochronności IP20, umożliwia bezpieczne podłączenie urządzeń elektrycznych w pomieszczeniach, obsługując napięcie do 230 V oraz prąd do 16 A. Przewód dysponuje odizolowaniem na 30 mm z tulejkami, co zapewnia łatwość w instalacji oraz solidne połączeni. Dzięki zastosowaniu materiałów wysokiej jakości, produkt charakteryzuje się dużą trwałością oraz niezawodnością w codziennym użytkowaniu. Idealny do użytku z różnymi urządzeniami domowymi, oferuje wygodę oraz efektywność w codziennych zastosowaniach elektrycznych.</p>

<div class="icons" style="display: flex; flex-wrap: wrap; gap: 5px; align-items: center; margin-top: 10px;"><img decoding="async" src="https://as-schwabe.de/wp-content/uploads/ikony/znak_CE.png" alt="" width="50" height="50" /><img decoding="async" src="https://as-schwabe.de/wp-content/uploads/ikony/znak_IP20.png" alt="" width="50" height="50" /><img decoding="async" src="https://as-schwabe.de/wp-content/uploads/ikony/znak_D.png" alt="" width="50" height="50" /></div>
<ul>
<li>IP20: do użytku wewnątrz pomieszczeń  </li>
<li>wtyczka: 2P+Z kątowa z uziemieniem </li>
<li>230 V, 10 A</li>
</ul>
