{"id":32655,"date":"2025-09-26T23:35:19","date_gmt":"2025-09-26T23:35:19","guid":{"rendered":"https:\/\/as-schwabe.de\/produkt\/wtyczka-schukoultra-pro-230-v-16-a-2pz-czerwono-czarna-62233\/"},"modified":"2025-10-23T00:18:33","modified_gmt":"2025-10-23T00:18:33","slug":"wtyczka-schukoultra-pro-230-v-16-a-2pz-czerwono-czarna-62233","status":"publish","type":"product","link":"https:\/\/as-schwabe.de\/pl\/produkt\/wtyczka-schukoultra-pro-230-v-16-a-2pz-czerwono-czarna-62233\/","title":{"rendered":"Wtyczka SCHUKOultra Pro 230 V, 16 A, 2P+Z CZE-CZA IP54 | 62233"},"content":{"rendered":"<p>Wtyczka SCHUKOultra Pro 230 V, 16 A, 2P+Z w kolorze czerwono-czarnym to solidne i niezawodne rozwi\u0105zanie, idealne do u\u017cytku zewn\u0119trznego oraz na placach budowy. Dzi\u0119ki maksymalnej obs\u0142udze kabla do 2,5 mm\u00b2 oraz dwukomponentowej obudowie, zapewnia wysok\u0105 elastyczno\u015b\u0107 i trwa\u0142o\u015b\u0107 w trudnych warunkach. Klasa ochrony IP54 gwarantuje odporno\u015b\u0107 na py\u0142 i zachlapania, co czyni j\u0105 odpowiedni\u0105 nawet w niekorzystnych warunkach atmosferycznych. Wtyczka ta \u0142\u0105czy w sobie ergonomiczny design z wysok\u0105 jako\u015bci\u0105 wykonania, co przek\u0142ada si\u0119 na bezpiecze\u0144stwo oraz komfort u\u017cytkowania.<\/p>","protected":false},"excerpt":{"rendered":"<div class=\"icons\" style=\"display: flex; flex-wrap: wrap; gap: 5px; align-items: center; margin-top: 10px;\"><img decoding=\"async\" src=\"https:\/\/as-schwabe.de\/wp-content\/uploads\/ikony\/znak_IP54.png\" alt=\"\" width=\"50\" height=\"50\" \/><img decoding=\"async\" src=\"https:\/\/as-schwabe.de\/wp-content\/uploads\/ikony\/znak_PB.png\" alt=\"\" width=\"50\" height=\"50\" \/><img decoding=\"async\" src=\"https:\/\/as-schwabe.de\/wp-content\/uploads\/ikony\/znak_Z.png\" alt=\"\" width=\"50\" height=\"50\" \/><img loading=\"lazy\" decoding=\"async\" src=\"https:\/\/as-schwabe.de\/wp-content\/uploads\/ikony\/znak_D.png\" alt=\"\" width=\"50\" height=\"50\" \/><img loading=\"lazy\" decoding=\"async\" src=\"https:\/\/as-schwabe.de\/wp-content\/uploads\/ikony\/znak_DE.png\" alt=\"\" width=\"50\" height=\"40\" \/><\/div>\n<ul>\n<li>wtyczka <\/li>\n<li>dzi\u0119ki zastosowaniu wysokowydajnych tworzyw sztucznych, takich jak elamid, seria SCHUKOultra Pro nadaje si\u0119 do trudnych zastosowa\u0144 na placach budowy<\/li>\n<li> technologia dwusk\u0142adnikowa sprawia, \u017ce seria SCHUKOultra Pro jest szczeg\u00f3lnie przyczepna i antypo\u015blizgowa <\/li>\n<li>do pod\u0142\u0105czenia kabli o maksymalnym przekroju 3x 2,5 mm2 <\/li>\n<li>IP54: odporny na kurz i zachlapania <\/li>\n<li>230 V, 16 A<\/li>\n<\/ul>","protected":false},"featured_media":31674,"template":"","meta":{"inline_featured_image":false},"genre":[509],"product_cat":[523,524],"product_tag":[],"class_list":{"0":"post-32655","1":"product","2":"type-product","3":"status-publish","4":"has-post-thumbnail","6":"product_brand-as-schwabe-pl","7":"product_cat-produkty-do-samodzielnego-montazu-pl","8":"product_cat-wtyczki-i-gniazda-z-uziemieniem-pl","10":"first","11":"instock","12":"shipping-taxable","13":"product-type-simple"},"aioseo_notices":[],"_links":{"self":[{"href":"https:\/\/as-schwabe.de\/pl\/wp-json\/wp\/v2\/product\/32655","targetHints":{"allow":["GET"]}}],"collection":[{"href":"https:\/\/as-schwabe.de\/pl\/wp-json\/wp\/v2\/product"}],"about":[{"href":"https:\/\/as-schwabe.de\/pl\/wp-json\/wp\/v2\/types\/product"}],"version-history":[{"count":0,"href":"https:\/\/as-schwabe.de\/pl\/wp-json\/wp\/v2\/product\/32655\/revisions"}],"wp:featuredmedia":[{"embeddable":true,"href":"https:\/\/as-schwabe.de\/pl\/wp-json\/wp\/v2\/media\/31674"}],"wp:attachment":[{"href":"https:\/\/as-schwabe.de\/pl\/wp-json\/wp\/v2\/media?parent=32655"}],"wp:term":[{"taxonomy":"product_brand","embeddable":true,"href":"https:\/\/as-schwabe.de\/pl\/wp-json\/wp\/v2\/genre?post=32655"},{"taxonomy":"product_cat","embeddable":true,"href":"https:\/\/as-schwabe.de\/pl\/wp-json\/wp\/v2\/product_cat?post=32655"},{"taxonomy":"product_tag","embeddable":true,"href":"https:\/\/as-schwabe.de\/pl\/wp-json\/wp\/v2\/product_tag?post=32655"}],"curies":[{"name":"wp","href":"https:\/\/api.w.org\/{rel}","templated":true}]}}

<p>Wtyczka SCHUKOultra Pro 230 V, 16 A, 2P+Z w kolorze czerwono-czarnym to solidne i niezawodne rozwiązanie, idealne do użytku zewnętrznego oraz na placach budowy. Dzięki maksymalnej obsłudze kabla do 2,5 mm² oraz dwukomponentowej obudowie, zapewnia wysoką elastyczność i trwałość w trudnych warunkach. Klasa ochrony IP54 gwarantuje odporność na pył i zachlapania, co czyni ją odpowiednią nawet w niekorzystnych warunkach atmosferycznych. Wtyczka ta łączy w sobie ergonomiczny design z wysoką jakością wykonania, co przekłada się na bezpieczeństwo oraz komfort użytkowania.</p>

<div class="icons" style="display: flex; flex-wrap: wrap; gap: 5px; align-items: center; margin-top: 10px;"><img decoding="async" src="https://as-schwabe.de/wp-content/uploads/ikony/znak_IP54.png" alt="" width="50" height="50" /><img decoding="async" src="https://as-schwabe.de/wp-content/uploads/ikony/znak_PB.png" alt="" width="50" height="50" /><img decoding="async" src="https://as-schwabe.de/wp-content/uploads/ikony/znak_Z.png" alt="" width="50" height="50" /><img loading="lazy" decoding="async" src="https://as-schwabe.de/wp-content/uploads/ikony/znak_D.png" alt="" width="50" height="50" /><img loading="lazy" decoding="async" src="https://as-schwabe.de/wp-content/uploads/ikony/znak_DE.png" alt="" width="50" height="40" /></div>
<ul>
<li>wtyczka </li>
<li>dzięki zastosowaniu wysokowydajnych tworzyw sztucznych, takich jak elamid, seria SCHUKOultra Pro nadaje się do trudnych zastosowań na placach budowy</li>
<li> technologia dwuskładnikowa sprawia, że seria SCHUKOultra Pro jest szczególnie przyczepna i antypoślizgowa </li>
<li>do podłączenia kabli o maksymalnym przekroju 3x 2,5 mm2 </li>
<li>IP54: odporny na kurz i zachlapania </li>
<li>230 V, 16 A</li>
</ul>
