{"id":32654,"date":"2025-09-26T23:35:18","date_gmt":"2025-09-26T23:35:18","guid":{"rendered":"https:\/\/as-schwabe.de\/produkt\/wtyczka-schukoultra-pro-230-v-16-a-2pz-szaro-czarna-62232\/"},"modified":"2025-10-23T00:18:32","modified_gmt":"2025-10-23T00:18:32","slug":"wtyczka-schukoultra-pro-230-v-16-a-2pz-szaro-czarna-62232","status":"publish","type":"product","link":"https:\/\/as-schwabe.de\/pl\/produkt\/wtyczka-schukoultra-pro-230-v-16-a-2pz-szaro-czarna-62232\/","title":{"rendered":"Wtyczka SCHUKOultra Pro 230 V, 16 A, 2P+Z SZA-CZA IP54 | 62232"},"content":{"rendered":"<p>Wtyczka SCHUKOultra Pro 230 V, 16 A, 2P+Z w kolorze szaro-czarnym to niezawodne rozwi\u0105zanie zaprojektowane z my\u015bl\u0105 o u\u017cytkowaniu na zewn\u0105trz oraz w trudnych warunkach budowlanych. Oferuje maksymalne obci\u0105\u017cenie 16 A oraz obs\u0142uguje przewody o przekroju do 2,5 mm\u00b2, co zapewnia doskona\u0142\u0105 wydajno\u015b\u0107 i bezpiecze\u0144stwo w u\u017cytkowaniu. Wykonana z trwa\u0142ych materia\u0142\u00f3w, wtyczka posiada 2-komponentow\u0105 obudow\u0119 oraz stopie\u0144 ochrony IP54, co gwarantuje ochron\u0119 przed wilgoci\u0105 i py\u0142em. Idealnie sprawdzi si\u0119 w zastosowaniach budowlanych, warsztatach oraz innych otwartych przestrzeniach, zapewniaj\u0105c solidne po\u0142\u0105czenia elektryczne w ka\u017cdych warunkach. Wybieraj\u0105c SCHUKOultra Pro, u\u017cytkownik zyskuje pewno\u015b\u0107 i komfort pracy, nawet w najbardziej wymagaj\u0105cych sytuacjach.<\/p>","protected":false},"excerpt":{"rendered":"<div class=\"icons\" style=\"display: flex; flex-wrap: wrap; gap: 5px; align-items: center; margin-top: 10px;\"><img decoding=\"async\" src=\"https:\/\/as-schwabe.de\/wp-content\/uploads\/ikony\/znak_IP54.png\" alt=\"\" width=\"50\" height=\"50\" \/><img decoding=\"async\" src=\"https:\/\/as-schwabe.de\/wp-content\/uploads\/ikony\/znak_PB.png\" alt=\"\" width=\"50\" height=\"50\" \/><img decoding=\"async\" src=\"https:\/\/as-schwabe.de\/wp-content\/uploads\/ikony\/znak_Z.png\" alt=\"\" width=\"50\" height=\"50\" \/><img loading=\"lazy\" decoding=\"async\" src=\"https:\/\/as-schwabe.de\/wp-content\/uploads\/ikony\/znak_D.png\" alt=\"\" width=\"50\" height=\"50\" \/><img loading=\"lazy\" decoding=\"async\" src=\"https:\/\/as-schwabe.de\/wp-content\/uploads\/ikony\/znak_DE.png\" alt=\"\" width=\"50\" height=\"40\" \/><\/div>\n<ul>\n<li>wtyczka <\/li>\n<li>dzi\u0119ki zastosowaniu wysokowydajnych tworzyw sztucznych, takich jak elamid, seria SCHUKOultra Pro nadaje si\u0119 do trudnych zastosowa\u0144 na placach budowy<\/li>\n<li> technologia dwusk\u0142adnikowa sprawia, \u017ce seria SCHUKOultra Pro jest szczeg\u00f3lnie przyczepna i antypo\u015blizgowa <\/li>\n<li>do pod\u0142\u0105czenia kabli o maksymalnym przekroju 3x 2,5 mm2 <\/li>\n<li>IP54: odporny na kurz i zachlapania <\/li>\n<li>230 V, 16 A<\/li>\n<\/ul>","protected":false},"featured_media":31666,"template":"","meta":{"inline_featured_image":false},"genre":[509],"product_cat":[523,524],"product_tag":[],"class_list":{"0":"post-32654","1":"product","2":"type-product","3":"status-publish","4":"has-post-thumbnail","6":"product_brand-as-schwabe-pl","7":"product_cat-produkty-do-samodzielnego-montazu-pl","8":"product_cat-wtyczki-i-gniazda-z-uziemieniem-pl","10":"first","11":"instock","12":"shipping-taxable","13":"product-type-simple"},"aioseo_notices":[],"_links":{"self":[{"href":"https:\/\/as-schwabe.de\/pl\/wp-json\/wp\/v2\/product\/32654","targetHints":{"allow":["GET"]}}],"collection":[{"href":"https:\/\/as-schwabe.de\/pl\/wp-json\/wp\/v2\/product"}],"about":[{"href":"https:\/\/as-schwabe.de\/pl\/wp-json\/wp\/v2\/types\/product"}],"version-history":[{"count":0,"href":"https:\/\/as-schwabe.de\/pl\/wp-json\/wp\/v2\/product\/32654\/revisions"}],"wp:featuredmedia":[{"embeddable":true,"href":"https:\/\/as-schwabe.de\/pl\/wp-json\/wp\/v2\/media\/31666"}],"wp:attachment":[{"href":"https:\/\/as-schwabe.de\/pl\/wp-json\/wp\/v2\/media?parent=32654"}],"wp:term":[{"taxonomy":"product_brand","embeddable":true,"href":"https:\/\/as-schwabe.de\/pl\/wp-json\/wp\/v2\/genre?post=32654"},{"taxonomy":"product_cat","embeddable":true,"href":"https:\/\/as-schwabe.de\/pl\/wp-json\/wp\/v2\/product_cat?post=32654"},{"taxonomy":"product_tag","embeddable":true,"href":"https:\/\/as-schwabe.de\/pl\/wp-json\/wp\/v2\/product_tag?post=32654"}],"curies":[{"name":"wp","href":"https:\/\/api.w.org\/{rel}","templated":true}]}}

<p>Wtyczka SCHUKOultra Pro 230 V, 16 A, 2P+Z w kolorze szaro-czarnym to niezawodne rozwiązanie zaprojektowane z myślą o użytkowaniu na zewnątrz oraz w trudnych warunkach budowlanych. Oferuje maksymalne obciążenie 16 A oraz obsługuje przewody o przekroju do 2,5 mm², co zapewnia doskonałą wydajność i bezpieczeństwo w użytkowaniu. Wykonana z trwałych materiałów, wtyczka posiada 2-komponentową obudowę oraz stopień ochrony IP54, co gwarantuje ochronę przed wilgocią i pyłem. Idealnie sprawdzi się w zastosowaniach budowlanych, warsztatach oraz innych otwartych przestrzeniach, zapewniając solidne połączenia elektryczne w każdych warunkach. Wybierając SCHUKOultra Pro, użytkownik zyskuje pewność i komfort pracy, nawet w najbardziej wymagających sytuacjach.</p>

<div class="icons" style="display: flex; flex-wrap: wrap; gap: 5px; align-items: center; margin-top: 10px;"><img decoding="async" src="https://as-schwabe.de/wp-content/uploads/ikony/znak_IP54.png" alt="" width="50" height="50" /><img decoding="async" src="https://as-schwabe.de/wp-content/uploads/ikony/znak_PB.png" alt="" width="50" height="50" /><img decoding="async" src="https://as-schwabe.de/wp-content/uploads/ikony/znak_Z.png" alt="" width="50" height="50" /><img loading="lazy" decoding="async" src="https://as-schwabe.de/wp-content/uploads/ikony/znak_D.png" alt="" width="50" height="50" /><img loading="lazy" decoding="async" src="https://as-schwabe.de/wp-content/uploads/ikony/znak_DE.png" alt="" width="50" height="40" /></div>
<ul>
<li>wtyczka </li>
<li>dzięki zastosowaniu wysokowydajnych tworzyw sztucznych, takich jak elamid, seria SCHUKOultra Pro nadaje się do trudnych zastosowań na placach budowy</li>
<li> technologia dwuskładnikowa sprawia, że seria SCHUKOultra Pro jest szczególnie przyczepna i antypoślizgowa </li>
<li>do podłączenia kabli o maksymalnym przekroju 3x 2,5 mm2 </li>
<li>IP54: odporny na kurz i zachlapania </li>
<li>230 V, 16 A</li>
</ul>
