{"id":30976,"date":"2025-09-26T23:04:25","date_gmt":"2025-09-26T23:04:25","guid":{"rendered":"https:\/\/as-schwabe.de\/produkt\/kabel-h07bq-f-3g25-w-krazku-230-v-16-a-pom-50-m-59441\/"},"modified":"2025-10-23T00:15:44","modified_gmt":"2025-10-23T00:15:44","slug":"kabel-h07bq-f-3g25-w-krazku-230-v-16-a-pom-50-m-59441","status":"publish","type":"product","link":"https:\/\/as-schwabe.de\/pl\/produkt\/kabel-h07bq-f-3g25-w-krazku-230-v-16-a-pom-50-m-59441\/","title":{"rendered":"Kabel 50 m H07BQ-F 3G2,5 w kr\u0105\u017cku 450\/750 V POM | 59441"},"content":{"rendered":"<p>Kabel H07BQ-F 3G2,5 w kr\u0105\u017cku o d\u0142ugo\u015bci 50 metr\u00f3w to wysoce elastyczny przew\u00f3d, idealny do u\u017cytku na zewn\u0105trz oraz w trudnych warunkach budowlanych. Dzi\u0119ki specyfice zastosowanych materia\u0142\u00f3w, kabel ten wykazuje wysok\u0105 odporno\u015b\u0107 na dzia\u0142anie czynnik\u00f3w atmosferycznych oraz mechaniczne uszkodzenia, co gwarantuje d\u0142ugotrwa\u0142e u\u017cytkowanie. Oferuje nominalne napi\u0119cie 230 V oraz pr\u0105d znamionowy 16 A, co sprawia, \u017ce jest doskona\u0142ym rozwi\u0105zaniem do zasilania narz\u0119dzi elektrycznych i urz\u0105dze\u0144 budowlanych. Jego jaskrawy pomara\u0144czowy kolor zwi\u0119ksza widoczno\u015b\u0107, co podnosi bezpiecze\u0144stwo pracy w terenie. Kabel H07BQ-F to niezawodny wyb\u00f3r dla profesjonalist\u00f3w, zapewniaj\u0105cy wysok\u0105 jako\u015b\u0107 i bezpiecze\u0144stwo u\u017cytkowania.<\/p>","protected":false},"excerpt":{"rendered":"<div class=\"icons\" style=\"display: flex; flex-wrap: wrap; gap: 5px; align-items: center; margin-top: 10px;\"><img decoding=\"async\" src=\"https:\/\/as-schwabe.de\/wp-content\/uploads\/ikony\/znak_CE.png\" alt=\"\" width=\"50\" height=\"50\" \/><img decoding=\"async\" src=\"https:\/\/as-schwabe.de\/wp-content\/uploads\/ikony\/znak_PB.png\" alt=\"\" width=\"50\" height=\"50\" \/><img decoding=\"async\" src=\"https:\/\/as-schwabe.de\/wp-content\/uploads\/ikony\/znak_Z.png\" alt=\"\" width=\"50\" height=\"50\" \/><img loading=\"lazy\" decoding=\"async\" src=\"https:\/\/as-schwabe.de\/wp-content\/uploads\/ikony\/znak_D.png\" alt=\"\" width=\"50\" height=\"50\" \/><\/div>\n<ul>\n<li>kabel w kr\u0105\u017cku H07BQ-F <\/li>\n<li>przewody przeznaczone do najwy\u017cszych obci\u0105\u017ce\u0144 mechanicznych, idealne do zastosowa\u0144 przemys\u0142owych, takich jak pod\u0142\u0105czanie maszyn i silnik\u00f3w <\/li>\n<li>produkty wykonane w Europie, spe\u0142niaj\u0105ce rygorystyczne standardy jako\u015bci<\/li>\n<li> przewody posiadaj\u0105 dodatkow\u0105 izolacj\u0119 z gumy, poliuretanu lub PCV, a tak\u017ce pow\u0142ok\u0119 neoprenow\u0105, co zwi\u0119ksza ich odporno\u015b\u0107 na uszkodzenia mechaniczne <\/li>\n<\/ul>","protected":false},"featured_media":30443,"template":"","meta":{"inline_featured_image":false},"genre":[509],"product_cat":[507,508],"product_tag":[],"class_list":{"0":"post-30976","1":"product","2":"type-product","3":"status-publish","4":"has-post-thumbnail","6":"product_brand-as-schwabe-pl","7":"product_cat-przewody-przylaczeniowe-2-pl","8":"product_cat-kable-w-krazkach-sprzedawane-na-metry-pl","10":"first","11":"instock","12":"shipping-taxable","13":"product-type-simple"},"aioseo_notices":[],"_links":{"self":[{"href":"https:\/\/as-schwabe.de\/pl\/wp-json\/wp\/v2\/product\/30976","targetHints":{"allow":["GET"]}}],"collection":[{"href":"https:\/\/as-schwabe.de\/pl\/wp-json\/wp\/v2\/product"}],"about":[{"href":"https:\/\/as-schwabe.de\/pl\/wp-json\/wp\/v2\/types\/product"}],"version-history":[{"count":0,"href":"https:\/\/as-schwabe.de\/pl\/wp-json\/wp\/v2\/product\/30976\/revisions"}],"wp:featuredmedia":[{"embeddable":true,"href":"https:\/\/as-schwabe.de\/pl\/wp-json\/wp\/v2\/media\/30443"}],"wp:attachment":[{"href":"https:\/\/as-schwabe.de\/pl\/wp-json\/wp\/v2\/media?parent=30976"}],"wp:term":[{"taxonomy":"product_brand","embeddable":true,"href":"https:\/\/as-schwabe.de\/pl\/wp-json\/wp\/v2\/genre?post=30976"},{"taxonomy":"product_cat","embeddable":true,"href":"https:\/\/as-schwabe.de\/pl\/wp-json\/wp\/v2\/product_cat?post=30976"},{"taxonomy":"product_tag","embeddable":true,"href":"https:\/\/as-schwabe.de\/pl\/wp-json\/wp\/v2\/product_tag?post=30976"}],"curies":[{"name":"wp","href":"https:\/\/api.w.org\/{rel}","templated":true}]}}

Kabel 50 m H07BQ-F 3G2,5 w krążku 450/750 V POM | 59441

<p>Kabel H07BQ-F 3G2,5 w krążku o długości 50 metrów to wysoce elastyczny przewód, idealny do użytku na zewnątrz oraz w trudnych warunkach budowlanych. Dzięki specyfice zastosowanych materiałów, kabel ten wykazuje wysoką odporność na działanie czynników atmosferycznych oraz mechaniczne uszkodzenia, co gwarantuje długotrwałe użytkowanie. Oferuje nominalne napięcie 230 V oraz prąd znamionowy 16 A, co sprawia, że jest doskonałym rozwiązaniem do zasilania narzędzi elektrycznych i urządzeń budowlanych. Jego jaskrawy pomarańczowy kolor zwiększa widoczność, co podnosi bezpieczeństwo pracy w terenie. Kabel H07BQ-F to niezawodny wybór dla profesjonalistów, zapewniający wysoką jakość i bezpieczeństwo użytkowania.</p>

<div class="icons" style="display: flex; flex-wrap: wrap; gap: 5px; align-items: center; margin-top: 10px;"><img decoding="async" src="https://as-schwabe.de/wp-content/uploads/ikony/znak_CE.png" alt="" width="50" height="50" /><img decoding="async" src="https://as-schwabe.de/wp-content/uploads/ikony/znak_PB.png" alt="" width="50" height="50" /><img decoding="async" src="https://as-schwabe.de/wp-content/uploads/ikony/znak_Z.png" alt="" width="50" height="50" /><img loading="lazy" decoding="async" src="https://as-schwabe.de/wp-content/uploads/ikony/znak_D.png" alt="" width="50" height="50" /></div>
<ul>
<li>kabel w krążku H07BQ-F </li>
<li>przewody przeznaczone do najwyższych obciążeń mechanicznych, idealne do zastosowań przemysłowych, takich jak podłączanie maszyn i silników </li>
<li>produkty wykonane w Europie, spełniające rygorystyczne standardy jakości</li>
<li> przewody posiadają dodatkową izolację z gumy, poliuretanu lub PCV, a także powłokę neoprenową, co zwiększa ich odporność na uszkodzenia mechaniczne </li>
</ul>
