{"id":30975,"date":"2025-09-26T23:04:25","date_gmt":"2025-09-26T23:04:25","guid":{"rendered":"https:\/\/as-schwabe.de\/produkt\/kabel-h07bq-f-3g15-w-krazku-230-v-16-a-pom-50-m-59350\/"},"modified":"2025-10-23T00:15:43","modified_gmt":"2025-10-23T00:15:43","slug":"kabel-h07bq-f-3g15-w-krazku-230-v-16-a-pom-50-m-59350","status":"publish","type":"product","link":"https:\/\/as-schwabe.de\/pl\/produkt\/kabel-h07bq-f-3g15-w-krazku-230-v-16-a-pom-50-m-59350\/","title":{"rendered":"Kabel 50 m H07BQ-F 3G1,5 w kr\u0105\u017cku 450\/750 V POM | 59350"},"content":{"rendered":"<p>Kabel H07BQ-F 3G1,5 w kr\u0105\u017cku o d\u0142ugo\u015bci 50 m to niezawodne rozwi\u0105zanie do zasilania urz\u0105dze\u0144 elektrycznych w trudnych warunkach, takich jak plac budowy czy przestrzenie zewn\u0119trzne. Jego konstrukcja z trzy\u017cy\u0142owego przewodu o przekroju 1,5 mm\u00b2 zapewnia maksymalne obci\u0105\u017cenie 16 A przy napi\u0119ciu 230 V, co sprawia, \u017ce jest idealny do zasilania narz\u0119dzi i sprz\u0119tu budowlanego. Dzi\u0119ki pomara\u0144czowej os\u0142onie, kabel jest dobrze widoczny, co zwi\u0119ksza bezpiecze\u0144stwo u\u017cytkowania. Materia\u0142y wysokiej jako\u015bci, z kt\u00f3rych jest wykonany, gwarantuj\u0105 odporno\u015b\u0107 na dzia\u0142anie niekorzystnych warunk\u00f3w atmosferycznych oraz uszkodzenia mechaniczne. Produkt \u0142\u0105czy w sobie trwa\u0142o\u015b\u0107, bezpiecze\u0144stwo oraz elastyczno\u015b\u0107 u\u017cytkowania w r\u00f3\u017cnych warunkach.<\/p>","protected":false},"excerpt":{"rendered":"<div class=\"icons\" style=\"display: flex; flex-wrap: wrap; gap: 5px; align-items: center; margin-top: 10px;\"><img decoding=\"async\" src=\"https:\/\/as-schwabe.de\/wp-content\/uploads\/ikony\/znak_CE.png\" alt=\"\" width=\"50\" height=\"50\" \/><img decoding=\"async\" src=\"https:\/\/as-schwabe.de\/wp-content\/uploads\/ikony\/znak_PB.png\" alt=\"\" width=\"50\" height=\"50\" \/><img decoding=\"async\" src=\"https:\/\/as-schwabe.de\/wp-content\/uploads\/ikony\/znak_Z.png\" alt=\"\" width=\"50\" height=\"50\" \/><img loading=\"lazy\" decoding=\"async\" src=\"https:\/\/as-schwabe.de\/wp-content\/uploads\/ikony\/znak_D.png\" alt=\"\" width=\"50\" height=\"50\" \/><\/div>\n<ul>\n<li>kabel w kr\u0105\u017cku H07BQ-F <\/li>\n<li>przewody przeznaczone do najwy\u017cszych obci\u0105\u017ce\u0144 mechanicznych, idealne do zastosowa\u0144 przemys\u0142owych, takich jak pod\u0142\u0105czanie maszyn i silnik\u00f3w <\/li>\n<li>produkty wykonane w Europie, spe\u0142niaj\u0105ce rygorystyczne standardy jako\u015bci<\/li>\n<li> przewody posiadaj\u0105 dodatkow\u0105 izolacj\u0119 z gumy, poliuretanu lub PCV, a tak\u017ce pow\u0142ok\u0119 neoprenow\u0105, co zwi\u0119ksza ich odporno\u015b\u0107 na uszkodzenia mechaniczne <\/li>\n<\/ul>","protected":false},"featured_media":35081,"template":"","meta":{"inline_featured_image":false},"genre":[509],"product_cat":[507,508],"product_tag":[],"class_list":{"0":"post-30975","1":"product","2":"type-product","3":"status-publish","4":"has-post-thumbnail","6":"product_brand-as-schwabe-pl","7":"product_cat-przewody-przylaczeniowe-2-pl","8":"product_cat-kable-w-krazkach-sprzedawane-na-metry-pl","10":"first","11":"instock","12":"shipping-taxable","13":"product-type-simple"},"aioseo_notices":[],"_links":{"self":[{"href":"https:\/\/as-schwabe.de\/pl\/wp-json\/wp\/v2\/product\/30975","targetHints":{"allow":["GET"]}}],"collection":[{"href":"https:\/\/as-schwabe.de\/pl\/wp-json\/wp\/v2\/product"}],"about":[{"href":"https:\/\/as-schwabe.de\/pl\/wp-json\/wp\/v2\/types\/product"}],"version-history":[{"count":0,"href":"https:\/\/as-schwabe.de\/pl\/wp-json\/wp\/v2\/product\/30975\/revisions"}],"wp:featuredmedia":[{"embeddable":true,"href":"https:\/\/as-schwabe.de\/pl\/wp-json\/wp\/v2\/media\/35081"}],"wp:attachment":[{"href":"https:\/\/as-schwabe.de\/pl\/wp-json\/wp\/v2\/media?parent=30975"}],"wp:term":[{"taxonomy":"product_brand","embeddable":true,"href":"https:\/\/as-schwabe.de\/pl\/wp-json\/wp\/v2\/genre?post=30975"},{"taxonomy":"product_cat","embeddable":true,"href":"https:\/\/as-schwabe.de\/pl\/wp-json\/wp\/v2\/product_cat?post=30975"},{"taxonomy":"product_tag","embeddable":true,"href":"https:\/\/as-schwabe.de\/pl\/wp-json\/wp\/v2\/product_tag?post=30975"}],"curies":[{"name":"wp","href":"https:\/\/api.w.org\/{rel}","templated":true}]}}

Kabel 50 m H07BQ-F 3G1,5 w krążku 450/750 V POM | 59350

<p>Kabel H07BQ-F 3G1,5 w krążku o długości 50 m to niezawodne rozwiązanie do zasilania urządzeń elektrycznych w trudnych warunkach, takich jak plac budowy czy przestrzenie zewnętrzne. Jego konstrukcja z trzyżyłowego przewodu o przekroju 1,5 mm² zapewnia maksymalne obciążenie 16 A przy napięciu 230 V, co sprawia, że jest idealny do zasilania narzędzi i sprzętu budowlanego. Dzięki pomarańczowej osłonie, kabel jest dobrze widoczny, co zwiększa bezpieczeństwo użytkowania. Materiały wysokiej jakości, z których jest wykonany, gwarantują odporność na działanie niekorzystnych warunków atmosferycznych oraz uszkodzenia mechaniczne. Produkt łączy w sobie trwałość, bezpieczeństwo oraz elastyczność użytkowania w różnych warunkach.</p>

<div class="icons" style="display: flex; flex-wrap: wrap; gap: 5px; align-items: center; margin-top: 10px;"><img decoding="async" src="https://as-schwabe.de/wp-content/uploads/ikony/znak_CE.png" alt="" width="50" height="50" /><img decoding="async" src="https://as-schwabe.de/wp-content/uploads/ikony/znak_PB.png" alt="" width="50" height="50" /><img decoding="async" src="https://as-schwabe.de/wp-content/uploads/ikony/znak_Z.png" alt="" width="50" height="50" /><img loading="lazy" decoding="async" src="https://as-schwabe.de/wp-content/uploads/ikony/znak_D.png" alt="" width="50" height="50" /></div>
<ul>
<li>kabel w krążku H07BQ-F </li>
<li>przewody przeznaczone do najwyższych obciążeń mechanicznych, idealne do zastosowań przemysłowych, takich jak podłączanie maszyn i silników </li>
<li>produkty wykonane w Europie, spełniające rygorystyczne standardy jakości</li>
<li> przewody posiadają dodatkową izolację z gumy, poliuretanu lub PCV, a także powłokę neoprenową, co zwiększa ich odporność na uszkodzenia mechaniczne </li>
</ul>
