{"id":30974,"date":"2025-09-26T23:04:24","date_gmt":"2025-09-26T23:04:24","guid":{"rendered":"https:\/\/as-schwabe.de\/produkt\/kabel-n07v3v3-f-5g6-w-krazku-400-v-32-a-zol-50-m-59311\/"},"modified":"2025-10-23T00:15:43","modified_gmt":"2025-10-23T00:15:43","slug":"kabel-n07v3v3-f-5g6-w-krazku-400-v-32-a-zol-50-m-59311","status":"publish","type":"product","link":"https:\/\/as-schwabe.de\/pl\/produkt\/kabel-n07v3v3-f-5g6-w-krazku-400-v-32-a-zol-50-m-59311\/","title":{"rendered":"Kabel 50 m AT-N07V3V3-F 5G6 w kr\u0105\u017cku 450\/750 V \u017b\u00d3\u0141 | 59311"},"content":{"rendered":"<p>Kabel AT-N07V3V3-F 5G6 w kr\u0105\u017cku o d\u0142ugo\u015bci 50 m to wysokiej jako\u015bci przew\u00f3d przeznaczony do u\u017cytku na zewn\u0105trz oraz w warunkach budowlanych. Z nominalnym napi\u0119ciem 400 V oraz pr\u0105dem maksymalnym 32 A, kabel skutecznie wspiera r\u00f3\u017cnorodne urz\u0105dzenia elektryczne, zapewniaj\u0105c stabilne zasilanie i bezpiecze\u0144stwo eksploatacji. Jego konstrukcja jest przystosowana do trudnych warunk\u00f3w atmosferycznych, co czyni go idealnym rozwi\u0105zaniem dla profesjonalist\u00f3w dzia\u0142aj\u0105cych w bran\u017cy budowlanej oraz instalacyjnej. Dzi\u0119ki wykorzystaniu trwa\u0142ych materia\u0142\u00f3w, kabel cechuje si\u0119 doskona\u0142\u0105 odporno\u015bci\u0105 na uszkodzenia mechaniczne oraz promieniowanie UV. Wybieraj\u0105c kabel AT-N07V3V3-F, inwestujesz w niezawodno\u015b\u0107 i efektywno\u015b\u0107 swoich projekt\u00f3w.<\/p>","protected":false},"excerpt":{"rendered":"<div class=\"icons\" style=\"display: flex; flex-wrap: wrap; gap: 5px; align-items: center; margin-top: 10px;\"><img decoding=\"async\" src=\"https:\/\/as-schwabe.de\/wp-content\/uploads\/ikony\/znak_CE.png\" alt=\"\" width=\"50\" height=\"50\" \/><img decoding=\"async\" src=\"https:\/\/as-schwabe.de\/wp-content\/uploads\/ikony\/znak_PB.png\" alt=\"\" width=\"50\" height=\"50\" \/><img decoding=\"async\" src=\"https:\/\/as-schwabe.de\/wp-content\/uploads\/ikony\/znak_Z.png\" alt=\"\" width=\"50\" height=\"50\" \/><img loading=\"lazy\" decoding=\"async\" src=\"https:\/\/as-schwabe.de\/wp-content\/uploads\/ikony\/znak_D.png\" alt=\"\" width=\"50\" height=\"50\" \/><\/div>\n<ul>\n<li>kabel w kr\u0105\u017cku AT-N07V3V3-F <\/li>\n<li>przewody przeznaczone do najwy\u017cszych obci\u0105\u017ce\u0144 mechanicznych, idealne do zastosowa\u0144 przemys\u0142owych, takich jak pod\u0142\u0105czanie maszyn i silnik\u00f3w <\/li>\n<li>produkty wykonane w Europie, spe\u0142niaj\u0105ce rygorystyczne standardy jako\u015bci<\/li>\n<li> przewody posiadaj\u0105 dodatkow\u0105 izolacj\u0119 z gumy, poliuretanu lub PCV, a tak\u017ce pow\u0142ok\u0119 neoprenow\u0105, co zwi\u0119ksza ich odporno\u015b\u0107 na uszkodzenia mechaniczne <\/li>\n<\/ul>","protected":false},"featured_media":30444,"template":"","meta":{"inline_featured_image":false},"genre":[509],"product_cat":[507,508],"product_tag":[],"class_list":{"0":"post-30974","1":"product","2":"type-product","3":"status-publish","4":"has-post-thumbnail","6":"product_brand-as-schwabe-pl","7":"product_cat-przewody-przylaczeniowe-2-pl","8":"product_cat-kable-w-krazkach-sprzedawane-na-metry-pl","10":"first","11":"instock","12":"shipping-taxable","13":"product-type-simple"},"aioseo_notices":[],"_links":{"self":[{"href":"https:\/\/as-schwabe.de\/pl\/wp-json\/wp\/v2\/product\/30974","targetHints":{"allow":["GET"]}}],"collection":[{"href":"https:\/\/as-schwabe.de\/pl\/wp-json\/wp\/v2\/product"}],"about":[{"href":"https:\/\/as-schwabe.de\/pl\/wp-json\/wp\/v2\/types\/product"}],"version-history":[{"count":0,"href":"https:\/\/as-schwabe.de\/pl\/wp-json\/wp\/v2\/product\/30974\/revisions"}],"wp:featuredmedia":[{"embeddable":true,"href":"https:\/\/as-schwabe.de\/pl\/wp-json\/wp\/v2\/media\/30444"}],"wp:attachment":[{"href":"https:\/\/as-schwabe.de\/pl\/wp-json\/wp\/v2\/media?parent=30974"}],"wp:term":[{"taxonomy":"product_brand","embeddable":true,"href":"https:\/\/as-schwabe.de\/pl\/wp-json\/wp\/v2\/genre?post=30974"},{"taxonomy":"product_cat","embeddable":true,"href":"https:\/\/as-schwabe.de\/pl\/wp-json\/wp\/v2\/product_cat?post=30974"},{"taxonomy":"product_tag","embeddable":true,"href":"https:\/\/as-schwabe.de\/pl\/wp-json\/wp\/v2\/product_tag?post=30974"}],"curies":[{"name":"wp","href":"https:\/\/api.w.org\/{rel}","templated":true}]}}

Kabel 50 m AT-N07V3V3-F 5G6 w krążku 450/750 V ŻÓŁ | 59311

<p>Kabel AT-N07V3V3-F 5G6 w krążku o długości 50 m to wysokiej jakości przewód przeznaczony do użytku na zewnątrz oraz w warunkach budowlanych. Z nominalnym napięciem 400 V oraz prądem maksymalnym 32 A, kabel skutecznie wspiera różnorodne urządzenia elektryczne, zapewniając stabilne zasilanie i bezpieczeństwo eksploatacji. Jego konstrukcja jest przystosowana do trudnych warunków atmosferycznych, co czyni go idealnym rozwiązaniem dla profesjonalistów działających w branży budowlanej oraz instalacyjnej. Dzięki wykorzystaniu trwałych materiałów, kabel cechuje się doskonałą odpornością na uszkodzenia mechaniczne oraz promieniowanie UV. Wybierając kabel AT-N07V3V3-F, inwestujesz w niezawodność i efektywność swoich projektów.</p>

<div class="icons" style="display: flex; flex-wrap: wrap; gap: 5px; align-items: center; margin-top: 10px;"><img decoding="async" src="https://as-schwabe.de/wp-content/uploads/ikony/znak_CE.png" alt="" width="50" height="50" /><img decoding="async" src="https://as-schwabe.de/wp-content/uploads/ikony/znak_PB.png" alt="" width="50" height="50" /><img decoding="async" src="https://as-schwabe.de/wp-content/uploads/ikony/znak_Z.png" alt="" width="50" height="50" /><img loading="lazy" decoding="async" src="https://as-schwabe.de/wp-content/uploads/ikony/znak_D.png" alt="" width="50" height="50" /></div>
<ul>
<li>kabel w krążku AT-N07V3V3-F </li>
<li>przewody przeznaczone do najwyższych obciążeń mechanicznych, idealne do zastosowań przemysłowych, takich jak podłączanie maszyn i silników </li>
<li>produkty wykonane w Europie, spełniające rygorystyczne standardy jakości</li>
<li> przewody posiadają dodatkową izolację z gumy, poliuretanu lub PCV, a także powłokę neoprenową, co zwiększa ich odporność na uszkodzenia mechaniczne </li>
</ul>
