{"id":30973,"date":"2025-09-26T23:04:24","date_gmt":"2025-09-26T23:04:24","guid":{"rendered":"https:\/\/as-schwabe.de\/produkt\/kabel-n07v3v3-f-5g4-w-krazku-400-v-32-a-zol-50-m-59310\/"},"modified":"2025-10-23T00:15:42","modified_gmt":"2025-10-23T00:15:42","slug":"kabel-n07v3v3-f-5g4-w-krazku-400-v-32-a-zol-50-m-59310","status":"publish","type":"product","link":"https:\/\/as-schwabe.de\/pl\/produkt\/kabel-n07v3v3-f-5g4-w-krazku-400-v-32-a-zol-50-m-59310\/","title":{"rendered":"Kabel 50 m AT-N07V3V3-F 5G4 w kr\u0105\u017cku 450\/750 V \u017b\u00d3\u0141 | 59310"},"content":{"rendered":"<p>Kabel AT-N07V3V3-F 5G4 w kr\u0105\u017cku 400 V, 32 A to wysokiej jako\u015bci przew\u00f3d elektryczny, idealny do zastosowa\u0144 zewn\u0119trznych i na budowie. Posiada pi\u0119\u0107 \u017cy\u0142, co zapewnia doskona\u0142\u0105 elastyczno\u015b\u0107 i wydajno\u015b\u0107 w r\u00f3\u017cnorodnych instalacjach elektrycznych. Jego konstrukcja jest dostosowana do pracy w trudnych warunkach atmosferycznych, a \u017c\u00f3\u0142ty kolor zwi\u0119ksza widoczno\u015b\u0107, co podnosi bezpiecze\u0144stwo u\u017cytkowania. Kabel jest przeznaczony do przesy\u0142ania pr\u0105du o maksymalnym napi\u0119ciu 400 V i pr\u0105dzie 32 A, co czyni go odpowiednim rozwi\u0105zaniem do zasilania sprz\u0119tu budowlanego oraz urz\u0105dze\u0144 na \u015bwie\u017cym powietrzu. D\u0142ugo\u015b\u0107 50 m zapewnia wygod\u0119 u\u017cytkowania i elastyczno\u015b\u0107 w r\u00f3\u017cnych konfiguracjach roboczych.<\/p>","protected":false},"excerpt":{"rendered":"<div class=\"icons\" style=\"display: flex; flex-wrap: wrap; gap: 5px; align-items: center; margin-top: 10px;\"><img decoding=\"async\" src=\"https:\/\/as-schwabe.de\/wp-content\/uploads\/ikony\/znak_CE.png\" alt=\"\" width=\"50\" height=\"50\" \/><img decoding=\"async\" src=\"https:\/\/as-schwabe.de\/wp-content\/uploads\/ikony\/znak_PB.png\" alt=\"\" width=\"50\" height=\"50\" \/><img decoding=\"async\" src=\"https:\/\/as-schwabe.de\/wp-content\/uploads\/ikony\/znak_Z.png\" alt=\"\" width=\"50\" height=\"50\" \/><img loading=\"lazy\" decoding=\"async\" src=\"https:\/\/as-schwabe.de\/wp-content\/uploads\/ikony\/znak_D.png\" alt=\"\" width=\"50\" height=\"50\" \/><\/div>\n<ul>\n<li>kabel w kr\u0105\u017cku AT-N07V3V3-F <\/li>\n<li>przewody przeznaczone do najwy\u017cszych obci\u0105\u017ce\u0144 mechanicznych, idealne do zastosowa\u0144 przemys\u0142owych, takich jak pod\u0142\u0105czanie maszyn i silnik\u00f3w <\/li>\n<li>produkty wykonane w Europie, spe\u0142niaj\u0105ce rygorystyczne standardy jako\u015bci<\/li>\n<li> przewody posiadaj\u0105 dodatkow\u0105 izolacj\u0119 z gumy, poliuretanu lub PCV, a tak\u017ce pow\u0142ok\u0119 neoprenow\u0105, co zwi\u0119ksza ich odporno\u015b\u0107 na uszkodzenia mechaniczne <\/li>\n<\/ul>","protected":false},"featured_media":30442,"template":"","meta":{"inline_featured_image":false},"genre":[509],"product_cat":[507,508],"product_tag":[],"class_list":{"0":"post-30973","1":"product","2":"type-product","3":"status-publish","4":"has-post-thumbnail","6":"product_brand-as-schwabe-pl","7":"product_cat-przewody-przylaczeniowe-2-pl","8":"product_cat-kable-w-krazkach-sprzedawane-na-metry-pl","10":"first","11":"instock","12":"shipping-taxable","13":"product-type-simple"},"aioseo_notices":[],"_links":{"self":[{"href":"https:\/\/as-schwabe.de\/pl\/wp-json\/wp\/v2\/product\/30973","targetHints":{"allow":["GET"]}}],"collection":[{"href":"https:\/\/as-schwabe.de\/pl\/wp-json\/wp\/v2\/product"}],"about":[{"href":"https:\/\/as-schwabe.de\/pl\/wp-json\/wp\/v2\/types\/product"}],"version-history":[{"count":0,"href":"https:\/\/as-schwabe.de\/pl\/wp-json\/wp\/v2\/product\/30973\/revisions"}],"wp:featuredmedia":[{"embeddable":true,"href":"https:\/\/as-schwabe.de\/pl\/wp-json\/wp\/v2\/media\/30442"}],"wp:attachment":[{"href":"https:\/\/as-schwabe.de\/pl\/wp-json\/wp\/v2\/media?parent=30973"}],"wp:term":[{"taxonomy":"product_brand","embeddable":true,"href":"https:\/\/as-schwabe.de\/pl\/wp-json\/wp\/v2\/genre?post=30973"},{"taxonomy":"product_cat","embeddable":true,"href":"https:\/\/as-schwabe.de\/pl\/wp-json\/wp\/v2\/product_cat?post=30973"},{"taxonomy":"product_tag","embeddable":true,"href":"https:\/\/as-schwabe.de\/pl\/wp-json\/wp\/v2\/product_tag?post=30973"}],"curies":[{"name":"wp","href":"https:\/\/api.w.org\/{rel}","templated":true}]}}

Kabel 50 m AT-N07V3V3-F 5G4 w krążku 450/750 V ŻÓŁ | 59310

<p>Kabel AT-N07V3V3-F 5G4 w krążku 400 V, 32 A to wysokiej jakości przewód elektryczny, idealny do zastosowań zewnętrznych i na budowie. Posiada pięć żył, co zapewnia doskonałą elastyczność i wydajność w różnorodnych instalacjach elektrycznych. Jego konstrukcja jest dostosowana do pracy w trudnych warunkach atmosferycznych, a żółty kolor zwiększa widoczność, co podnosi bezpieczeństwo użytkowania. Kabel jest przeznaczony do przesyłania prądu o maksymalnym napięciu 400 V i prądzie 32 A, co czyni go odpowiednim rozwiązaniem do zasilania sprzętu budowlanego oraz urządzeń na świeżym powietrzu. Długość 50 m zapewnia wygodę użytkowania i elastyczność w różnych konfiguracjach roboczych.</p>

<div class="icons" style="display: flex; flex-wrap: wrap; gap: 5px; align-items: center; margin-top: 10px;"><img decoding="async" src="https://as-schwabe.de/wp-content/uploads/ikony/znak_CE.png" alt="" width="50" height="50" /><img decoding="async" src="https://as-schwabe.de/wp-content/uploads/ikony/znak_PB.png" alt="" width="50" height="50" /><img decoding="async" src="https://as-schwabe.de/wp-content/uploads/ikony/znak_Z.png" alt="" width="50" height="50" /><img loading="lazy" decoding="async" src="https://as-schwabe.de/wp-content/uploads/ikony/znak_D.png" alt="" width="50" height="50" /></div>
<ul>
<li>kabel w krążku AT-N07V3V3-F </li>
<li>przewody przeznaczone do najwyższych obciążeń mechanicznych, idealne do zastosowań przemysłowych, takich jak podłączanie maszyn i silników </li>
<li>produkty wykonane w Europie, spełniające rygorystyczne standardy jakości</li>
<li> przewody posiadają dodatkową izolację z gumy, poliuretanu lub PCV, a także powłokę neoprenową, co zwiększa ich odporność na uszkodzenia mechaniczne </li>
</ul>
