{"id":30946,"date":"2025-09-26T23:04:08","date_gmt":"2025-09-26T23:04:08","guid":{"rendered":"https:\/\/as-schwabe.de\/produkt\/przedluzacz-z-wtyczka-euro-1-gn-h03vvh2-f-2x075-cza-3m-50132\/"},"modified":"2025-10-23T00:15:30","modified_gmt":"2025-10-23T00:15:30","slug":"przedluzacz-z-wtyczka-euro-1-gn-h03vvh2-f-2x075-cza-3m-50132","status":"publish","type":"product","link":"https:\/\/as-schwabe.de\/pl\/produkt\/przedluzacz-z-wtyczka-euro-1-gn-h03vvh2-f-2x075-cza-3m-50132\/","title":{"rendered":"Przed\u0142u\u017cacz z wtyczk\u0105 Euro 1-gniazdowy 3 m H03VVH2-F 2&#215;0,75 CZA IP20 | 50132"},"content":{"rendered":"<p>Przed\u0142u\u017cacz z wtyczk\u0105 Euro 1-gniazdowy H03VVH2-F 2&#215;0,75 czarny o d\u0142ugo\u015bci 3 metr\u00f3w to niezawodne akcesorium elektryczne, idealne do u\u017cytku wewn\u0119trznego. Wyposa\u017cony w p\u0142ask\u0105 wtyczk\u0119 Euro 2P oraz gniazdo p\u0142askie Euro 2P, zapewnia \u0142atwe pod\u0142\u0105czenie urz\u0105dze\u0144 elektrycznych w ka\u017cdym pomieszczeniu. Przew\u00f3d o przekroju 2&#215;0,75 mm\u00b2 umo\u017cliwia przesy\u0142anie mocy do 230 V i 2,5 A, co czyni go odpowiednim do zasilania standardowych sprz\u0119t\u00f3w. Dodatkowo, stopie\u0144 ochrony IP20 wskazuje na jego przeznaczenie do u\u017cytku w pomieszczeniach, gwarantuj\u0105c bezpiecze\u0144stwo i wygod\u0119 u\u017cytkowania. Wybieraj\u0105c nasz przed\u0142u\u017cacz, zyskujesz elastyczno\u015b\u0107 w organizacji przestrzeni oraz pewno\u015b\u0107, \u017ce Twoje urz\u0105dzenia b\u0119d\u0105 zawsze pod\u0142\u0105czone tam, gdzie ich potrzebujesz.<\/p>","protected":false},"excerpt":{"rendered":"<div class=\"icons\" style=\"display: flex; flex-wrap: wrap; gap: 5px; align-items: center; margin-top: 10px;\"><img decoding=\"async\" src=\"https:\/\/as-schwabe.de\/wp-content\/uploads\/ikony\/znak_CE.png\" alt=\"\" width=\"50\" height=\"50\" \/><img decoding=\"async\" src=\"https:\/\/as-schwabe.de\/wp-content\/uploads\/ikony\/znak_IP20.png\" alt=\"\" width=\"50\" height=\"50\" \/><img decoding=\"async\" src=\"https:\/\/as-schwabe.de\/wp-content\/uploads\/ikony\/znak_D.png\" alt=\"\" width=\"50\" height=\"50\" \/><\/div>\n<ul>\n<li>IP20: do u\u017cytku wewn\u0105trz pomieszcze\u0144 <\/li>\n<li>nadaj\u0105 si\u0119 do u\u017cytku w pomieszczeniach zamkni\u0119tych <\/li>\n<li>z p\u0142ask\u0105 wtyczk\u0105 EURO i gniazdem EURO <\/li>\n<li>230 V, 2,5 A<\/li>\n<\/ul>","protected":false},"featured_media":30401,"template":"","meta":{"inline_featured_image":false},"genre":[509],"product_cat":[544,567],"product_tag":[],"class_list":{"0":"post-30946","1":"product","2":"type-product","3":"status-publish","4":"has-post-thumbnail","6":"product_brand-as-schwabe-pl","7":"product_cat-przedluzacze-2-pl","8":"product_cat-do-uzytku-wewnatrz-pomieszczen-2-pl","10":"first","11":"instock","12":"shipping-taxable","13":"product-type-simple"},"aioseo_notices":[],"_links":{"self":[{"href":"https:\/\/as-schwabe.de\/pl\/wp-json\/wp\/v2\/product\/30946","targetHints":{"allow":["GET"]}}],"collection":[{"href":"https:\/\/as-schwabe.de\/pl\/wp-json\/wp\/v2\/product"}],"about":[{"href":"https:\/\/as-schwabe.de\/pl\/wp-json\/wp\/v2\/types\/product"}],"version-history":[{"count":0,"href":"https:\/\/as-schwabe.de\/pl\/wp-json\/wp\/v2\/product\/30946\/revisions"}],"wp:featuredmedia":[{"embeddable":true,"href":"https:\/\/as-schwabe.de\/pl\/wp-json\/wp\/v2\/media\/30401"}],"wp:attachment":[{"href":"https:\/\/as-schwabe.de\/pl\/wp-json\/wp\/v2\/media?parent=30946"}],"wp:term":[{"taxonomy":"product_brand","embeddable":true,"href":"https:\/\/as-schwabe.de\/pl\/wp-json\/wp\/v2\/genre?post=30946"},{"taxonomy":"product_cat","embeddable":true,"href":"https:\/\/as-schwabe.de\/pl\/wp-json\/wp\/v2\/product_cat?post=30946"},{"taxonomy":"product_tag","embeddable":true,"href":"https:\/\/as-schwabe.de\/pl\/wp-json\/wp\/v2\/product_tag?post=30946"}],"curies":[{"name":"wp","href":"https:\/\/api.w.org\/{rel}","templated":true}]}}

Przedłużacz z wtyczką Euro 1-gniazdowy 3 m H03VVH2-F 2&#215;0,75 CZA IP20 | 50132

<p>Przedłużacz z wtyczką Euro 1-gniazdowy H03VVH2-F 2&#215;0,75 czarny o długości 3 metrów to niezawodne akcesorium elektryczne, idealne do użytku wewnętrznego. Wyposażony w płaską wtyczkę Euro 2P oraz gniazdo płaskie Euro 2P, zapewnia łatwe podłączenie urządzeń elektrycznych w każdym pomieszczeniu. Przewód o przekroju 2&#215;0,75 mm² umożliwia przesyłanie mocy do 230 V i 2,5 A, co czyni go odpowiednim do zasilania standardowych sprzętów. Dodatkowo, stopień ochrony IP20 wskazuje na jego przeznaczenie do użytku w pomieszczeniach, gwarantując bezpieczeństwo i wygodę użytkowania. Wybierając nasz przedłużacz, zyskujesz elastyczność w organizacji przestrzeni oraz pewność, że Twoje urządzenia będą zawsze podłączone tam, gdzie ich potrzebujesz.</p>

<div class="icons" style="display: flex; flex-wrap: wrap; gap: 5px; align-items: center; margin-top: 10px;"><img decoding="async" src="https://as-schwabe.de/wp-content/uploads/ikony/znak_CE.png" alt="" width="50" height="50" /><img decoding="async" src="https://as-schwabe.de/wp-content/uploads/ikony/znak_IP20.png" alt="" width="50" height="50" /><img decoding="async" src="https://as-schwabe.de/wp-content/uploads/ikony/znak_D.png" alt="" width="50" height="50" /></div>
<ul>
<li>IP20: do użytku wewnątrz pomieszczeń </li>
<li>nadają się do użytku w pomieszczeniach zamkniętych </li>
<li>z płaską wtyczką EURO i gniazdem EURO </li>
<li>230 V, 2,5 A</li>
</ul>
