{"id":30945,"date":"2025-09-26T23:04:08","date_gmt":"2025-09-26T23:04:08","guid":{"rendered":"https:\/\/as-schwabe.de\/produkt\/przedluzacz-z-wtyczka-euro-1-gn-h03vvh2-f-2x075-bia-3m-50131\/"},"modified":"2025-10-23T00:15:29","modified_gmt":"2025-10-23T00:15:29","slug":"przedluzacz-z-wtyczka-euro-1-gn-h03vvh2-f-2x075-bia-3m-50131","status":"publish","type":"product","link":"https:\/\/as-schwabe.de\/pl\/produkt\/przedluzacz-z-wtyczka-euro-1-gn-h03vvh2-f-2x075-bia-3m-50131\/","title":{"rendered":"Przed\u0142u\u017cacz z wtyczk\u0105 Euro 1-gniazdowy 3 m H03VVH2-F 2&#215;0,75 BIA IP20 | 50131"},"content":{"rendered":"<p>Przed\u0142u\u017cacz z wtyczk\u0105 Euro 1-gniazdowy H03VVH2-F 2&#215;0,75 w kolorze bia\u0142ym o d\u0142ugo\u015bci 3 metr\u00f3w to niezawodne rozwi\u0105zanie do u\u017cytku wewn\u0119trznego. Dzi\u0119ki wtyczce p\u0142askiej Euro 2P i gniazdu p\u0142askiemu Euro 2P, przed\u0142u\u017cacz umo\u017cliwia \u0142atwe pod\u0142\u0105czenie urz\u0105dze\u0144 elektrycznych w r\u00f3\u017cnych lokalizacjach w domu czy biurze. Przy maksymalnym napi\u0119ciu 230 V i pr\u0105dzie 2,5 A, produkt zapewnia bezpieczne i stabilne zasilanie dla Twoich urz\u0105dze\u0144. Klasa ochrony IP20 oznacza, \u017ce przed\u0142u\u017cacz jest idealny do u\u017cytku w pomieszczeniach zamkni\u0119tych, co czyni go praktycznym rozwi\u0105zaniem w codziennych zastosowaniach. Wybieraj\u0105c ten przed\u0142u\u017cacz, inwestujesz w jako\u015b\u0107 oraz wygod\u0119 u\u017cytkowania.<\/p>","protected":false},"excerpt":{"rendered":"<div class=\"icons\" style=\"display: flex; flex-wrap: wrap; gap: 5px; align-items: center; margin-top: 10px;\"><img decoding=\"async\" src=\"https:\/\/as-schwabe.de\/wp-content\/uploads\/ikony\/znak_CE.png\" alt=\"\" width=\"50\" height=\"50\" \/><img decoding=\"async\" src=\"https:\/\/as-schwabe.de\/wp-content\/uploads\/ikony\/znak_IP20.png\" alt=\"\" width=\"50\" height=\"50\" \/><img decoding=\"async\" src=\"https:\/\/as-schwabe.de\/wp-content\/uploads\/ikony\/znak_D.png\" alt=\"\" width=\"50\" height=\"50\" \/><\/div>\n<ul>\n<li>IP20: do u\u017cytku wewn\u0105trz pomieszcze\u0144 <\/li>\n<li>nadaj\u0105 si\u0119 do u\u017cytku w pomieszczeniach zamkni\u0119tych <\/li>\n<li>z p\u0142ask\u0105 wtyczk\u0105 EURO i gniazdem EURO <\/li>\n<li>230 V, 2,5 A<\/li>\n<\/ul>","protected":false},"featured_media":30397,"template":"","meta":{"inline_featured_image":false},"genre":[509],"product_cat":[544,567],"product_tag":[],"class_list":{"0":"post-30945","1":"product","2":"type-product","3":"status-publish","4":"has-post-thumbnail","6":"product_brand-as-schwabe-pl","7":"product_cat-przedluzacze-2-pl","8":"product_cat-do-uzytku-wewnatrz-pomieszczen-2-pl","10":"first","11":"instock","12":"shipping-taxable","13":"product-type-simple"},"aioseo_notices":[],"_links":{"self":[{"href":"https:\/\/as-schwabe.de\/pl\/wp-json\/wp\/v2\/product\/30945","targetHints":{"allow":["GET"]}}],"collection":[{"href":"https:\/\/as-schwabe.de\/pl\/wp-json\/wp\/v2\/product"}],"about":[{"href":"https:\/\/as-schwabe.de\/pl\/wp-json\/wp\/v2\/types\/product"}],"version-history":[{"count":0,"href":"https:\/\/as-schwabe.de\/pl\/wp-json\/wp\/v2\/product\/30945\/revisions"}],"wp:featuredmedia":[{"embeddable":true,"href":"https:\/\/as-schwabe.de\/pl\/wp-json\/wp\/v2\/media\/30397"}],"wp:attachment":[{"href":"https:\/\/as-schwabe.de\/pl\/wp-json\/wp\/v2\/media?parent=30945"}],"wp:term":[{"taxonomy":"product_brand","embeddable":true,"href":"https:\/\/as-schwabe.de\/pl\/wp-json\/wp\/v2\/genre?post=30945"},{"taxonomy":"product_cat","embeddable":true,"href":"https:\/\/as-schwabe.de\/pl\/wp-json\/wp\/v2\/product_cat?post=30945"},{"taxonomy":"product_tag","embeddable":true,"href":"https:\/\/as-schwabe.de\/pl\/wp-json\/wp\/v2\/product_tag?post=30945"}],"curies":[{"name":"wp","href":"https:\/\/api.w.org\/{rel}","templated":true}]}}

Przedłużacz z wtyczką Euro 1-gniazdowy 3 m H03VVH2-F 2&#215;0,75 BIA IP20 | 50131

<p>Przedłużacz z wtyczką Euro 1-gniazdowy H03VVH2-F 2&#215;0,75 w kolorze białym o długości 3 metrów to niezawodne rozwiązanie do użytku wewnętrznego. Dzięki wtyczce płaskiej Euro 2P i gniazdu płaskiemu Euro 2P, przedłużacz umożliwia łatwe podłączenie urządzeń elektrycznych w różnych lokalizacjach w domu czy biurze. Przy maksymalnym napięciu 230 V i prądzie 2,5 A, produkt zapewnia bezpieczne i stabilne zasilanie dla Twoich urządzeń. Klasa ochrony IP20 oznacza, że przedłużacz jest idealny do użytku w pomieszczeniach zamkniętych, co czyni go praktycznym rozwiązaniem w codziennych zastosowaniach. Wybierając ten przedłużacz, inwestujesz w jakość oraz wygodę użytkowania.</p>

<div class="icons" style="display: flex; flex-wrap: wrap; gap: 5px; align-items: center; margin-top: 10px;"><img decoding="async" src="https://as-schwabe.de/wp-content/uploads/ikony/znak_CE.png" alt="" width="50" height="50" /><img decoding="async" src="https://as-schwabe.de/wp-content/uploads/ikony/znak_IP20.png" alt="" width="50" height="50" /><img decoding="async" src="https://as-schwabe.de/wp-content/uploads/ikony/znak_D.png" alt="" width="50" height="50" /></div>
<ul>
<li>IP20: do użytku wewnątrz pomieszczeń </li>
<li>nadają się do użytku w pomieszczeniach zamkniętych </li>
<li>z płaską wtyczką EURO i gniazdem EURO </li>
<li>230 V, 2,5 A</li>
</ul>
