{"id":30944,"date":"2025-09-26T23:04:07","date_gmt":"2025-09-26T23:04:07","guid":{"rendered":"https:\/\/as-schwabe.de\/produkt\/przedluzacz-z-wtyczka-euro-1-gn-h03vvh2-f-2x075-cza-2m-50102\/"},"modified":"2025-10-23T00:15:29","modified_gmt":"2025-10-23T00:15:29","slug":"przedluzacz-z-wtyczka-euro-1-gn-h03vvh2-f-2x075-cza-2m-50102","status":"publish","type":"product","link":"https:\/\/as-schwabe.de\/pl\/produkt\/przedluzacz-z-wtyczka-euro-1-gn-h03vvh2-f-2x075-cza-2m-50102\/","title":{"rendered":"Przed\u0142u\u017cacz z wtyczk\u0105 Euro 1-gniazdowy 2 m H03VVH2-F 2&#215;0,75 CZA IP20 | 50102"},"content":{"rendered":"<p>Przed\u0142u\u017cacz z wtyczk\u0105 Euro 1-gniazdowy H03VVH2-F 2&#215;0,75 czarny o d\u0142ugo\u015bci 2 m to idealne rozwi\u0105zanie dla os\u00f3b potrzebuj\u0105cych dodatkowego zasilania w pomieszczeniach. Wyposa\u017cony w wtyczk\u0119 p\u0142ask\u0105 Euro 2P oraz gniazdo p\u0142askie Euro 2P, mo\u017ce obs\u0142ugiwa\u0107 napi\u0119cie maksymalne 230 V i nat\u0119\u017cenie do 2,5 A, zapewniaj\u0105c efektywne zasilanie urz\u0105dze\u0144 elektrycznych w codziennym u\u017cytkowaniu. Klasa odporno\u015bci IP20 oznacza, \u017ce produkt jest przeznaczony do u\u017cytku wewn\u0119trznego, co czyni go bezpiecznym wyborem do dom\u00f3w, biur i innych wn\u0119trz. Dzi\u0119ki zastosowaniu kabla o przekroju 2&#215;0,75 mm\u00b2, przed\u0142u\u017cacz \u0142\u0105czy w sobie kompaktow\u0105 budow\u0119 z wysok\u0105 wydajno\u015bci\u0105, co z pewno\u015bci\u0105 doceni ka\u017cdy u\u017cytkownik.<\/p>","protected":false},"excerpt":{"rendered":"<div class=\"icons\" style=\"display: flex; flex-wrap: wrap; gap: 5px; align-items: center; margin-top: 10px;\"><img decoding=\"async\" src=\"https:\/\/as-schwabe.de\/wp-content\/uploads\/ikony\/znak_CE.png\" alt=\"\" width=\"50\" height=\"50\" \/><img decoding=\"async\" src=\"https:\/\/as-schwabe.de\/wp-content\/uploads\/ikony\/znak_IP20.png\" alt=\"\" width=\"50\" height=\"50\" \/><img decoding=\"async\" src=\"https:\/\/as-schwabe.de\/wp-content\/uploads\/ikony\/znak_D.png\" alt=\"\" width=\"50\" height=\"50\" \/><\/div>\n<ul>\n<li>IP20: do u\u017cytku wewn\u0105trz pomieszcze\u0144 <\/li>\n<li>nadaj\u0105 si\u0119 do u\u017cytku w pomieszczeniach zamkni\u0119tych <\/li>\n<li>z p\u0142ask\u0105 wtyczk\u0105 EURO i gniazdem EURO <\/li>\n<li>230 V, 2,5 A<\/li>\n<\/ul>","protected":false},"featured_media":30390,"template":"","meta":{"inline_featured_image":false},"genre":[509],"product_cat":[544,567],"product_tag":[],"class_list":{"0":"post-30944","1":"product","2":"type-product","3":"status-publish","4":"has-post-thumbnail","6":"product_brand-as-schwabe-pl","7":"product_cat-przedluzacze-2-pl","8":"product_cat-do-uzytku-wewnatrz-pomieszczen-2-pl","10":"first","11":"instock","12":"shipping-taxable","13":"product-type-simple"},"aioseo_notices":[],"_links":{"self":[{"href":"https:\/\/as-schwabe.de\/pl\/wp-json\/wp\/v2\/product\/30944","targetHints":{"allow":["GET"]}}],"collection":[{"href":"https:\/\/as-schwabe.de\/pl\/wp-json\/wp\/v2\/product"}],"about":[{"href":"https:\/\/as-schwabe.de\/pl\/wp-json\/wp\/v2\/types\/product"}],"version-history":[{"count":0,"href":"https:\/\/as-schwabe.de\/pl\/wp-json\/wp\/v2\/product\/30944\/revisions"}],"wp:featuredmedia":[{"embeddable":true,"href":"https:\/\/as-schwabe.de\/pl\/wp-json\/wp\/v2\/media\/30390"}],"wp:attachment":[{"href":"https:\/\/as-schwabe.de\/pl\/wp-json\/wp\/v2\/media?parent=30944"}],"wp:term":[{"taxonomy":"product_brand","embeddable":true,"href":"https:\/\/as-schwabe.de\/pl\/wp-json\/wp\/v2\/genre?post=30944"},{"taxonomy":"product_cat","embeddable":true,"href":"https:\/\/as-schwabe.de\/pl\/wp-json\/wp\/v2\/product_cat?post=30944"},{"taxonomy":"product_tag","embeddable":true,"href":"https:\/\/as-schwabe.de\/pl\/wp-json\/wp\/v2\/product_tag?post=30944"}],"curies":[{"name":"wp","href":"https:\/\/api.w.org\/{rel}","templated":true}]}}

Przedłużacz z wtyczką Euro 1-gniazdowy 2 m H03VVH2-F 2&#215;0,75 CZA IP20 | 50102

<p>Przedłużacz z wtyczką Euro 1-gniazdowy H03VVH2-F 2&#215;0,75 czarny o długości 2 m to idealne rozwiązanie dla osób potrzebujących dodatkowego zasilania w pomieszczeniach. Wyposażony w wtyczkę płaską Euro 2P oraz gniazdo płaskie Euro 2P, może obsługiwać napięcie maksymalne 230 V i natężenie do 2,5 A, zapewniając efektywne zasilanie urządzeń elektrycznych w codziennym użytkowaniu. Klasa odporności IP20 oznacza, że produkt jest przeznaczony do użytku wewnętrznego, co czyni go bezpiecznym wyborem do domów, biur i innych wnętrz. Dzięki zastosowaniu kabla o przekroju 2&#215;0,75 mm², przedłużacz łączy w sobie kompaktową budowę z wysoką wydajnością, co z pewnością doceni każdy użytkownik.</p>

<div class="icons" style="display: flex; flex-wrap: wrap; gap: 5px; align-items: center; margin-top: 10px;"><img decoding="async" src="https://as-schwabe.de/wp-content/uploads/ikony/znak_CE.png" alt="" width="50" height="50" /><img decoding="async" src="https://as-schwabe.de/wp-content/uploads/ikony/znak_IP20.png" alt="" width="50" height="50" /><img decoding="async" src="https://as-schwabe.de/wp-content/uploads/ikony/znak_D.png" alt="" width="50" height="50" /></div>
<ul>
<li>IP20: do użytku wewnątrz pomieszczeń </li>
<li>nadają się do użytku w pomieszczeniach zamkniętych </li>
<li>z płaską wtyczką EURO i gniazdem EURO </li>
<li>230 V, 2,5 A</li>
</ul>
