{"id":30943,"date":"2025-09-26T23:04:07","date_gmt":"2025-09-26T23:04:07","guid":{"rendered":"https:\/\/as-schwabe.de\/produkt\/przedluzacz-z-wtyczka-euro-1-gn-h03vvh2-f-2x075-bia-2m-50101\/"},"modified":"2025-10-23T00:15:29","modified_gmt":"2025-10-23T00:15:29","slug":"przedluzacz-z-wtyczka-euro-1-gn-h03vvh2-f-2x075-bia-2m-50101","status":"publish","type":"product","link":"https:\/\/as-schwabe.de\/pl\/produkt\/przedluzacz-z-wtyczka-euro-1-gn-h03vvh2-f-2x075-bia-2m-50101\/","title":{"rendered":"Przed\u0142u\u017cacz z wtyczk\u0105 Euro 1-gniazdowy 2 m H03VVH2-F 2&#215;0,75 BIA IP20 | 50101"},"content":{"rendered":"<p>Przed\u0142u\u017cacz z wtyczk\u0105 Euro 1-gniazdowy H03VVH2-F 2&#215;0,75 w kolorze bia\u0142ym o d\u0142ugo\u015bci 2 metr\u00f3w to idealne rozwi\u0105zanie do rozszerzenia mo\u017cliwo\u015bci zasilania w ka\u017cdym wn\u0119trzu. Wyposa\u017cony w p\u0142ask\u0105 wtyczk\u0119 Euro 2P oraz gniazdo p\u0142askie Euro 2P, urz\u0105dzenie gwarantuje \u0142atwe pod\u0142\u0105czenie w sprz\u0119cie elektronicznym oraz domowym, umo\u017cliwiaj\u0105c maksymalne napi\u0119cie 230 V i pr\u0105d do 2,5 A. Klasa ochrony IP20 oznacza, \u017ce produkt jest przeznaczony do u\u017cytkowania wewn\u0119trznego, co sprawia, \u017ce doskonale sprawdzi si\u0119 w biurze, sypialni czy pokoju dziennym. Dzi\u0119ki minimalistycznemu designowi i funkcjonalno\u015bci, przed\u0142u\u017cacz ten zaspokaja potrzeby zar\u00f3wno domowych u\u017cytkownik\u00f3w, jak i profesjonalist\u00f3w w dziedzinie elektrotechniki.<\/p>","protected":false},"excerpt":{"rendered":"<div class=\"icons\" style=\"display: flex; flex-wrap: wrap; gap: 5px; align-items: center; margin-top: 10px;\"><img decoding=\"async\" src=\"https:\/\/as-schwabe.de\/wp-content\/uploads\/ikony\/znak_CE.png\" alt=\"\" width=\"50\" height=\"50\" \/><img decoding=\"async\" src=\"https:\/\/as-schwabe.de\/wp-content\/uploads\/ikony\/znak_IP20.png\" alt=\"\" width=\"50\" height=\"50\" \/><img decoding=\"async\" src=\"https:\/\/as-schwabe.de\/wp-content\/uploads\/ikony\/znak_D.png\" alt=\"\" width=\"50\" height=\"50\" \/><\/div>\n<ul>\n<li>IP20: do u\u017cytku wewn\u0105trz pomieszcze\u0144 <\/li>\n<li>nadaj\u0105 si\u0119 do u\u017cytku w pomieszczeniach zamkni\u0119tych <\/li>\n<li>z p\u0142ask\u0105 wtyczk\u0105 EURO i gniazdem EURO <\/li>\n<li>230 V, 2,5 A<\/li>\n<\/ul>","protected":false},"featured_media":30387,"template":"","meta":{"inline_featured_image":false},"genre":[509],"product_cat":[544,567],"product_tag":[],"class_list":{"0":"post-30943","1":"product","2":"type-product","3":"status-publish","4":"has-post-thumbnail","6":"product_brand-as-schwabe-pl","7":"product_cat-przedluzacze-2-pl","8":"product_cat-do-uzytku-wewnatrz-pomieszczen-2-pl","10":"first","11":"instock","12":"shipping-taxable","13":"product-type-simple"},"aioseo_notices":[],"_links":{"self":[{"href":"https:\/\/as-schwabe.de\/pl\/wp-json\/wp\/v2\/product\/30943","targetHints":{"allow":["GET"]}}],"collection":[{"href":"https:\/\/as-schwabe.de\/pl\/wp-json\/wp\/v2\/product"}],"about":[{"href":"https:\/\/as-schwabe.de\/pl\/wp-json\/wp\/v2\/types\/product"}],"version-history":[{"count":0,"href":"https:\/\/as-schwabe.de\/pl\/wp-json\/wp\/v2\/product\/30943\/revisions"}],"wp:featuredmedia":[{"embeddable":true,"href":"https:\/\/as-schwabe.de\/pl\/wp-json\/wp\/v2\/media\/30387"}],"wp:attachment":[{"href":"https:\/\/as-schwabe.de\/pl\/wp-json\/wp\/v2\/media?parent=30943"}],"wp:term":[{"taxonomy":"product_brand","embeddable":true,"href":"https:\/\/as-schwabe.de\/pl\/wp-json\/wp\/v2\/genre?post=30943"},{"taxonomy":"product_cat","embeddable":true,"href":"https:\/\/as-schwabe.de\/pl\/wp-json\/wp\/v2\/product_cat?post=30943"},{"taxonomy":"product_tag","embeddable":true,"href":"https:\/\/as-schwabe.de\/pl\/wp-json\/wp\/v2\/product_tag?post=30943"}],"curies":[{"name":"wp","href":"https:\/\/api.w.org\/{rel}","templated":true}]}}

Przedłużacz z wtyczką Euro 1-gniazdowy 2 m H03VVH2-F 2&#215;0,75 BIA IP20 | 50101

<p>Przedłużacz z wtyczką Euro 1-gniazdowy H03VVH2-F 2&#215;0,75 w kolorze białym o długości 2 metrów to idealne rozwiązanie do rozszerzenia możliwości zasilania w każdym wnętrzu. Wyposażony w płaską wtyczkę Euro 2P oraz gniazdo płaskie Euro 2P, urządzenie gwarantuje łatwe podłączenie w sprzęcie elektronicznym oraz domowym, umożliwiając maksymalne napięcie 230 V i prąd do 2,5 A. Klasa ochrony IP20 oznacza, że produkt jest przeznaczony do użytkowania wewnętrznego, co sprawia, że doskonale sprawdzi się w biurze, sypialni czy pokoju dziennym. Dzięki minimalistycznemu designowi i funkcjonalności, przedłużacz ten zaspokaja potrzeby zarówno domowych użytkowników, jak i profesjonalistów w dziedzinie elektrotechniki.</p>

<div class="icons" style="display: flex; flex-wrap: wrap; gap: 5px; align-items: center; margin-top: 10px;"><img decoding="async" src="https://as-schwabe.de/wp-content/uploads/ikony/znak_CE.png" alt="" width="50" height="50" /><img decoding="async" src="https://as-schwabe.de/wp-content/uploads/ikony/znak_IP20.png" alt="" width="50" height="50" /><img decoding="async" src="https://as-schwabe.de/wp-content/uploads/ikony/znak_D.png" alt="" width="50" height="50" /></div>
<ul>
<li>IP20: do użytku wewnątrz pomieszczeń </li>
<li>nadają się do użytku w pomieszczeniach zamkniętych </li>
<li>z płaską wtyczką EURO i gniazdem EURO </li>
<li>230 V, 2,5 A</li>
</ul>
