{"id":14509,"date":"2025-09-25T16:37:36","date_gmt":"2025-09-25T16:37:36","guid":{"rendered":"https:\/\/as-schwabe.de\/produkt\/przedluzacz-listwowy-5-gn-z-ultraplaska-wtyczka-katowa-bia-11393\/"},"modified":"2025-10-23T00:13:05","modified_gmt":"2025-10-23T00:13:05","slug":"przedluzacz-listwowy-5-gn-z-ultraplaska-wtyczka-katowa-bia-11393","status":"publish","type":"product","link":"https:\/\/as-schwabe.de\/pl\/produkt\/przedluzacz-listwowy-5-gn-z-ultraplaska-wtyczka-katowa-bia-11393\/","title":{"rendered":"Przed\u0142u\u017cacz listwowy 5-gniazdowy z Ultra p\u0142ask\u0105 wtyczk\u0105 k\u0105tow\u0105 2 m H05VV-F 3G1,5 BIA IP20 | 11393"},"content":{"rendered":"<p>Przed\u0142u\u017cacz listwowy 5-gniazdowy z ultra p\u0142ask\u0105 wtyczk\u0105 k\u0105tow\u0105 to funkcjonalne rozwi\u0105zanie do u\u017cytku wewn\u0119trznego, idealne do biur, mieszka\u0144 oraz wsz\u0119dzie tam, gdzie przestrze\u0144 jest ograniczona. Wykonany z wysokiej jako\u015bci materia\u0142\u00f3w, zapewnia bezpieczne zasilanie dla wielu urz\u0105dze\u0144, osi\u0105gaj\u0105c maksymalne parametry pracy do 230 V, 16 A i 3500 W. Dzi\u0119ki 5 gniazdom z uziemieniem oraz pod\u015bwietlanemu w\u0142\u0105cznikowi, u\u017cytkownik zyskuje komfort zarz\u0105dzania zasilaniem w \u0142atwy i przyjazny spos\u00f3b. Wtyczka ultra p\u0142aska k\u0105towa umo\u017cliwia pod\u0142\u0105czenie w trudno dost\u0119pnych miejscach, co znakomicie wp\u0142ywa na ergonomi\u0119 u\u017cytkowania. Dopasowany do standardu H05VV-F 3G1,5, przed\u0142u\u017cacz ten \u0142\u0105czy w sobie nowoczesny design z funkcjonalno\u015bci\u0105, spe\u0142niaj\u0105c oczekiwania nawet najbardziej wymagaj\u0105cych u\u017cytkownik\u00f3w.<\/p>","protected":false},"excerpt":{"rendered":"<div class=\"icons\" style=\"display: flex; flex-wrap: wrap; gap: 5px; align-items: center; margin-top: 10px;\"><img decoding=\"async\" src=\"https:\/\/as-schwabe.de\/wp-content\/uploads\/ikony\/znak_SCH.png\" alt=\"\" width=\"45\" height=\"50\" \/><img decoding=\"async\" src=\"https:\/\/as-schwabe.de\/wp-content\/uploads\/ikony\/znak_CE.png\" alt=\"\" width=\"50\" height=\"50\" \/><img decoding=\"async\" src=\"https:\/\/as-schwabe.de\/wp-content\/uploads\/ikony\/znak_IP20.png\" alt=\"\" width=\"50\" height=\"50\" \/><img loading=\"lazy\" decoding=\"async\" src=\"https:\/\/as-schwabe.de\/wp-content\/uploads\/ikony\/znak_D.png\" alt=\"\" width=\"50\" height=\"50\" \/><\/div>\n<ul>\n<li>z 2 m kablem PCV H05VV-F 3G1,5 i p\u0142ask\u0105 wtyczk\u0105 z uziemieniem <\/li>\n<li>gniazda obr\u00f3cone o 45\u00b0, z przes\u0142onami tor\u00f3w pr\u0105dowych <\/li>\n<li>z pod\u015bwietlanym wy\u0142\u0105cznikiem <\/li>\n<li>230 V, 16 A, maks. 3500 W<\/li>\n<\/ul>","protected":false},"featured_media":29255,"template":"","meta":{"inline_featured_image":false},"genre":[509],"product_cat":[525,526],"product_tag":[],"class_list":{"0":"post-14509","1":"product","2":"type-product","3":"status-publish","4":"has-post-thumbnail","6":"product_brand-as-schwabe-pl","7":"product_cat-dom-i-ogrod-2-pl","8":"product_cat-przedluzacze-listwowe-i-rozgalezniki-pl","10":"first","11":"instock","12":"shipping-taxable","13":"product-type-simple"},"aioseo_notices":[],"_links":{"self":[{"href":"https:\/\/as-schwabe.de\/pl\/wp-json\/wp\/v2\/product\/14509","targetHints":{"allow":["GET"]}}],"collection":[{"href":"https:\/\/as-schwabe.de\/pl\/wp-json\/wp\/v2\/product"}],"about":[{"href":"https:\/\/as-schwabe.de\/pl\/wp-json\/wp\/v2\/types\/product"}],"version-history":[{"count":0,"href":"https:\/\/as-schwabe.de\/pl\/wp-json\/wp\/v2\/product\/14509\/revisions"}],"wp:featuredmedia":[{"embeddable":true,"href":"https:\/\/as-schwabe.de\/pl\/wp-json\/wp\/v2\/media\/29255"}],"wp:attachment":[{"href":"https:\/\/as-schwabe.de\/pl\/wp-json\/wp\/v2\/media?parent=14509"}],"wp:term":[{"taxonomy":"product_brand","embeddable":true,"href":"https:\/\/as-schwabe.de\/pl\/wp-json\/wp\/v2\/genre?post=14509"},{"taxonomy":"product_cat","embeddable":true,"href":"https:\/\/as-schwabe.de\/pl\/wp-json\/wp\/v2\/product_cat?post=14509"},{"taxonomy":"product_tag","embeddable":true,"href":"https:\/\/as-schwabe.de\/pl\/wp-json\/wp\/v2\/product_tag?post=14509"}],"curies":[{"name":"wp","href":"https:\/\/api.w.org\/{rel}","templated":true}]}}

Przedłużacz listwowy 5-gniazdowy z Ultra płaską wtyczką kątową 2 m H05VV-F 3G1,5 BIA IP20 | 11393

<p>Przedłużacz listwowy 5-gniazdowy z ultra płaską wtyczką kątową to funkcjonalne rozwiązanie do użytku wewnętrznego, idealne do biur, mieszkań oraz wszędzie tam, gdzie przestrzeń jest ograniczona. Wykonany z wysokiej jakości materiałów, zapewnia bezpieczne zasilanie dla wielu urządzeń, osiągając maksymalne parametry pracy do 230 V, 16 A i 3500 W. Dzięki 5 gniazdom z uziemieniem oraz podświetlanemu włącznikowi, użytkownik zyskuje komfort zarządzania zasilaniem w łatwy i przyjazny sposób. Wtyczka ultra płaska kątowa umożliwia podłączenie w trudno dostępnych miejscach, co znakomicie wpływa na ergonomię użytkowania. Dopasowany do standardu H05VV-F 3G1,5, przedłużacz ten łączy w sobie nowoczesny design z funkcjonalnością, spełniając oczekiwania nawet najbardziej wymagających użytkowników.</p>

<div class="icons" style="display: flex; flex-wrap: wrap; gap: 5px; align-items: center; margin-top: 10px;"><img decoding="async" src="https://as-schwabe.de/wp-content/uploads/ikony/znak_SCH.png" alt="" width="45" height="50" /><img decoding="async" src="https://as-schwabe.de/wp-content/uploads/ikony/znak_CE.png" alt="" width="50" height="50" /><img decoding="async" src="https://as-schwabe.de/wp-content/uploads/ikony/znak_IP20.png" alt="" width="50" height="50" /><img loading="lazy" decoding="async" src="https://as-schwabe.de/wp-content/uploads/ikony/znak_D.png" alt="" width="50" height="50" /></div>
<ul>
<li>z 2 m kablem PCV H05VV-F 3G1,5 i płaską wtyczką z uziemieniem </li>
<li>gniazda obrócone o 45°, z przesłonami torów prądowych </li>
<li>z podświetlanym wyłącznikiem </li>
<li>230 V, 16 A, maks. 3500 W</li>
</ul>
