{"id":14141,"date":"2025-09-25T16:09:41","date_gmt":"2025-09-25T16:09:41","guid":{"rendered":"https:\/\/as-schwabe.de\/produkt\/kabel-h07rn-f-4g16-na-metry-400-v-63-a-cza-1-m-10087\/"},"modified":"2025-10-23T00:12:35","modified_gmt":"2025-10-23T00:12:35","slug":"kabel-h07rn-f-4g16-na-metry-400-v-63-a-cza-1-m-10087","status":"publish","type":"product","link":"https:\/\/as-schwabe.de\/pl\/produkt\/kabel-h07rn-f-4g16-na-metry-400-v-63-a-cza-1-m-10087\/","title":{"rendered":"Kabel 1 m H07RN-F 4G16 na metry 450\/750 V CZA | 10087"},"content":{"rendered":"<p>Kabel H07RN-F 4G16 to wysokiej jako\u015bci przew\u00f3d elektroenergetyczny, przeznaczony do u\u017cytku na zewn\u0105trz oraz w trudnych warunkach budowlanych. Oferuje cztery \u017cy\u0142y o przekroju 16 mm\u00b2, co pozwala na przesy\u0142 pr\u0105du do 63 A i napi\u0119cie do 400 V, co czyni go idealnym rozwi\u0105zaniem dla r\u00f3\u017cnorodnych zastosowa\u0144 przemys\u0142owych i budowlanych. Jego elastyczna konstrukcja oraz wysoka odporno\u015b\u0107 na warunki atmosferyczne umo\u017cliwiaj\u0105 bezpieczn\u0105 prac\u0119 w ka\u017cdych warunkach. Dodatkowo, kabel charakteryzuje si\u0119 dobr\u0105 odporno\u015bci\u0105 na uszkodzenia mechaniczne oraz substancje chemiczne, co zwi\u0119ksza jego trwa\u0142o\u015b\u0107 i niezawodno\u015b\u0107. Wyb\u00f3r kabla H07RN-F 4G16 to gwarancja solidno\u015bci i bezpiecze\u0144stwa w ka\u017cdych okoliczno\u015bciach.<\/p>","protected":false},"excerpt":{"rendered":"<div class=\"icons\" style=\"display: flex; flex-wrap: wrap; gap: 5px; align-items: center; margin-top: 10px;\"><img decoding=\"async\" src=\"https:\/\/as-schwabe.de\/wp-content\/uploads\/ikony\/znak_CE.png\" alt=\"\" width=\"50\" height=\"50\" \/><img decoding=\"async\" src=\"https:\/\/as-schwabe.de\/wp-content\/uploads\/ikony\/znak_PB.png\" alt=\"\" width=\"50\" height=\"50\" \/><img decoding=\"async\" src=\"https:\/\/as-schwabe.de\/wp-content\/uploads\/ikony\/znak_Z.png\" alt=\"\" width=\"50\" height=\"50\" \/><img loading=\"lazy\" decoding=\"async\" src=\"https:\/\/as-schwabe.de\/wp-content\/uploads\/ikony\/znak_D.png\" alt=\"\" width=\"50\" height=\"50\" \/><\/div>\n<ul>\n<li>kabel na metry H07RN-F <\/li>\n<li>przewody przeznaczone do najwy\u017cszych obci\u0105\u017ce\u0144 mechanicznych, idealne do zastosowa\u0144 przemys\u0142owych, takich jak pod\u0142\u0105czanie maszyn i silnik\u00f3w <\/li>\n<li>produkty wykonane w Europie, spe\u0142niaj\u0105ce rygorystyczne standardy jako\u015bci<\/li>\n<li> przewody posiadaj\u0105 dodatkow\u0105 izolacj\u0119 z gumy, poliuretanu lub PCV, a tak\u017ce pow\u0142ok\u0119 neoprenow\u0105, co zwi\u0119ksza ich odporno\u015b\u0107 na uszkodzenia mechaniczne <\/li>\n<\/ul>","protected":false},"featured_media":28852,"template":"","meta":{"inline_featured_image":false},"genre":[509],"product_cat":[507,508],"product_tag":[],"class_list":{"0":"post-14141","1":"product","2":"type-product","3":"status-publish","4":"has-post-thumbnail","6":"product_brand-as-schwabe-pl","7":"product_cat-przewody-przylaczeniowe-2-pl","8":"product_cat-kable-w-krazkach-sprzedawane-na-metry-pl","10":"first","11":"instock","12":"shipping-taxable","13":"product-type-simple"},"aioseo_notices":[],"_links":{"self":[{"href":"https:\/\/as-schwabe.de\/pl\/wp-json\/wp\/v2\/product\/14141","targetHints":{"allow":["GET"]}}],"collection":[{"href":"https:\/\/as-schwabe.de\/pl\/wp-json\/wp\/v2\/product"}],"about":[{"href":"https:\/\/as-schwabe.de\/pl\/wp-json\/wp\/v2\/types\/product"}],"version-history":[{"count":0,"href":"https:\/\/as-schwabe.de\/pl\/wp-json\/wp\/v2\/product\/14141\/revisions"}],"wp:featuredmedia":[{"embeddable":true,"href":"https:\/\/as-schwabe.de\/pl\/wp-json\/wp\/v2\/media\/28852"}],"wp:attachment":[{"href":"https:\/\/as-schwabe.de\/pl\/wp-json\/wp\/v2\/media?parent=14141"}],"wp:term":[{"taxonomy":"product_brand","embeddable":true,"href":"https:\/\/as-schwabe.de\/pl\/wp-json\/wp\/v2\/genre?post=14141"},{"taxonomy":"product_cat","embeddable":true,"href":"https:\/\/as-schwabe.de\/pl\/wp-json\/wp\/v2\/product_cat?post=14141"},{"taxonomy":"product_tag","embeddable":true,"href":"https:\/\/as-schwabe.de\/pl\/wp-json\/wp\/v2\/product_tag?post=14141"}],"curies":[{"name":"wp","href":"https:\/\/api.w.org\/{rel}","templated":true}]}}

<p>Kabel H07RN-F 4G16 to wysokiej jakości przewód elektroenergetyczny, przeznaczony do użytku na zewnątrz oraz w trudnych warunkach budowlanych. Oferuje cztery żyły o przekroju 16 mm², co pozwala na przesył prądu do 63 A i napięcie do 400 V, co czyni go idealnym rozwiązaniem dla różnorodnych zastosowań przemysłowych i budowlanych. Jego elastyczna konstrukcja oraz wysoka odporność na warunki atmosferyczne umożliwiają bezpieczną pracę w każdych warunkach. Dodatkowo, kabel charakteryzuje się dobrą odpornością na uszkodzenia mechaniczne oraz substancje chemiczne, co zwiększa jego trwałość i niezawodność. Wybór kabla H07RN-F 4G16 to gwarancja solidności i bezpieczeństwa w każdych okolicznościach.</p>

<div class="icons" style="display: flex; flex-wrap: wrap; gap: 5px; align-items: center; margin-top: 10px;"><img decoding="async" src="https://as-schwabe.de/wp-content/uploads/ikony/znak_CE.png" alt="" width="50" height="50" /><img decoding="async" src="https://as-schwabe.de/wp-content/uploads/ikony/znak_PB.png" alt="" width="50" height="50" /><img decoding="async" src="https://as-schwabe.de/wp-content/uploads/ikony/znak_Z.png" alt="" width="50" height="50" /><img loading="lazy" decoding="async" src="https://as-schwabe.de/wp-content/uploads/ikony/znak_D.png" alt="" width="50" height="50" /></div>
<ul>
<li>kabel na metry H07RN-F </li>
<li>przewody przeznaczone do najwyższych obciążeń mechanicznych, idealne do zastosowań przemysłowych, takich jak podłączanie maszyn i silników </li>
<li>produkty wykonane w Europie, spełniające rygorystyczne standardy jakości</li>
<li> przewody posiadają dodatkową izolację z gumy, poliuretanu lub PCV, a także powłokę neoprenową, co zwiększa ich odporność na uszkodzenia mechaniczne </li>
</ul>
