{"id":14137,"date":"2025-09-25T16:09:37","date_gmt":"2025-09-25T16:09:37","guid":{"rendered":"https:\/\/as-schwabe.de\/produkt\/kabel-h07rn-f-5g25-na-metry-400-v-125-a-cza-1-m-10075\/"},"modified":"2025-10-23T00:12:33","modified_gmt":"2025-10-23T00:12:33","slug":"kabel-h07rn-f-5g25-na-metry-400-v-125-a-cza-1-m-10075","status":"publish","type":"product","link":"https:\/\/as-schwabe.de\/pl\/produkt\/kabel-h07rn-f-5g25-na-metry-400-v-125-a-cza-1-m-10075\/","title":{"rendered":"Kabel 1 m H07RN-F 5G25 na metry 450\/750 V CZA | 10075"},"content":{"rendered":"<p>Kabel H07RN-F 5G25 na metry to wysokiej jako\u015bci przew\u00f3d elastyczny, przeznaczony do zastosowa\u0144 w trudnych warunkach zewn\u0119trznych oraz wewn\u0119trznych. Oferuje doskona\u0142\u0105 odporno\u015b\u0107 na dzia\u0142anie wysokich temperatur oraz substancji chemicznych, co sprawia, \u017ce idealnie sprawdzi si\u0119 w przemy\u015ble, budownictwie oraz w aplikacjach mobilnych. Z przewodami miedzianymi o przekroju 25 mm\u00b2 oraz maksymalnym obci\u0105\u017ceniu pr\u0105dowym wynosz\u0105cym 125 A, ten kabel zapewnia stabilne i efektywne zasilanie urz\u0105dze\u0144 wymagaj\u0105cych du\u017cych mocy. Napi\u0119cie robocze wynosz\u0105ce 400 V umo\u017cliwia bezpieczne zasilanie maszyn i narz\u0119dzi elektrycznych. Dzi\u0119ki elastycznej budowie i czarnej izolacji, kabel H07RN-F 5G25 jest nie tylko funkcjonalny, ale r\u00f3wnie\u017c \u0142atwy w monta\u017cu oraz estetyczny w u\u017cyciu.<\/p>","protected":false},"excerpt":{"rendered":"<div class=\"icons\" style=\"display: flex; flex-wrap: wrap; gap: 5px; align-items: center; margin-top: 10px;\"><img decoding=\"async\" src=\"https:\/\/as-schwabe.de\/wp-content\/uploads\/ikony\/znak_CE.png\" alt=\"\" width=\"50\" height=\"50\" \/><img decoding=\"async\" src=\"https:\/\/as-schwabe.de\/wp-content\/uploads\/ikony\/znak_PB.png\" alt=\"\" width=\"50\" height=\"50\" \/><img decoding=\"async\" src=\"https:\/\/as-schwabe.de\/wp-content\/uploads\/ikony\/znak_Z.png\" alt=\"\" width=\"50\" height=\"50\" \/><img loading=\"lazy\" decoding=\"async\" src=\"https:\/\/as-schwabe.de\/wp-content\/uploads\/ikony\/znak_D.png\" alt=\"\" width=\"50\" height=\"50\" \/><\/div>\n<ul>\n<li>kabel na metry H07RN-F <\/li>\n<li>przewody przeznaczone do najwy\u017cszych obci\u0105\u017ce\u0144 mechanicznych, idealne do zastosowa\u0144 przemys\u0142owych, takich jak pod\u0142\u0105czanie maszyn i silnik\u00f3w <\/li>\n<li>produkty wykonane w Europie, spe\u0142niaj\u0105ce rygorystyczne standardy jako\u015bci<\/li>\n<li> przewody posiadaj\u0105 dodatkow\u0105 izolacj\u0119 z gumy, poliuretanu lub PCV, a tak\u017ce pow\u0142ok\u0119 neoprenow\u0105, co zwi\u0119ksza ich odporno\u015b\u0107 na uszkodzenia mechaniczne <\/li>\n<\/ul>","protected":false},"featured_media":28850,"template":"","meta":{"inline_featured_image":false},"genre":[509],"product_cat":[507,508],"product_tag":[],"class_list":{"0":"post-14137","1":"product","2":"type-product","3":"status-publish","4":"has-post-thumbnail","6":"product_brand-as-schwabe-pl","7":"product_cat-przewody-przylaczeniowe-2-pl","8":"product_cat-kable-w-krazkach-sprzedawane-na-metry-pl","10":"first","11":"instock","12":"shipping-taxable","13":"product-type-simple"},"aioseo_notices":[],"_links":{"self":[{"href":"https:\/\/as-schwabe.de\/pl\/wp-json\/wp\/v2\/product\/14137","targetHints":{"allow":["GET"]}}],"collection":[{"href":"https:\/\/as-schwabe.de\/pl\/wp-json\/wp\/v2\/product"}],"about":[{"href":"https:\/\/as-schwabe.de\/pl\/wp-json\/wp\/v2\/types\/product"}],"version-history":[{"count":0,"href":"https:\/\/as-schwabe.de\/pl\/wp-json\/wp\/v2\/product\/14137\/revisions"}],"wp:featuredmedia":[{"embeddable":true,"href":"https:\/\/as-schwabe.de\/pl\/wp-json\/wp\/v2\/media\/28850"}],"wp:attachment":[{"href":"https:\/\/as-schwabe.de\/pl\/wp-json\/wp\/v2\/media?parent=14137"}],"wp:term":[{"taxonomy":"product_brand","embeddable":true,"href":"https:\/\/as-schwabe.de\/pl\/wp-json\/wp\/v2\/genre?post=14137"},{"taxonomy":"product_cat","embeddable":true,"href":"https:\/\/as-schwabe.de\/pl\/wp-json\/wp\/v2\/product_cat?post=14137"},{"taxonomy":"product_tag","embeddable":true,"href":"https:\/\/as-schwabe.de\/pl\/wp-json\/wp\/v2\/product_tag?post=14137"}],"curies":[{"name":"wp","href":"https:\/\/api.w.org\/{rel}","templated":true}]}}

<p>Kabel H07RN-F 5G25 na metry to wysokiej jakości przewód elastyczny, przeznaczony do zastosowań w trudnych warunkach zewnętrznych oraz wewnętrznych. Oferuje doskonałą odporność na działanie wysokich temperatur oraz substancji chemicznych, co sprawia, że idealnie sprawdzi się w przemyśle, budownictwie oraz w aplikacjach mobilnych. Z przewodami miedzianymi o przekroju 25 mm² oraz maksymalnym obciążeniu prądowym wynoszącym 125 A, ten kabel zapewnia stabilne i efektywne zasilanie urządzeń wymagających dużych mocy. Napięcie robocze wynoszące 400 V umożliwia bezpieczne zasilanie maszyn i narzędzi elektrycznych. Dzięki elastycznej budowie i czarnej izolacji, kabel H07RN-F 5G25 jest nie tylko funkcjonalny, ale również łatwy w montażu oraz estetyczny w użyciu.</p>

<div class="icons" style="display: flex; flex-wrap: wrap; gap: 5px; align-items: center; margin-top: 10px;"><img decoding="async" src="https://as-schwabe.de/wp-content/uploads/ikony/znak_CE.png" alt="" width="50" height="50" /><img decoding="async" src="https://as-schwabe.de/wp-content/uploads/ikony/znak_PB.png" alt="" width="50" height="50" /><img decoding="async" src="https://as-schwabe.de/wp-content/uploads/ikony/znak_Z.png" alt="" width="50" height="50" /><img loading="lazy" decoding="async" src="https://as-schwabe.de/wp-content/uploads/ikony/znak_D.png" alt="" width="50" height="50" /></div>
<ul>
<li>kabel na metry H07RN-F </li>
<li>przewody przeznaczone do najwyższych obciążeń mechanicznych, idealne do zastosowań przemysłowych, takich jak podłączanie maszyn i silników </li>
<li>produkty wykonane w Europie, spełniające rygorystyczne standardy jakości</li>
<li> przewody posiadają dodatkową izolację z gumy, poliuretanu lub PCV, a także powłokę neoprenową, co zwiększa ich odporność na uszkodzenia mechaniczne </li>
</ul>
