{"id":14135,"date":"2025-09-25T16:09:36","date_gmt":"2025-09-25T16:09:36","guid":{"rendered":"https:\/\/as-schwabe.de\/produkt\/kabel-n07v3v3-f-5g4-na-metry-400-v-32-a-zol-1-m-10074\/"},"modified":"2025-10-23T00:12:33","modified_gmt":"2025-10-23T00:12:33","slug":"kabel-n07v3v3-f-5g4-na-metry-400-v-32-a-zol-1-m-10074","status":"publish","type":"product","link":"https:\/\/as-schwabe.de\/pl\/produkt\/kabel-n07v3v3-f-5g4-na-metry-400-v-32-a-zol-1-m-10074\/","title":{"rendered":"Kabel 1 m AT-N07V3V3-F 5G4 na metry 450\/750 V \u017b\u00d3\u0141 | 10074"},"content":{"rendered":"<p>Kabel AT-N07V3V3-F 5G4 na metry o napi\u0119ciu znamionowym 400 V i pr\u0105dzie 32 A to produkt wysokiej jako\u015bci, przeznaczony do zastosowa\u0144 w instalacjach elektrycznych oraz przemys\u0142owych. Sk\u0142adaj\u0105cy si\u0119 z pi\u0119ciu \u017cy\u0142, zapewnia doskona\u0142\u0105 elastyczno\u015b\u0107 i odporno\u015b\u0107 na r\u00f3\u017cne warunki atmosferyczne, co czyni go idealnym rozwi\u0105zaniem zar\u00f3wno do u\u017cytku wewn\u0119trznego, jak i na zewn\u0105trz. \u017b\u00f3\u0142ta izolacja kabla zwi\u0119ksza widoczno\u015b\u0107, co poprawia bezpiecze\u0144stwo podczas pracy w trudnych warunkach. Dzi\u0119ki wysokiej ud\u017awigowi pr\u0105dowemu oraz solidnej konstrukcji, produkt gwarantuje d\u0142ugotrwa\u0142\u0105 i bezpieczn\u0105 eksploatacj\u0119, a tak\u017ce minimalizuje ryzyko awarii systemu. Kabel dost\u0119pny jest na metry, co pozwala na dostosowanie d\u0142ugo\u015bci do indywidualnych potrzeb u\u017cytkownika.<\/p>","protected":false},"excerpt":{"rendered":"<div class=\"icons\" style=\"display: flex; flex-wrap: wrap; gap: 5px; align-items: center; margin-top: 10px;\"><img decoding=\"async\" src=\"https:\/\/as-schwabe.de\/wp-content\/uploads\/ikony\/znak_CE.png\" alt=\"\" width=\"50\" height=\"50\" \/><img decoding=\"async\" src=\"https:\/\/as-schwabe.de\/wp-content\/uploads\/ikony\/znak_PB.png\" alt=\"\" width=\"50\" height=\"50\" \/><img decoding=\"async\" src=\"https:\/\/as-schwabe.de\/wp-content\/uploads\/ikony\/znak_Z.png\" alt=\"\" width=\"50\" height=\"50\" \/><img loading=\"lazy\" decoding=\"async\" src=\"https:\/\/as-schwabe.de\/wp-content\/uploads\/ikony\/znak_D.png\" alt=\"\" width=\"50\" height=\"50\" \/><\/div>\n<ul>\n<li>kabel na metry AT-N07V3V3-F <\/li>\n<li>przewody przeznaczone do najwy\u017cszych obci\u0105\u017ce\u0144 mechanicznych, idealne do zastosowa\u0144 przemys\u0142owych, takich jak pod\u0142\u0105czanie maszyn i silnik\u00f3w <\/li>\n<li>produkty wykonane w Europie, spe\u0142niaj\u0105ce rygorystyczne standardy jako\u015bci<\/li>\n<li> przewody posiadaj\u0105 dodatkow\u0105 izolacj\u0119 z gumy, poliuretanu lub PCV, a tak\u017ce pow\u0142ok\u0119 neoprenow\u0105, co zwi\u0119ksza ich odporno\u015b\u0107 na uszkodzenia mechaniczne <\/li>\n<\/ul>","protected":false},"featured_media":28849,"template":"","meta":{"inline_featured_image":false},"genre":[509],"product_cat":[507,508],"product_tag":[],"class_list":{"0":"post-14135","1":"product","2":"type-product","3":"status-publish","4":"has-post-thumbnail","6":"product_brand-as-schwabe-pl","7":"product_cat-przewody-przylaczeniowe-2-pl","8":"product_cat-kable-w-krazkach-sprzedawane-na-metry-pl","10":"first","11":"instock","12":"shipping-taxable","13":"product-type-simple"},"aioseo_notices":[],"_links":{"self":[{"href":"https:\/\/as-schwabe.de\/pl\/wp-json\/wp\/v2\/product\/14135","targetHints":{"allow":["GET"]}}],"collection":[{"href":"https:\/\/as-schwabe.de\/pl\/wp-json\/wp\/v2\/product"}],"about":[{"href":"https:\/\/as-schwabe.de\/pl\/wp-json\/wp\/v2\/types\/product"}],"version-history":[{"count":0,"href":"https:\/\/as-schwabe.de\/pl\/wp-json\/wp\/v2\/product\/14135\/revisions"}],"wp:featuredmedia":[{"embeddable":true,"href":"https:\/\/as-schwabe.de\/pl\/wp-json\/wp\/v2\/media\/28849"}],"wp:attachment":[{"href":"https:\/\/as-schwabe.de\/pl\/wp-json\/wp\/v2\/media?parent=14135"}],"wp:term":[{"taxonomy":"product_brand","embeddable":true,"href":"https:\/\/as-schwabe.de\/pl\/wp-json\/wp\/v2\/genre?post=14135"},{"taxonomy":"product_cat","embeddable":true,"href":"https:\/\/as-schwabe.de\/pl\/wp-json\/wp\/v2\/product_cat?post=14135"},{"taxonomy":"product_tag","embeddable":true,"href":"https:\/\/as-schwabe.de\/pl\/wp-json\/wp\/v2\/product_tag?post=14135"}],"curies":[{"name":"wp","href":"https:\/\/api.w.org\/{rel}","templated":true}]}}

Kabel 1 m AT-N07V3V3-F 5G4 na metry 450/750 V ŻÓŁ | 10074

<p>Kabel AT-N07V3V3-F 5G4 na metry o napięciu znamionowym 400 V i prądzie 32 A to produkt wysokiej jakości, przeznaczony do zastosowań w instalacjach elektrycznych oraz przemysłowych. Składający się z pięciu żył, zapewnia doskonałą elastyczność i odporność na różne warunki atmosferyczne, co czyni go idealnym rozwiązaniem zarówno do użytku wewnętrznego, jak i na zewnątrz. Żółta izolacja kabla zwiększa widoczność, co poprawia bezpieczeństwo podczas pracy w trudnych warunkach. Dzięki wysokiej udźwigowi prądowemu oraz solidnej konstrukcji, produkt gwarantuje długotrwałą i bezpieczną eksploatację, a także minimalizuje ryzyko awarii systemu. Kabel dostępny jest na metry, co pozwala na dostosowanie długości do indywidualnych potrzeb użytkownika.</p>

<div class="icons" style="display: flex; flex-wrap: wrap; gap: 5px; align-items: center; margin-top: 10px;"><img decoding="async" src="https://as-schwabe.de/wp-content/uploads/ikony/znak_CE.png" alt="" width="50" height="50" /><img decoding="async" src="https://as-schwabe.de/wp-content/uploads/ikony/znak_PB.png" alt="" width="50" height="50" /><img decoding="async" src="https://as-schwabe.de/wp-content/uploads/ikony/znak_Z.png" alt="" width="50" height="50" /><img loading="lazy" decoding="async" src="https://as-schwabe.de/wp-content/uploads/ikony/znak_D.png" alt="" width="50" height="50" /></div>
<ul>
<li>kabel na metry AT-N07V3V3-F </li>
<li>przewody przeznaczone do najwyższych obciążeń mechanicznych, idealne do zastosowań przemysłowych, takich jak podłączanie maszyn i silników </li>
<li>produkty wykonane w Europie, spełniające rygorystyczne standardy jakości</li>
<li> przewody posiadają dodatkową izolację z gumy, poliuretanu lub PCV, a także powłokę neoprenową, co zwiększa ich odporność na uszkodzenia mechaniczne </li>
</ul>
