{"id":14129,"date":"2025-09-25T16:09:32","date_gmt":"2025-09-25T16:09:32","guid":{"rendered":"https:\/\/as-schwabe.de\/produkt\/kabel-n07v3v3-f-5g15-na-metry-400-v-16-a-zol-1-m-10059\/"},"modified":"2025-10-23T00:12:32","modified_gmt":"2025-10-23T00:12:32","slug":"kabel-n07v3v3-f-5g15-na-metry-400-v-16-a-zol-1-m-10059","status":"publish","type":"product","link":"https:\/\/as-schwabe.de\/pl\/produkt\/kabel-n07v3v3-f-5g15-na-metry-400-v-16-a-zol-1-m-10059\/","title":{"rendered":"Kabel 1 m AT-N07V3V3-F 5G1,5 na metry 450\/750 V \u017b\u00d3\u0141 | 10059"},"content":{"rendered":"<p>Kabel AT-N07V3V3-F 5G1,5 na metry 400 V, 16 A w kolorze \u017c\u00f3\u0142tym to wysokiej jako\u015bci przew\u00f3d przeznaczony do u\u017cytku w instalacjach elektrycznych. Posiada pi\u0119\u0107 \u017cy\u0142 o przekroju 1,5 mm\u00b2, co zapewnia optymalne parametry przewodzenia pr\u0105du oraz bezpiecze\u0144stwo u\u017cytkowania przy napi\u0119ciu do 400 V i pr\u0105dzie do 16 A. Kabel charakteryzuje si\u0119 elastyczno\u015bci\u0105 i odporno\u015bci\u0105 na mechaniczne uszkodzenia, co u\u0142atwia jego instalacj\u0119 w r\u00f3\u017cnych warunkach. Dzi\u0119ki swojej konstrukcji, doskonale sprawdzi si\u0119 w aplikacjach przemys\u0142owych oraz w instalacjach budowlanych. Wyb\u00f3r kabla AT-N07V3V3-F to gwarancja niezawodno\u015bci oraz wysokiej jako\u015bci, co przek\u0142ada si\u0119 na d\u0142ugotrwa\u0142e u\u017cytkowanie i zmniejszenie ryzyka awarii.<\/p>","protected":false},"excerpt":{"rendered":"<div class=\"icons\" style=\"display: flex; flex-wrap: wrap; gap: 5px; align-items: center; margin-top: 10px;\"><img decoding=\"async\" src=\"https:\/\/as-schwabe.de\/wp-content\/uploads\/ikony\/znak_CE.png\" alt=\"\" width=\"50\" height=\"50\" \/><img decoding=\"async\" src=\"https:\/\/as-schwabe.de\/wp-content\/uploads\/ikony\/znak_PB.png\" alt=\"\" width=\"50\" height=\"50\" \/><img decoding=\"async\" src=\"https:\/\/as-schwabe.de\/wp-content\/uploads\/ikony\/znak_Z.png\" alt=\"\" width=\"50\" height=\"50\" \/><img loading=\"lazy\" decoding=\"async\" src=\"https:\/\/as-schwabe.de\/wp-content\/uploads\/ikony\/znak_D.png\" alt=\"\" width=\"50\" height=\"50\" \/><\/div>\n<ul>\n<li>kabel na metry AT-N07V3V3-F <\/li>\n<li>przewody przeznaczone do najwy\u017cszych obci\u0105\u017ce\u0144 mechanicznych, idealne do zastosowa\u0144 przemys\u0142owych, takich jak pod\u0142\u0105czanie maszyn i silnik\u00f3w <\/li>\n<li>produkty wykonane w Europie, spe\u0142niaj\u0105ce rygorystyczne standardy jako\u015bci<\/li>\n<li> przewody posiadaj\u0105 dodatkow\u0105 izolacj\u0119 z gumy, poliuretanu lub PCV, a tak\u017ce pow\u0142ok\u0119 neoprenow\u0105, co zwi\u0119ksza ich odporno\u015b\u0107 na uszkodzenia mechaniczne <\/li>\n<\/ul>","protected":false},"featured_media":28845,"template":"","meta":{"inline_featured_image":false},"genre":[509],"product_cat":[507,508],"product_tag":[],"class_list":{"0":"post-14129","1":"product","2":"type-product","3":"status-publish","4":"has-post-thumbnail","6":"product_brand-as-schwabe-pl","7":"product_cat-przewody-przylaczeniowe-2-pl","8":"product_cat-kable-w-krazkach-sprzedawane-na-metry-pl","10":"first","11":"instock","12":"shipping-taxable","13":"product-type-simple"},"aioseo_notices":[],"_links":{"self":[{"href":"https:\/\/as-schwabe.de\/pl\/wp-json\/wp\/v2\/product\/14129","targetHints":{"allow":["GET"]}}],"collection":[{"href":"https:\/\/as-schwabe.de\/pl\/wp-json\/wp\/v2\/product"}],"about":[{"href":"https:\/\/as-schwabe.de\/pl\/wp-json\/wp\/v2\/types\/product"}],"version-history":[{"count":0,"href":"https:\/\/as-schwabe.de\/pl\/wp-json\/wp\/v2\/product\/14129\/revisions"}],"wp:featuredmedia":[{"embeddable":true,"href":"https:\/\/as-schwabe.de\/pl\/wp-json\/wp\/v2\/media\/28845"}],"wp:attachment":[{"href":"https:\/\/as-schwabe.de\/pl\/wp-json\/wp\/v2\/media?parent=14129"}],"wp:term":[{"taxonomy":"product_brand","embeddable":true,"href":"https:\/\/as-schwabe.de\/pl\/wp-json\/wp\/v2\/genre?post=14129"},{"taxonomy":"product_cat","embeddable":true,"href":"https:\/\/as-schwabe.de\/pl\/wp-json\/wp\/v2\/product_cat?post=14129"},{"taxonomy":"product_tag","embeddable":true,"href":"https:\/\/as-schwabe.de\/pl\/wp-json\/wp\/v2\/product_tag?post=14129"}],"curies":[{"name":"wp","href":"https:\/\/api.w.org\/{rel}","templated":true}]}}

Kabel 1 m AT-N07V3V3-F 5G1,5 na metry 450/750 V ŻÓŁ | 10059

<p>Kabel AT-N07V3V3-F 5G1,5 na metry 400 V, 16 A w kolorze żółtym to wysokiej jakości przewód przeznaczony do użytku w instalacjach elektrycznych. Posiada pięć żył o przekroju 1,5 mm², co zapewnia optymalne parametry przewodzenia prądu oraz bezpieczeństwo użytkowania przy napięciu do 400 V i prądzie do 16 A. Kabel charakteryzuje się elastycznością i odpornością na mechaniczne uszkodzenia, co ułatwia jego instalację w różnych warunkach. Dzięki swojej konstrukcji, doskonale sprawdzi się w aplikacjach przemysłowych oraz w instalacjach budowlanych. Wybór kabla AT-N07V3V3-F to gwarancja niezawodności oraz wysokiej jakości, co przekłada się na długotrwałe użytkowanie i zmniejszenie ryzyka awarii.</p>

<div class="icons" style="display: flex; flex-wrap: wrap; gap: 5px; align-items: center; margin-top: 10px;"><img decoding="async" src="https://as-schwabe.de/wp-content/uploads/ikony/znak_CE.png" alt="" width="50" height="50" /><img decoding="async" src="https://as-schwabe.de/wp-content/uploads/ikony/znak_PB.png" alt="" width="50" height="50" /><img decoding="async" src="https://as-schwabe.de/wp-content/uploads/ikony/znak_Z.png" alt="" width="50" height="50" /><img loading="lazy" decoding="async" src="https://as-schwabe.de/wp-content/uploads/ikony/znak_D.png" alt="" width="50" height="50" /></div>
<ul>
<li>kabel na metry AT-N07V3V3-F </li>
<li>przewody przeznaczone do najwyższych obciążeń mechanicznych, idealne do zastosowań przemysłowych, takich jak podłączanie maszyn i silników </li>
<li>produkty wykonane w Europie, spełniające rygorystyczne standardy jakości</li>
<li> przewody posiadają dodatkową izolację z gumy, poliuretanu lub PCV, a także powłokę neoprenową, co zwiększa ich odporność na uszkodzenia mechaniczne </li>
</ul>
