{"id":14123,"date":"2025-09-25T16:09:25","date_gmt":"2025-09-25T16:09:25","guid":{"rendered":"https:\/\/as-schwabe.de\/produkt\/kabel-n07v3v3-f-3g15-w-krazku-230-v-16-a-zol-50-m-10057\/"},"modified":"2025-10-23T00:12:31","modified_gmt":"2025-10-23T00:12:31","slug":"kabel-n07v3v3-f-3g15-w-krazku-230-v-16-a-zol-50-m-10057","status":"publish","type":"product","link":"https:\/\/as-schwabe.de\/pl\/produkt\/kabel-n07v3v3-f-3g15-w-krazku-230-v-16-a-zol-50-m-10057\/","title":{"rendered":"Kabel 50 m AT-N07V3V3-F 3G1,5 w kr\u0105\u017cku 450\/750 V \u017b\u00d3\u0141 | 10057"},"content":{"rendered":"<p>Kabel AT-N07V3V3-F 3G1,5 w kr\u0105\u017cku o d\u0142ugo\u015bci 50 metr\u00f3w to wysokojako\u015bciowy przew\u00f3d elektrotechniczny, przeznaczony do zasilania urz\u0105dze\u0144 o napi\u0119ciu 230 V oraz nat\u0119\u017ceniu do 16 A. Wykonany z materia\u0142\u00f3w odpornych na dzia\u0142anie substancji chemicznych i wp\u0142yw warunk\u00f3w atmosferycznych, sprawdzi si\u0119 zar\u00f3wno w zastosowaniach domowych, jak i przemys\u0142owych. Dzi\u0119ki trzem \u017cy\u0142om (ochronnej, fazowej i neutralnej) oraz elastycznej konstrukcji, zapewnia \u0142atwo\u015b\u0107 w u\u017cytkowaniu oraz monta\u017cu. \u017b\u00f3\u0142ty kolor kabla zwi\u0119ksza jego widoczno\u015b\u0107, co minimalizuje ryzyko potkni\u0119\u0107 i uszkodze\u0144 w miejscach roboczych. Wyb\u00f3r tego modelu to gwarancja niezawodno\u015bci oraz d\u0142ugotrwa\u0142ej eksploatacji, co przek\u0142ada si\u0119 na bezpiecze\u0144stwo i komfort u\u017cytkowania.<\/p>","protected":false},"excerpt":{"rendered":"<div class=\"icons\" style=\"display: flex; flex-wrap: wrap; gap: 5px; align-items: center; margin-top: 10px;\"><img decoding=\"async\" src=\"https:\/\/as-schwabe.de\/wp-content\/uploads\/ikony\/znak_CE.png\" alt=\"\" width=\"50\" height=\"50\" \/><img decoding=\"async\" src=\"https:\/\/as-schwabe.de\/wp-content\/uploads\/ikony\/znak_PB.png\" alt=\"\" width=\"50\" height=\"50\" \/><img decoding=\"async\" src=\"https:\/\/as-schwabe.de\/wp-content\/uploads\/ikony\/znak_Z.png\" alt=\"\" width=\"50\" height=\"50\" \/><img loading=\"lazy\" decoding=\"async\" src=\"https:\/\/as-schwabe.de\/wp-content\/uploads\/ikony\/znak_D.png\" alt=\"\" width=\"50\" height=\"50\" \/><\/div>\n<ul>\n<li>kabel w kr\u0105\u017cku AT-N07V3V3-F <\/li>\n<li>przewody przeznaczone do najwy\u017cszych obci\u0105\u017ce\u0144 mechanicznych, idealne do zastosowa\u0144 przemys\u0142owych, takich jak pod\u0142\u0105czanie maszyn i silnik\u00f3w <\/li>\n<li>produkty wykonane w Europie, spe\u0142niaj\u0105ce rygorystyczne standardy jako\u015bci<\/li>\n<li> przewody posiadaj\u0105 dodatkow\u0105 izolacj\u0119 z gumy, poliuretanu lub PCV, a tak\u017ce pow\u0142ok\u0119 neoprenow\u0105, co zwi\u0119ksza ich odporno\u015b\u0107 na uszkodzenia mechaniczne <\/li>\n<\/ul>","protected":false},"featured_media":35079,"template":"","meta":{"inline_featured_image":false},"genre":[509],"product_cat":[507,508],"product_tag":[],"class_list":{"0":"post-14123","1":"product","2":"type-product","3":"status-publish","4":"has-post-thumbnail","6":"product_brand-as-schwabe-pl","7":"product_cat-przewody-przylaczeniowe-2-pl","8":"product_cat-kable-w-krazkach-sprzedawane-na-metry-pl","10":"first","11":"instock","12":"shipping-taxable","13":"product-type-simple"},"aioseo_notices":[],"_links":{"self":[{"href":"https:\/\/as-schwabe.de\/pl\/wp-json\/wp\/v2\/product\/14123","targetHints":{"allow":["GET"]}}],"collection":[{"href":"https:\/\/as-schwabe.de\/pl\/wp-json\/wp\/v2\/product"}],"about":[{"href":"https:\/\/as-schwabe.de\/pl\/wp-json\/wp\/v2\/types\/product"}],"version-history":[{"count":0,"href":"https:\/\/as-schwabe.de\/pl\/wp-json\/wp\/v2\/product\/14123\/revisions"}],"wp:featuredmedia":[{"embeddable":true,"href":"https:\/\/as-schwabe.de\/pl\/wp-json\/wp\/v2\/media\/35079"}],"wp:attachment":[{"href":"https:\/\/as-schwabe.de\/pl\/wp-json\/wp\/v2\/media?parent=14123"}],"wp:term":[{"taxonomy":"product_brand","embeddable":true,"href":"https:\/\/as-schwabe.de\/pl\/wp-json\/wp\/v2\/genre?post=14123"},{"taxonomy":"product_cat","embeddable":true,"href":"https:\/\/as-schwabe.de\/pl\/wp-json\/wp\/v2\/product_cat?post=14123"},{"taxonomy":"product_tag","embeddable":true,"href":"https:\/\/as-schwabe.de\/pl\/wp-json\/wp\/v2\/product_tag?post=14123"}],"curies":[{"name":"wp","href":"https:\/\/api.w.org\/{rel}","templated":true}]}}

Kabel 50 m AT-N07V3V3-F 3G1,5 w krążku 450/750 V ŻÓŁ | 10057

<p>Kabel AT-N07V3V3-F 3G1,5 w krążku o długości 50 metrów to wysokojakościowy przewód elektrotechniczny, przeznaczony do zasilania urządzeń o napięciu 230 V oraz natężeniu do 16 A. Wykonany z materiałów odpornych na działanie substancji chemicznych i wpływ warunków atmosferycznych, sprawdzi się zarówno w zastosowaniach domowych, jak i przemysłowych. Dzięki trzem żyłom (ochronnej, fazowej i neutralnej) oraz elastycznej konstrukcji, zapewnia łatwość w użytkowaniu oraz montażu. Żółty kolor kabla zwiększa jego widoczność, co minimalizuje ryzyko potknięć i uszkodzeń w miejscach roboczych. Wybór tego modelu to gwarancja niezawodności oraz długotrwałej eksploatacji, co przekłada się na bezpieczeństwo i komfort użytkowania.</p>

<div class="icons" style="display: flex; flex-wrap: wrap; gap: 5px; align-items: center; margin-top: 10px;"><img decoding="async" src="https://as-schwabe.de/wp-content/uploads/ikony/znak_CE.png" alt="" width="50" height="50" /><img decoding="async" src="https://as-schwabe.de/wp-content/uploads/ikony/znak_PB.png" alt="" width="50" height="50" /><img decoding="async" src="https://as-schwabe.de/wp-content/uploads/ikony/znak_Z.png" alt="" width="50" height="50" /><img loading="lazy" decoding="async" src="https://as-schwabe.de/wp-content/uploads/ikony/znak_D.png" alt="" width="50" height="50" /></div>
<ul>
<li>kabel w krążku AT-N07V3V3-F </li>
<li>przewody przeznaczone do najwyższych obciążeń mechanicznych, idealne do zastosowań przemysłowych, takich jak podłączanie maszyn i silników </li>
<li>produkty wykonane w Europie, spełniające rygorystyczne standardy jakości</li>
<li> przewody posiadają dodatkową izolację z gumy, poliuretanu lub PCV, a także powłokę neoprenową, co zwiększa ich odporność na uszkodzenia mechaniczne </li>
</ul>
