{"id":14107,"date":"2025-09-25T16:09:15","date_gmt":"2025-09-25T16:09:15","guid":{"rendered":"https:\/\/as-schwabe.de\/produkt\/kabel-h07bq-f-3g15-na-metry-230-v-16-a-pom-1-m-10044\/"},"modified":"2025-10-23T00:12:27","modified_gmt":"2025-10-23T00:12:27","slug":"kabel-h07bq-f-3g15-na-metry-230-v-16-a-pom-1-m-10044","status":"publish","type":"product","link":"https:\/\/as-schwabe.de\/pl\/produkt\/kabel-h07bq-f-3g15-na-metry-230-v-16-a-pom-1-m-10044\/","title":{"rendered":"Kabel 1 m H07BQ-F 3G1,5 na metry 450\/750 V POM | 10044"},"content":{"rendered":"<p>Kabel H07BQ-F 3G1,5 na metry o d\u0142ugo\u015bci 1 m to wysokojako\u015bciowy przew\u00f3d s\u0142u\u017c\u0105cy do u\u017cytku na zewn\u0105trz oraz w warunkach budowlanych. Przy nominalnym napi\u0119ciu 230 V i pr\u0105dzie 16 A, kabel charakteryzuje si\u0119 wysok\u0105 odporno\u015bci\u0105 na dzia\u0142anie niekorzystnych warunk\u00f3w atmosferycznych oraz mechaniczne uszkodzenia, co czyni go idealnym rozwi\u0105zaniem w trudnych warunkach. Jego pomara\u0144czowy kolor zapewnia dobr\u0105 widoczno\u015b\u0107, co zwi\u0119ksza bezpiecze\u0144stwo pracy. Kabel wykonany jest z materia\u0142\u00f3w odpornych na dzia\u0142anie olej\u00f3w i chemikali\u00f3w, co dodatkowo zwi\u0119ksza jego trwa\u0142o\u015b\u0107 i funkcjonalno\u015b\u0107. Dzi\u0119ki elastycznej konstrukcji, kabel sprawdza si\u0119 doskonale w r\u00f3\u017cnorodnych aplikacjach, umo\u017cliwiaj\u0105c \u0142atwe manewrowanie i instalacj\u0119.<\/p>","protected":false},"excerpt":{"rendered":"<div class=\"icons\" style=\"display: flex; flex-wrap: wrap; gap: 5px; align-items: center; margin-top: 10px;\"><img decoding=\"async\" src=\"https:\/\/as-schwabe.de\/wp-content\/uploads\/ikony\/znak_CE.png\" alt=\"\" width=\"50\" height=\"50\" \/><img decoding=\"async\" src=\"https:\/\/as-schwabe.de\/wp-content\/uploads\/ikony\/znak_PB.png\" alt=\"\" width=\"50\" height=\"50\" \/><img decoding=\"async\" src=\"https:\/\/as-schwabe.de\/wp-content\/uploads\/ikony\/znak_Z.png\" alt=\"\" width=\"50\" height=\"50\" \/><img loading=\"lazy\" decoding=\"async\" src=\"https:\/\/as-schwabe.de\/wp-content\/uploads\/ikony\/znak_D.png\" alt=\"\" width=\"50\" height=\"50\" \/><\/div>\n<ul>\n<li>kabel na metry H07BQ-F <\/li>\n<li>przewody przeznaczone do najwy\u017cszych obci\u0105\u017ce\u0144 mechanicznych, idealne do zastosowa\u0144 przemys\u0142owych, takich jak pod\u0142\u0105czanie maszyn i silnik\u00f3w <\/li>\n<li>produkty wykonane w Europie, spe\u0142niaj\u0105ce rygorystyczne standardy jako\u015bci<\/li>\n<li> przewody posiadaj\u0105 dodatkow\u0105 izolacj\u0119 z gumy, poliuretanu lub PCV, a tak\u017ce pow\u0142ok\u0119 neoprenow\u0105, co zwi\u0119ksza ich odporno\u015b\u0107 na uszkodzenia mechaniczne <\/li>\n<\/ul>","protected":false},"featured_media":28833,"template":"","meta":{"inline_featured_image":false},"genre":[509],"product_cat":[507,508],"product_tag":[],"class_list":{"0":"post-14107","1":"product","2":"type-product","3":"status-publish","4":"has-post-thumbnail","6":"product_brand-as-schwabe-pl","7":"product_cat-przewody-przylaczeniowe-2-pl","8":"product_cat-kable-w-krazkach-sprzedawane-na-metry-pl","10":"first","11":"instock","12":"shipping-taxable","13":"product-type-simple"},"aioseo_notices":[],"_links":{"self":[{"href":"https:\/\/as-schwabe.de\/pl\/wp-json\/wp\/v2\/product\/14107","targetHints":{"allow":["GET"]}}],"collection":[{"href":"https:\/\/as-schwabe.de\/pl\/wp-json\/wp\/v2\/product"}],"about":[{"href":"https:\/\/as-schwabe.de\/pl\/wp-json\/wp\/v2\/types\/product"}],"version-history":[{"count":0,"href":"https:\/\/as-schwabe.de\/pl\/wp-json\/wp\/v2\/product\/14107\/revisions"}],"wp:featuredmedia":[{"embeddable":true,"href":"https:\/\/as-schwabe.de\/pl\/wp-json\/wp\/v2\/media\/28833"}],"wp:attachment":[{"href":"https:\/\/as-schwabe.de\/pl\/wp-json\/wp\/v2\/media?parent=14107"}],"wp:term":[{"taxonomy":"product_brand","embeddable":true,"href":"https:\/\/as-schwabe.de\/pl\/wp-json\/wp\/v2\/genre?post=14107"},{"taxonomy":"product_cat","embeddable":true,"href":"https:\/\/as-schwabe.de\/pl\/wp-json\/wp\/v2\/product_cat?post=14107"},{"taxonomy":"product_tag","embeddable":true,"href":"https:\/\/as-schwabe.de\/pl\/wp-json\/wp\/v2\/product_tag?post=14107"}],"curies":[{"name":"wp","href":"https:\/\/api.w.org\/{rel}","templated":true}]}}

<p>Kabel H07BQ-F 3G1,5 na metry o długości 1 m to wysokojakościowy przewód służący do użytku na zewnątrz oraz w warunkach budowlanych. Przy nominalnym napięciu 230 V i prądzie 16 A, kabel charakteryzuje się wysoką odpornością na działanie niekorzystnych warunków atmosferycznych oraz mechaniczne uszkodzenia, co czyni go idealnym rozwiązaniem w trudnych warunkach. Jego pomarańczowy kolor zapewnia dobrą widoczność, co zwiększa bezpieczeństwo pracy. Kabel wykonany jest z materiałów odpornych na działanie olejów i chemikaliów, co dodatkowo zwiększa jego trwałość i funkcjonalność. Dzięki elastycznej konstrukcji, kabel sprawdza się doskonale w różnorodnych aplikacjach, umożliwiając łatwe manewrowanie i instalację.</p>

<div class="icons" style="display: flex; flex-wrap: wrap; gap: 5px; align-items: center; margin-top: 10px;"><img decoding="async" src="https://as-schwabe.de/wp-content/uploads/ikony/znak_CE.png" alt="" width="50" height="50" /><img decoding="async" src="https://as-schwabe.de/wp-content/uploads/ikony/znak_PB.png" alt="" width="50" height="50" /><img decoding="async" src="https://as-schwabe.de/wp-content/uploads/ikony/znak_Z.png" alt="" width="50" height="50" /><img loading="lazy" decoding="async" src="https://as-schwabe.de/wp-content/uploads/ikony/znak_D.png" alt="" width="50" height="50" /></div>
<ul>
<li>kabel na metry H07BQ-F </li>
<li>przewody przeznaczone do najwyższych obciążeń mechanicznych, idealne do zastosowań przemysłowych, takich jak podłączanie maszyn i silników </li>
<li>produkty wykonane w Europie, spełniające rygorystyczne standardy jakości</li>
<li> przewody posiadają dodatkową izolację z gumy, poliuretanu lub PCV, a także powłokę neoprenową, co zwiększa ich odporność na uszkodzenia mechaniczne </li>
</ul>
