{"id":14087,"date":"2025-09-25T16:09:03","date_gmt":"2025-09-25T16:09:03","guid":{"rendered":"https:\/\/as-schwabe.de\/produkt\/kabel-h07rn-f-5g15-w-krazku-400-v-16-a-cza-50-m-10027\/"},"modified":"2025-10-23T00:12:23","modified_gmt":"2025-10-23T00:12:23","slug":"kabel-h07rn-f-5g15-w-krazku-400-v-16-a-cza-50-m-10027","status":"publish","type":"product","link":"https:\/\/as-schwabe.de\/pl\/produkt\/kabel-h07rn-f-5g15-w-krazku-400-v-16-a-cza-50-m-10027\/","title":{"rendered":"Kabel 50 m H07RN-F 5G1,5 w kr\u0105\u017cku 450\/750 V CZA | 10027"},"content":{"rendered":"<p>Kabel H07RN-F 5G1,5 w kr\u0105\u017cku o d\u0142ugo\u015bci 50 metr\u00f3w to wysokiej jako\u015bci przew\u00f3d elektryczny przeznaczony do u\u017cytku na zewn\u0105trz oraz w trudnych warunkach budowlanych. Dzi\u0119ki pi\u0119ciu \u017cy\u0142om o przekroju 1,5 mm\u00b2, kabel o maksymalnym napi\u0119ciu 400 V i pr\u0105dzie 16 A zapewnia niezawodn\u0105 i bezpieczn\u0105 transmisj\u0119 energii elektrycznej. Elastyczna konstrukcja oraz odporno\u015b\u0107 na dzia\u0142anie czynnik\u00f3w atmosferycznych sprawiaj\u0105, \u017ce doskonale sprawdza si\u0119 w aplikacjach mobilnych i stacjonarnych. Jego czarna os\u0142ona chroni przed uszkodzeniami mechanicznymi, a tak\u017ce u\u0142atwia wizualn\u0105 identyfikacj\u0119 w terenie. Idealny do zastosowa\u0144 w budownictwie, ogrodnictwie oraz wsz\u0119dzie tam, gdzie potrzebne jest solidne po\u0142\u0105czenie elektryczne.<\/p>","protected":false},"excerpt":{"rendered":"<div class=\"icons\" style=\"display: flex; flex-wrap: wrap; gap: 5px; align-items: center; margin-top: 10px;\"><img decoding=\"async\" src=\"https:\/\/as-schwabe.de\/wp-content\/uploads\/ikony\/znak_CE.png\" alt=\"\" width=\"50\" height=\"50\" \/><img decoding=\"async\" src=\"https:\/\/as-schwabe.de\/wp-content\/uploads\/ikony\/znak_PB.png\" alt=\"\" width=\"50\" height=\"50\" \/><img decoding=\"async\" src=\"https:\/\/as-schwabe.de\/wp-content\/uploads\/ikony\/znak_Z.png\" alt=\"\" width=\"50\" height=\"50\" \/><img loading=\"lazy\" decoding=\"async\" src=\"https:\/\/as-schwabe.de\/wp-content\/uploads\/ikony\/znak_D.png\" alt=\"\" width=\"50\" height=\"50\" \/><\/div>\n<ul>\n<li>kabel w kr\u0105\u017cku H07RN-F <\/li>\n<li>przewody przeznaczone do najwy\u017cszych obci\u0105\u017ce\u0144 mechanicznych, idealne do zastosowa\u0144 przemys\u0142owych, takich jak pod\u0142\u0105czanie maszyn i silnik\u00f3w <\/li>\n<li>produkty wykonane w Europie, spe\u0142niaj\u0105ce rygorystyczne standardy jako\u015bci<\/li>\n<li> przewody posiadaj\u0105 dodatkow\u0105 izolacj\u0119 z gumy, poliuretanu lub PCV, a tak\u017ce pow\u0142ok\u0119 neoprenow\u0105, co zwi\u0119ksza ich odporno\u015b\u0107 na uszkodzenia mechaniczne <\/li>\n<\/ul>","protected":false},"featured_media":28823,"template":"","meta":{"inline_featured_image":false},"genre":[509],"product_cat":[507,508],"product_tag":[],"class_list":{"0":"post-14087","1":"product","2":"type-product","3":"status-publish","4":"has-post-thumbnail","6":"product_brand-as-schwabe-pl","7":"product_cat-przewody-przylaczeniowe-2-pl","8":"product_cat-kable-w-krazkach-sprzedawane-na-metry-pl","10":"first","11":"instock","12":"shipping-taxable","13":"product-type-simple"},"aioseo_notices":[],"_links":{"self":[{"href":"https:\/\/as-schwabe.de\/pl\/wp-json\/wp\/v2\/product\/14087","targetHints":{"allow":["GET"]}}],"collection":[{"href":"https:\/\/as-schwabe.de\/pl\/wp-json\/wp\/v2\/product"}],"about":[{"href":"https:\/\/as-schwabe.de\/pl\/wp-json\/wp\/v2\/types\/product"}],"version-history":[{"count":0,"href":"https:\/\/as-schwabe.de\/pl\/wp-json\/wp\/v2\/product\/14087\/revisions"}],"wp:featuredmedia":[{"embeddable":true,"href":"https:\/\/as-schwabe.de\/pl\/wp-json\/wp\/v2\/media\/28823"}],"wp:attachment":[{"href":"https:\/\/as-schwabe.de\/pl\/wp-json\/wp\/v2\/media?parent=14087"}],"wp:term":[{"taxonomy":"product_brand","embeddable":true,"href":"https:\/\/as-schwabe.de\/pl\/wp-json\/wp\/v2\/genre?post=14087"},{"taxonomy":"product_cat","embeddable":true,"href":"https:\/\/as-schwabe.de\/pl\/wp-json\/wp\/v2\/product_cat?post=14087"},{"taxonomy":"product_tag","embeddable":true,"href":"https:\/\/as-schwabe.de\/pl\/wp-json\/wp\/v2\/product_tag?post=14087"}],"curies":[{"name":"wp","href":"https:\/\/api.w.org\/{rel}","templated":true}]}}

Kabel 50 m H07RN-F 5G1,5 w krążku 450/750 V CZA | 10027

<p>Kabel H07RN-F 5G1,5 w krążku o długości 50 metrów to wysokiej jakości przewód elektryczny przeznaczony do użytku na zewnątrz oraz w trudnych warunkach budowlanych. Dzięki pięciu żyłom o przekroju 1,5 mm², kabel o maksymalnym napięciu 400 V i prądzie 16 A zapewnia niezawodną i bezpieczną transmisję energii elektrycznej. Elastyczna konstrukcja oraz odporność na działanie czynników atmosferycznych sprawiają, że doskonale sprawdza się w aplikacjach mobilnych i stacjonarnych. Jego czarna osłona chroni przed uszkodzeniami mechanicznymi, a także ułatwia wizualną identyfikację w terenie. Idealny do zastosowań w budownictwie, ogrodnictwie oraz wszędzie tam, gdzie potrzebne jest solidne połączenie elektryczne.</p>

<div class="icons" style="display: flex; flex-wrap: wrap; gap: 5px; align-items: center; margin-top: 10px;"><img decoding="async" src="https://as-schwabe.de/wp-content/uploads/ikony/znak_CE.png" alt="" width="50" height="50" /><img decoding="async" src="https://as-schwabe.de/wp-content/uploads/ikony/znak_PB.png" alt="" width="50" height="50" /><img decoding="async" src="https://as-schwabe.de/wp-content/uploads/ikony/znak_Z.png" alt="" width="50" height="50" /><img loading="lazy" decoding="async" src="https://as-schwabe.de/wp-content/uploads/ikony/znak_D.png" alt="" width="50" height="50" /></div>
<ul>
<li>kabel w krążku H07RN-F </li>
<li>przewody przeznaczone do najwyższych obciążeń mechanicznych, idealne do zastosowań przemysłowych, takich jak podłączanie maszyn i silników </li>
<li>produkty wykonane w Europie, spełniające rygorystyczne standardy jakości</li>
<li> przewody posiadają dodatkową izolację z gumy, poliuretanu lub PCV, a także powłokę neoprenową, co zwiększa ich odporność na uszkodzenia mechaniczne </li>
</ul>
