{"id":14085,"date":"2025-09-25T16:09:02","date_gmt":"2025-09-25T16:09:02","guid":{"rendered":"https:\/\/as-schwabe.de\/produkt\/kabel-h07rn-f-5g15-na-metry-400-v-16-a-cza-1-m-10025\/"},"modified":"2025-10-23T00:12:23","modified_gmt":"2025-10-23T00:12:23","slug":"kabel-h07rn-f-5g15-na-metry-400-v-16-a-cza-1-m-10025","status":"publish","type":"product","link":"https:\/\/as-schwabe.de\/pl\/produkt\/kabel-h07rn-f-5g15-na-metry-400-v-16-a-cza-1-m-10025\/","title":{"rendered":"Kabel 1 m H07RN-F 5G1,5 na metry 450\/750 V CZA | 10025"},"content":{"rendered":"<p>Kabel H07RN-F 5G1,5 o napi\u0119ciu 400 V i pr\u0105dzie znamionowym 16 A to wysokiej jako\u015bci przew\u00f3d elastyczny przeznaczony do u\u017cytku w trudnych warunkach, zar\u00f3wno na zewn\u0105trz, jak i w \u015brodowisku budowlanym. Jego pi\u0119\u0107 \u017cy\u0142 o przekroju 1,5 mm\u00b2 gwarantuje doskona\u0142\u0105 przewodno\u015b\u0107 elektryczn\u0105 oraz bezpiecze\u0144stwo eksploatacji. Dzi\u0119ki odporno\u015bci na dzia\u0142anie wody, promieniowanie UV oraz oleje, kabel idealnie sprawdza si\u0119 w r\u00f3\u017cnorodnych zastosowaniach, w tym w zasilaniu maszyn na placach budowy oraz w instalacjach tymczasowych. Wysoka elastyczno\u015b\u0107 przewodu umo\u017cliwia \u0142atwe manewrowanie oraz monta\u017c, co znacz\u0105co zwi\u0119ksza komfort pracy u\u017cytkownik\u00f3w. Kabel H07RN-F 5G1,5 to niezawodne rozwi\u0105zanie dla profesjonalist\u00f3w, kt\u00f3rzy poszukuj\u0105 trwa\u0142ych i bezpiecznych produkt\u00f3w elektrotechnicznych.<\/p>","protected":false},"excerpt":{"rendered":"<div class=\"icons\" style=\"display: flex; flex-wrap: wrap; gap: 5px; align-items: center; margin-top: 10px;\"><img decoding=\"async\" src=\"https:\/\/as-schwabe.de\/wp-content\/uploads\/ikony\/znak_CE.png\" alt=\"\" width=\"50\" height=\"50\" \/><img decoding=\"async\" src=\"https:\/\/as-schwabe.de\/wp-content\/uploads\/ikony\/znak_PB.png\" alt=\"\" width=\"50\" height=\"50\" \/><img decoding=\"async\" src=\"https:\/\/as-schwabe.de\/wp-content\/uploads\/ikony\/znak_Z.png\" alt=\"\" width=\"50\" height=\"50\" \/><img loading=\"lazy\" decoding=\"async\" src=\"https:\/\/as-schwabe.de\/wp-content\/uploads\/ikony\/znak_D.png\" alt=\"\" width=\"50\" height=\"50\" \/><\/div>\n<ul>\n<li>kabel na metry H07RN-F <\/li>\n<li>przewody przeznaczone do najwy\u017cszych obci\u0105\u017ce\u0144 mechanicznych, idealne do zastosowa\u0144 przemys\u0142owych, takich jak pod\u0142\u0105czanie maszyn i silnik\u00f3w <\/li>\n<li>produkty wykonane w Europie, spe\u0142niaj\u0105ce rygorystyczne standardy jako\u015bci<\/li>\n<li> przewody posiadaj\u0105 dodatkow\u0105 izolacj\u0119 z gumy, poliuretanu lub PCV, a tak\u017ce pow\u0142ok\u0119 neoprenow\u0105, co zwi\u0119ksza ich odporno\u015b\u0107 na uszkodzenia mechaniczne <\/li>\n<\/ul>","protected":false},"featured_media":28822,"template":"","meta":{"inline_featured_image":false},"genre":[509],"product_cat":[507,508],"product_tag":[],"class_list":{"0":"post-14085","1":"product","2":"type-product","3":"status-publish","4":"has-post-thumbnail","6":"product_brand-as-schwabe-pl","7":"product_cat-przewody-przylaczeniowe-2-pl","8":"product_cat-kable-w-krazkach-sprzedawane-na-metry-pl","10":"first","11":"instock","12":"shipping-taxable","13":"product-type-simple"},"aioseo_notices":[],"_links":{"self":[{"href":"https:\/\/as-schwabe.de\/pl\/wp-json\/wp\/v2\/product\/14085","targetHints":{"allow":["GET"]}}],"collection":[{"href":"https:\/\/as-schwabe.de\/pl\/wp-json\/wp\/v2\/product"}],"about":[{"href":"https:\/\/as-schwabe.de\/pl\/wp-json\/wp\/v2\/types\/product"}],"version-history":[{"count":0,"href":"https:\/\/as-schwabe.de\/pl\/wp-json\/wp\/v2\/product\/14085\/revisions"}],"wp:featuredmedia":[{"embeddable":true,"href":"https:\/\/as-schwabe.de\/pl\/wp-json\/wp\/v2\/media\/28822"}],"wp:attachment":[{"href":"https:\/\/as-schwabe.de\/pl\/wp-json\/wp\/v2\/media?parent=14085"}],"wp:term":[{"taxonomy":"product_brand","embeddable":true,"href":"https:\/\/as-schwabe.de\/pl\/wp-json\/wp\/v2\/genre?post=14085"},{"taxonomy":"product_cat","embeddable":true,"href":"https:\/\/as-schwabe.de\/pl\/wp-json\/wp\/v2\/product_cat?post=14085"},{"taxonomy":"product_tag","embeddable":true,"href":"https:\/\/as-schwabe.de\/pl\/wp-json\/wp\/v2\/product_tag?post=14085"}],"curies":[{"name":"wp","href":"https:\/\/api.w.org\/{rel}","templated":true}]}}

<p>Kabel H07RN-F 5G1,5 o napięciu 400 V i prądzie znamionowym 16 A to wysokiej jakości przewód elastyczny przeznaczony do użytku w trudnych warunkach, zarówno na zewnątrz, jak i w środowisku budowlanym. Jego pięć żył o przekroju 1,5 mm² gwarantuje doskonałą przewodność elektryczną oraz bezpieczeństwo eksploatacji. Dzięki odporności na działanie wody, promieniowanie UV oraz oleje, kabel idealnie sprawdza się w różnorodnych zastosowaniach, w tym w zasilaniu maszyn na placach budowy oraz w instalacjach tymczasowych. Wysoka elastyczność przewodu umożliwia łatwe manewrowanie oraz montaż, co znacząco zwiększa komfort pracy użytkowników. Kabel H07RN-F 5G1,5 to niezawodne rozwiązanie dla profesjonalistów, którzy poszukują trwałych i bezpiecznych produktów elektrotechnicznych.</p>

<div class="icons" style="display: flex; flex-wrap: wrap; gap: 5px; align-items: center; margin-top: 10px;"><img decoding="async" src="https://as-schwabe.de/wp-content/uploads/ikony/znak_CE.png" alt="" width="50" height="50" /><img decoding="async" src="https://as-schwabe.de/wp-content/uploads/ikony/znak_PB.png" alt="" width="50" height="50" /><img decoding="async" src="https://as-schwabe.de/wp-content/uploads/ikony/znak_Z.png" alt="" width="50" height="50" /><img loading="lazy" decoding="async" src="https://as-schwabe.de/wp-content/uploads/ikony/znak_D.png" alt="" width="50" height="50" /></div>
<ul>
<li>kabel na metry H07RN-F </li>
<li>przewody przeznaczone do najwyższych obciążeń mechanicznych, idealne do zastosowań przemysłowych, takich jak podłączanie maszyn i silników </li>
<li>produkty wykonane w Europie, spełniające rygorystyczne standardy jakości</li>
<li> przewody posiadają dodatkową izolację z gumy, poliuretanu lub PCV, a także powłokę neoprenową, co zwiększa ich odporność na uszkodzenia mechaniczne </li>
</ul>
