{"id":14079,"date":"2025-09-25T16:08:59","date_gmt":"2025-09-25T16:08:59","guid":{"rendered":"https:\/\/as-schwabe.de\/produkt\/kabel-h07rn-f-3g15-w-krazku-230-v-16-a-cza-50-m-10017\/"},"modified":"2025-10-23T00:12:21","modified_gmt":"2025-10-23T00:12:21","slug":"kabel-h07rn-f-3g15-w-krazku-230-v-16-a-cza-50-m-10017","status":"publish","type":"product","link":"https:\/\/as-schwabe.de\/pl\/produkt\/kabel-h07rn-f-3g15-w-krazku-230-v-16-a-cza-50-m-10017\/","title":{"rendered":"Kabel 50 m H07RN-F 3G1,5 w kr\u0105\u017cku 450\/750 V CZA | 10017"},"content":{"rendered":"<p>Kabel H07RN-F 3G1,5 w kr\u0105\u017cku o d\u0142ugo\u015bci 50 m to profesjonalne rozwi\u0105zanie do zastosowa\u0144 zewn\u0119trznych oraz budowlanych. Wyposa\u017cony w trzy \u017cy\u0142y o przekroju 1,5 mm\u00b2, zapewnia bezpieczne przesy\u0142anie energii elektrycznej przy napi\u0119ciu 230 V i nat\u0119\u017ceniu do 16 A. Dzi\u0119ki konstrukcji odpornej na dzia\u0142anie warunk\u00f3w atmosferycznych oraz uszkodzenia mechaniczne, kabel idealnie sprawdzi si\u0119 w trudnych \u015brodowiskach roboczych. Elastyczna os\u0142ona PVC gwarantuje \u0142atwo\u015b\u0107 w uk\u0142adaniu i transportowaniu, co zwi\u0119ksza komfort u\u017cytkowania. Produkt ten jest niezb\u0119dnym elementem w ka\u017cdej instalacji elektrycznej na placu budowy oraz do zasilania urz\u0105dze\u0144 elektrycznych w ogrodzie.<\/p>","protected":false},"excerpt":{"rendered":"<div class=\"icons\" style=\"display: flex; flex-wrap: wrap; gap: 5px; align-items: center; margin-top: 10px;\"><img decoding=\"async\" src=\"https:\/\/as-schwabe.de\/wp-content\/uploads\/ikony\/znak_CE.png\" alt=\"\" width=\"50\" height=\"50\" \/><img decoding=\"async\" src=\"https:\/\/as-schwabe.de\/wp-content\/uploads\/ikony\/znak_PB.png\" alt=\"\" width=\"50\" height=\"50\" \/><img decoding=\"async\" src=\"https:\/\/as-schwabe.de\/wp-content\/uploads\/ikony\/znak_Z.png\" alt=\"\" width=\"50\" height=\"50\" \/><img loading=\"lazy\" decoding=\"async\" src=\"https:\/\/as-schwabe.de\/wp-content\/uploads\/ikony\/znak_D.png\" alt=\"\" width=\"50\" height=\"50\" \/><\/div>\n<ul>\n<li>kabel w kr\u0105\u017cku H07RN-F <\/li>\n<li>przewody przeznaczone do najwy\u017cszych obci\u0105\u017ce\u0144 mechanicznych, idealne do zastosowa\u0144 przemys\u0142owych, takich jak pod\u0142\u0105czanie maszyn i silnik\u00f3w <\/li>\n<li>produkty wykonane w Europie, spe\u0142niaj\u0105ce rygorystyczne standardy jako\u015bci<\/li>\n<li> przewody posiadaj\u0105 dodatkow\u0105 izolacj\u0119 z gumy, poliuretanu lub PCV, a tak\u017ce pow\u0142ok\u0119 neoprenow\u0105, co zwi\u0119ksza ich odporno\u015b\u0107 na uszkodzenia mechaniczne <\/li>\n<\/ul>","protected":false},"featured_media":28819,"template":"","meta":{"inline_featured_image":false},"genre":[509],"product_cat":[507,508],"product_tag":[],"class_list":{"0":"post-14079","1":"product","2":"type-product","3":"status-publish","4":"has-post-thumbnail","6":"product_brand-as-schwabe-pl","7":"product_cat-przewody-przylaczeniowe-2-pl","8":"product_cat-kable-w-krazkach-sprzedawane-na-metry-pl","10":"first","11":"instock","12":"shipping-taxable","13":"product-type-simple"},"aioseo_notices":[],"_links":{"self":[{"href":"https:\/\/as-schwabe.de\/pl\/wp-json\/wp\/v2\/product\/14079","targetHints":{"allow":["GET"]}}],"collection":[{"href":"https:\/\/as-schwabe.de\/pl\/wp-json\/wp\/v2\/product"}],"about":[{"href":"https:\/\/as-schwabe.de\/pl\/wp-json\/wp\/v2\/types\/product"}],"version-history":[{"count":0,"href":"https:\/\/as-schwabe.de\/pl\/wp-json\/wp\/v2\/product\/14079\/revisions"}],"wp:featuredmedia":[{"embeddable":true,"href":"https:\/\/as-schwabe.de\/pl\/wp-json\/wp\/v2\/media\/28819"}],"wp:attachment":[{"href":"https:\/\/as-schwabe.de\/pl\/wp-json\/wp\/v2\/media?parent=14079"}],"wp:term":[{"taxonomy":"product_brand","embeddable":true,"href":"https:\/\/as-schwabe.de\/pl\/wp-json\/wp\/v2\/genre?post=14079"},{"taxonomy":"product_cat","embeddable":true,"href":"https:\/\/as-schwabe.de\/pl\/wp-json\/wp\/v2\/product_cat?post=14079"},{"taxonomy":"product_tag","embeddable":true,"href":"https:\/\/as-schwabe.de\/pl\/wp-json\/wp\/v2\/product_tag?post=14079"}],"curies":[{"name":"wp","href":"https:\/\/api.w.org\/{rel}","templated":true}]}}

Kabel 50 m H07RN-F 3G1,5 w krążku 450/750 V CZA | 10017

<p>Kabel H07RN-F 3G1,5 w krążku o długości 50 m to profesjonalne rozwiązanie do zastosowań zewnętrznych oraz budowlanych. Wyposażony w trzy żyły o przekroju 1,5 mm², zapewnia bezpieczne przesyłanie energii elektrycznej przy napięciu 230 V i natężeniu do 16 A. Dzięki konstrukcji odpornej na działanie warunków atmosferycznych oraz uszkodzenia mechaniczne, kabel idealnie sprawdzi się w trudnych środowiskach roboczych. Elastyczna osłona PVC gwarantuje łatwość w układaniu i transportowaniu, co zwiększa komfort użytkowania. Produkt ten jest niezbędnym elementem w każdej instalacji elektrycznej na placu budowy oraz do zasilania urządzeń elektrycznych w ogrodzie.</p>

<div class="icons" style="display: flex; flex-wrap: wrap; gap: 5px; align-items: center; margin-top: 10px;"><img decoding="async" src="https://as-schwabe.de/wp-content/uploads/ikony/znak_CE.png" alt="" width="50" height="50" /><img decoding="async" src="https://as-schwabe.de/wp-content/uploads/ikony/znak_PB.png" alt="" width="50" height="50" /><img decoding="async" src="https://as-schwabe.de/wp-content/uploads/ikony/znak_Z.png" alt="" width="50" height="50" /><img loading="lazy" decoding="async" src="https://as-schwabe.de/wp-content/uploads/ikony/znak_D.png" alt="" width="50" height="50" /></div>
<ul>
<li>kabel w krążku H07RN-F </li>
<li>przewody przeznaczone do najwyższych obciążeń mechanicznych, idealne do zastosowań przemysłowych, takich jak podłączanie maszyn i silników </li>
<li>produkty wykonane w Europie, spełniające rygorystyczne standardy jakości</li>
<li> przewody posiadają dodatkową izolację z gumy, poliuretanu lub PCV, a także powłokę neoprenową, co zwiększa ich odporność na uszkodzenia mechaniczne </li>
</ul>
