{"id":14069,"date":"2025-09-25T13:34:09","date_gmt":"2025-09-25T13:34:09","guid":{"rendered":"https:\/\/as-schwabe.de\/produkt\/kabel-h07rn-f-3g15-na-metry-230-v-16-a-cza-1-m-10013\/"},"modified":"2025-10-23T00:12:21","modified_gmt":"2025-10-23T00:12:21","slug":"kabel-h07rn-f-3g15-na-metry-230-v-16-a-cza-1-m-10013","status":"publish","type":"product","link":"https:\/\/as-schwabe.de\/pl\/produkt\/kabel-h07rn-f-3g15-na-metry-230-v-16-a-cza-1-m-10013\/","title":{"rendered":"Kabel 1 m H07RN-F 3G1,5 na metry 450\/750 V CZA | 10013"},"content":{"rendered":"<p>Kabel H07RN-F 3G1,5 to elastyczny przew\u00f3d o d\u0142ugo\u015bci 1 metra, przystosowany do pracy w trudnych warunkach. Jego trzy\u017cy\u0142owa konstrukcja, zgodna z norm\u0105 230 V i o obci\u0105\u017ceniu do 16 A, zapewnia efektywne przesy\u0142anie energii elektrycznej zar\u00f3wno w zastosowaniach zewn\u0119trznych, jak i na budowach. Wykonanie z wysokiej jako\u015bci materia\u0142\u00f3w gwarantuje odporno\u015b\u0107 na dzia\u0142anie wilgoci, promieni UV oraz uszkodzenia mechaniczne, co czyni go idealnym rozwi\u0105zaniem do u\u017cytku na \u015bwie\u017cym powietrzu. Dzi\u0119ki swojej elastyczno\u015bci, kabel H07RN-F jest \u0142atwy w uk\u0142adaniu i dopasowywaniu, co zapewnia wygod\u0119 podczas pracy. Wybierz kabel H07RN-F, aby cieszy\u0107 si\u0119 niezawodno\u015bci\u0105 i bezpiecze\u0144stwem w ka\u017cdym projekcie.<\/p>","protected":false},"excerpt":{"rendered":"<div class=\"icons\" style=\"display: flex; flex-wrap: wrap; gap: 5px; align-items: center; margin-top: 10px;\"><img decoding=\"async\" src=\"https:\/\/as-schwabe.de\/wp-content\/uploads\/ikony\/znak_CE.png\" alt=\"\" width=\"50\" height=\"50\" \/><img decoding=\"async\" src=\"https:\/\/as-schwabe.de\/wp-content\/uploads\/ikony\/znak_PB.png\" alt=\"\" width=\"50\" height=\"50\" \/><img decoding=\"async\" src=\"https:\/\/as-schwabe.de\/wp-content\/uploads\/ikony\/znak_Z.png\" alt=\"\" width=\"50\" height=\"50\" \/><img loading=\"lazy\" decoding=\"async\" src=\"https:\/\/as-schwabe.de\/wp-content\/uploads\/ikony\/znak_D.png\" alt=\"\" width=\"50\" height=\"50\" \/><\/div>\n<ul>\n<li>kabel na metry H07RN-F <\/li>\n<li>przewody przeznaczone do najwy\u017cszych obci\u0105\u017ce\u0144 mechanicznych, idealne do zastosowa\u0144 przemys\u0142owych, takich jak pod\u0142\u0105czanie maszyn i silnik\u00f3w <\/li>\n<li>produkty wykonane w Europie, spe\u0142niaj\u0105ce rygorystyczne standardy jako\u015bci<\/li>\n<li> przewody posiadaj\u0105 dodatkow\u0105 izolacj\u0119 z gumy, poliuretanu lub PCV, a tak\u017ce pow\u0142ok\u0119 neoprenow\u0105, co zwi\u0119ksza ich odporno\u015b\u0107 na uszkodzenia mechaniczne <\/li>\n<\/ul>","protected":false},"featured_media":26023,"template":"","meta":{"inline_featured_image":false},"genre":[509],"product_cat":[507,508],"product_tag":[],"class_list":{"0":"post-14069","1":"product","2":"type-product","3":"status-publish","4":"has-post-thumbnail","6":"product_brand-as-schwabe-pl","7":"product_cat-przewody-przylaczeniowe-2-pl","8":"product_cat-kable-w-krazkach-sprzedawane-na-metry-pl","10":"first","11":"instock","12":"shipping-taxable","13":"product-type-simple"},"aioseo_notices":[],"_links":{"self":[{"href":"https:\/\/as-schwabe.de\/pl\/wp-json\/wp\/v2\/product\/14069","targetHints":{"allow":["GET"]}}],"collection":[{"href":"https:\/\/as-schwabe.de\/pl\/wp-json\/wp\/v2\/product"}],"about":[{"href":"https:\/\/as-schwabe.de\/pl\/wp-json\/wp\/v2\/types\/product"}],"version-history":[{"count":0,"href":"https:\/\/as-schwabe.de\/pl\/wp-json\/wp\/v2\/product\/14069\/revisions"}],"wp:featuredmedia":[{"embeddable":true,"href":"https:\/\/as-schwabe.de\/pl\/wp-json\/wp\/v2\/media\/26023"}],"wp:attachment":[{"href":"https:\/\/as-schwabe.de\/pl\/wp-json\/wp\/v2\/media?parent=14069"}],"wp:term":[{"taxonomy":"product_brand","embeddable":true,"href":"https:\/\/as-schwabe.de\/pl\/wp-json\/wp\/v2\/genre?post=14069"},{"taxonomy":"product_cat","embeddable":true,"href":"https:\/\/as-schwabe.de\/pl\/wp-json\/wp\/v2\/product_cat?post=14069"},{"taxonomy":"product_tag","embeddable":true,"href":"https:\/\/as-schwabe.de\/pl\/wp-json\/wp\/v2\/product_tag?post=14069"}],"curies":[{"name":"wp","href":"https:\/\/api.w.org\/{rel}","templated":true}]}}

<p>Kabel H07RN-F 3G1,5 to elastyczny przewód o długości 1 metra, przystosowany do pracy w trudnych warunkach. Jego trzyżyłowa konstrukcja, zgodna z normą 230 V i o obciążeniu do 16 A, zapewnia efektywne przesyłanie energii elektrycznej zarówno w zastosowaniach zewnętrznych, jak i na budowach. Wykonanie z wysokiej jakości materiałów gwarantuje odporność na działanie wilgoci, promieni UV oraz uszkodzenia mechaniczne, co czyni go idealnym rozwiązaniem do użytku na świeżym powietrzu. Dzięki swojej elastyczności, kabel H07RN-F jest łatwy w układaniu i dopasowywaniu, co zapewnia wygodę podczas pracy. Wybierz kabel H07RN-F, aby cieszyć się niezawodnością i bezpieczeństwem w każdym projekcie.</p>

<div class="icons" style="display: flex; flex-wrap: wrap; gap: 5px; align-items: center; margin-top: 10px;"><img decoding="async" src="https://as-schwabe.de/wp-content/uploads/ikony/znak_CE.png" alt="" width="50" height="50" /><img decoding="async" src="https://as-schwabe.de/wp-content/uploads/ikony/znak_PB.png" alt="" width="50" height="50" /><img decoding="async" src="https://as-schwabe.de/wp-content/uploads/ikony/znak_Z.png" alt="" width="50" height="50" /><img loading="lazy" decoding="async" src="https://as-schwabe.de/wp-content/uploads/ikony/znak_D.png" alt="" width="50" height="50" /></div>
<ul>
<li>kabel na metry H07RN-F </li>
<li>przewody przeznaczone do najwyższych obciążeń mechanicznych, idealne do zastosowań przemysłowych, takich jak podłączanie maszyn i silników </li>
<li>produkty wykonane w Europie, spełniające rygorystyczne standardy jakości</li>
<li> przewody posiadają dodatkową izolację z gumy, poliuretanu lub PCV, a także powłokę neoprenową, co zwiększa ich odporność na uszkodzenia mechaniczne </li>
</ul>
