{"id":36192,"date":"2025-10-30T13:08:02","date_gmt":"2025-10-30T13:08:02","guid":{"rendered":"https:\/\/as-schwabe.de\/?post_type=product&#038;p=36192"},"modified":"2025-12-22T07:26:09","modified_gmt":"2025-12-22T07:26:09","slug":"3-fach-steckdosenleiste-mit-schalter-usb-c-usb-a-anschluss","status":"publish","type":"product","link":"https:\/\/as-schwabe.de\/eng\/product\/3-fach-steckdosenleiste-mit-schalter-usb-c-usb-a-anschluss\/","title":{"rendered":"Steckdosenleiste mit Schalter &#8211; USB-C &#038; USB-A Anschluss"},"content":{"rendered":"<div data-elementor-type=\"product-post\" data-elementor-id=\"36192\" class=\"elementor elementor-36192\" data-elementor-post-type=\"product\">\n\t\t\t\t\t\t<div class=\"elementor-element elementor-element-6b6b38b0 e-flex e-con-boxed e-con e-parent\" data-id=\"6b6b38b0\" data-element_type=\"container\">\r\n\t\t\t\t\t<div class=\"e-con-inner\">\r\n\t\t\t\t\t<div class=\"elementor-element elementor-element-a4d1888 elementor-widget elementor-widget-text-editor\" data-id=\"a4d1888\" data-element_type=\"widget\" data-widget_type=\"text-editor.default\">\n\t\t\t\t\t\t\t\t\t<h2 data-start=\"104\" data-end=\"188\"><strong data-start=\"107\" data-end=\"188\">Multifunktions-Steckdosenleiste mit USB \u2013 flexible Energie f\u00fcr Zuhause &amp; B\u00fcro<\/strong><\/h2>\n<p data-start=\"190\" data-end=\"531\">Diese hochwertige Steckdosenleiste bietet eine zuverl\u00e4ssige und vielseitige Stromversorgung f\u00fcr moderne Arbeits- und Wohnumgebungen.<br data-start=\"322\" data-end=\"325\">Ob Laptop, Monitor, Beleuchtung oder Smartphone \u2013 mit<strong data-start=\"379\" data-end=\"409\">&nbsp;Schutzkontakt-Steckdosen<\/strong> and <strong data-start=\"414\" data-end=\"463\">2 USB-Ports (USB-A bis 18 W \/ USB-C bis 20 W)<\/strong> versorgst du mehrere Ger\u00e4te gleichzeitig und effizient mit Energie.<\/p>\n<h3 data-start=\"533\" data-end=\"571\"><strong data-start=\"537\" data-end=\"571\">Deine Vorteile auf einen Blick<\/strong><\/h3>\n<ul data-start=\"572\" data-end=\"1173\">\n<li data-start=\"572\" data-end=\"692\">\n<p data-start=\"574\" data-end=\"692\"><strong data-start=\"574\" data-end=\"616\">&nbsp;Schuko-Steckdosen + 2 USB-Anschl\u00fcsse<\/strong><br data-start=\"616\" data-end=\"619\">Ideal f\u00fcr Computer, Lampen, Ladeger\u00e4te, Tablets, Smartphones und mehr<\/p>\n<\/li>\n<li data-start=\"693\" data-end=\"801\">\n<p data-start=\"695\" data-end=\"801\"><strong data-start=\"695\" data-end=\"719\">Sicher &amp; komfortabel<\/strong><br data-start=\"719\" data-end=\"722\">45\u00b0 gedrehte Steckdosen f\u00fcr mehr Platz \u2013 plus <strong data-start=\"770\" data-end=\"799\">increased touch protection<\/strong><\/p>\n<\/li>\n<li data-start=\"802\" data-end=\"904\">\n<p data-start=\"804\" data-end=\"904\"><strong data-start=\"804\" data-end=\"826\">Einfache Bedienung<\/strong><br data-start=\"826\" data-end=\"829\">Beleuchteter Ein-\/Aus-Schalter f\u00fcr klare Kontrolle und Energieersparnis<\/p>\n<\/li>\n<li data-start=\"905\" data-end=\"1053\">\n<p data-start=\"907\" data-end=\"1053\"><strong data-start=\"907\" data-end=\"930\">Flexible Reichweite<\/strong><br data-start=\"930\" data-end=\"933\"><strong data-start=\"935\" data-end=\"964\">H05VV-F 3G1,5-Kabel<\/strong> mit Winkel-Schutzkontaktstecker \u2013 perfekt f\u00fcr Schreibtisch, Wohnzimmer oder Homeoffice<\/p>\n<\/li>\n<li data-start=\"1054\" data-end=\"1173\">\n<p data-start=\"1056\" data-end=\"1173\"><strong data-start=\"1056\" data-end=\"1091\">Hohe Leistung &amp; Zuverl\u00e4ssigkeit<\/strong><br data-start=\"1091\" data-end=\"1094\">230 V \/ 16 A, <strong data-start=\"1110\" data-end=\"1142\">bis zu 3500 W Gesamtleistung<\/strong>, <strong data-start=\"1144\" data-end=\"1152\">IP20<\/strong> for indoor use<\/p>\n<\/li>\n<\/ul>\n<h3 data-start=\"1175\" data-end=\"1192\"><strong data-start=\"1179\" data-end=\"1192\">Ideal f\u00fcr<\/strong><\/h3>\n<p data-start=\"1193\" data-end=\"1296\">\u2714 B\u00fcro &amp; Homeoffice<br data-start=\"1212\" data-end=\"1215\">\u2714 Wohnzimmer &amp; Arbeitsplatz<br data-start=\"1242\" data-end=\"1245\">\u2714 Gaming-Setup<br data-start=\"1259\" data-end=\"1262\">\u2714 K\u00fcche, Hobby- und Arbeitsr\u00e4ume<\/p>\n<h3 data-start=\"1298\" data-end=\"1343\"><strong data-start=\"1302\" data-end=\"1343\">Sicher. Leistungsstark. Platzsparend.<\/strong><\/h3>\n<p data-start=\"1344\" data-end=\"1527\">Die kompakte Bauform, integrierte Sicherheitsfunktionen und moderne USB-Technik machen diese Steckdosenleiste zur perfekten L\u00f6sung f\u00fcr zeitgem\u00e4\u00dfe Energieversorgung in jedem Innenraum.<\/p>\t\t\t\t\t\t\t\t<\/div>\n\t\t\t\t<div class=\"elementor-element elementor-element-2b6d636 elementor-widget elementor-widget-spacer\" data-id=\"2b6d636\" data-element_type=\"widget\" data-widget_type=\"spacer.default\">\n\t\t\t\t\t\t\t<div class=\"elementor-spacer\">\n\t\t\t<div class=\"elementor-spacer-inner\"><\/div>\n\t\t<\/div>\n\t\t\t\t\t\t<\/div>\n\t\t\t\t<div class=\"elementor-element elementor-element-398293ee elementor-widget elementor-widget-text-editor\" data-id=\"398293ee\" data-element_type=\"widget\" data-widget_type=\"text-editor.default\">\n\t\t\t\t\t\t\t\t\t<h3>Versions<\/h3><table><thead><tr><th class=\"text-left\" scope=\"col\">Multiple socket outlets with switch<\/th><th scope=\"col\">Colour<\/th><th scope=\"col\">PU<\/th><th class=\"text-right\" scope=\"col\">Item no.<\/th><\/tr><\/thead><tbody><tr><td>3-Fach Steckdosenleiste mit Schalter, 1,4 Meter Zuleitung<\/td><td class=\"text-center\">white<\/td><td class=\"text-center\">1<\/td><td class=\"text-right\">11375<\/td><\/tr><\/tbody><tbody><tr><td>5-Fach Steckdosenleiste mit Schalter, 1,4 Meter Zuleitung\u00a0<\/td><td class=\"text-center\">white<\/td><td class=\"text-center\">1<\/td><td class=\"text-right\">11376<\/td><\/tr><\/tbody><tbody><tr><td>6-Fach Steckdosenleiste mit Schalter, 1,4 Meter Zuleitung<\/td><td class=\"text-center\">white<\/td><td class=\"text-center\">1<\/td><td class=\"text-right\">11377<\/td><\/tr><\/tbody><tbody><tr><td>6-Fach Steckdosenleiste mit Schalter, 5 Meter Zuleitung<\/td><td class=\"text-center\">white<\/td><td class=\"text-center\">1<\/td><td class=\"text-right\">11378<\/td><\/tr><\/tbody><\/table><h3>Details<\/h3><div class=\"table-container\"><table><thead><tr><th>Security<\/th><\/tr><\/thead><tbody><tr><td><div>\u00a0<\/div><div class=\"image-cell\"><img decoding=\"async\" src=\"https:\/\/as-schwabe.de\/wp-content\/uploads\/2025\/01\/IP20_01.svg\" alt=\"[1079]\" \/><img decoding=\"async\" src=\"https:\/\/as-schwabe.de\/wp-content\/uploads\/2024\/12\/CE_schwarz.svg\" alt=\"[1085]\" \/><\/div><\/td><\/tr><\/tbody><\/table><table><thead><tr><th>Technical data<\/th><\/tr><\/thead><tbody><tr><td><p>230 V, 16 A, max. 3,500 W<\/p><div class=\"image-cell\">\u00a0<\/div><\/td><\/tr><\/tbody><\/table><table><thead><tr><th>Use<\/th><\/tr><\/thead><tbody><tr><td><div class=\"image-cell\"><img fetchpriority=\"high\" decoding=\"async\" class=\"alignnone size-medium wp-image-3731\" src=\"https:\/\/as-schwabe.de\/wp-content\/uploads\/2024\/12\/as-schwabe-technik-produkte-einsatzgebiet-innen-icon.svg\" alt=\"\" width=\"300\" height=\"300\" \/><\/div><\/td><\/tr><\/tbody><\/table><\/div>\t\t\t\t\t\t\t\t<\/div>\n\t\t\t\t\t<\/div>\n\t\t\t\t<\/div>\n\t\t\t\t<div class=\"elementor-element elementor-element-acf847a e-flex e-con-boxed e-con e-parent\" data-id=\"acf847a\" data-element_type=\"container\">\r\n\t\t\t\t\t<div class=\"e-con-inner\">\r\n\t\t\t\t\t<div class=\"elementor-element elementor-element-2562914 elementor-widget elementor-widget-video\" data-id=\"2562914\" data-element_type=\"widget\" data-settings=\"{&quot;video_type&quot;:&quot;hosted&quot;,&quot;autoplay&quot;:&quot;yes&quot;,&quot;loop&quot;:&quot;yes&quot;,&quot;controls&quot;:&quot;yes&quot;}\" data-widget_type=\"video.default\">\n\t\t\t\t\t\t\t<div class=\"e-hosted-video elementor-wrapper elementor-open-inline\">\n\t\t\t\t\t<video class=\"elementor-video\" src=\"https:\/\/as-schwabe.de\/wp-content\/uploads\/2025\/10\/11375-1-1.mp4\" autoplay=\"\" loop=\"\" controls=\"\" controlslist=\"nodownload\"><\/video>\n\t\t\t\t<\/div>\n\t\t\t\t\t\t<\/div>\n\t\t\t\t\t<\/div>\n\t\t\t\t<\/div>\n\t\t\t\t<\/div>","protected":false},"excerpt":{"rendered":"<ul>\n<li class=\"a-spacing-mini\"><span class=\"a-list-item\">Vielseitige Stromversorgung: Schuko Steckdosen plus 2 USB-Ports (Typ A max. 18W, Typ C max. 20W) f\u00fcr Computer, Lampen, Smartphones und weitere Ger\u00e4te<\/span><\/li>\n<li class=\"a-spacing-mini\"><span class=\"a-list-item\">Sicher &amp; flexibel: 45\u00b0 gedrehte Steckdosen mit erh\u00f6htem Ber\u00fchrungsschutz<\/span><\/li>\n<li class=\"a-spacing-mini\"><span class=\"a-list-item\">Praktische Steuerung: Beleuchteter Ein-\/Aus-Schalter f\u00fcr einfache Bedienung<\/span><\/li>\n<li class=\"a-spacing-mini\"><span class=\"a-list-item\">Lange Reichweite: H05VV-F 3G1,5 Kabel mit Winkel-Schutzkontaktstecker<\/span><\/li>\n<li class=\"a-spacing-mini\"><span class=\"a-list-item\">Leistungsstark &amp; zuverl\u00e4ssig: 230V \/ 16A, max. 3500W, IP20 f\u00fcr den Innenbereich<\/span><\/li>\n<\/ul>","protected":false},"featured_media":36303,"template":"","meta":{"inline_featured_image":false},"genre":[],"product_cat":[73,131],"product_tag":[],"class_list":{"0":"post-36192","1":"product","2":"type-product","3":"status-publish","4":"has-post-thumbnail","6":"product_cat-heim-und-garten","7":"product_cat-steckdosenleisten","9":"first","10":"instock","11":"shipping-taxable","12":"product-type-simple"},"aioseo_notices":[],"_links":{"self":[{"href":"https:\/\/as-schwabe.de\/eng\/wp-json\/wp\/v2\/product\/36192","targetHints":{"allow":["GET"]}}],"collection":[{"href":"https:\/\/as-schwabe.de\/eng\/wp-json\/wp\/v2\/product"}],"about":[{"href":"https:\/\/as-schwabe.de\/eng\/wp-json\/wp\/v2\/types\/product"}],"version-history":[{"count":0,"href":"https:\/\/as-schwabe.de\/eng\/wp-json\/wp\/v2\/product\/36192\/revisions"}],"wp:featuredmedia":[{"embeddable":true,"href":"https:\/\/as-schwabe.de\/eng\/wp-json\/wp\/v2\/media\/36303"}],"wp:attachment":[{"href":"https:\/\/as-schwabe.de\/eng\/wp-json\/wp\/v2\/media?parent=36192"}],"wp:term":[{"taxonomy":"product_brand","embeddable":true,"href":"https:\/\/as-schwabe.de\/eng\/wp-json\/wp\/v2\/genre?post=36192"},{"taxonomy":"product_cat","embeddable":true,"href":"https:\/\/as-schwabe.de\/eng\/wp-json\/wp\/v2\/product_cat?post=36192"},{"taxonomy":"product_tag","embeddable":true,"href":"https:\/\/as-schwabe.de\/eng\/wp-json\/wp\/v2\/product_tag?post=36192"}],"curies":[{"name":"wp","href":"https:\/\/api.w.org\/{rel}","templated":true}]}}