{"id":3515,"date":"2024-12-18T16:03:19","date_gmt":"2024-12-18T16:03:19","guid":{"rendered":"https:\/\/as2025.as-schwabe.de\/?page_id=3515"},"modified":"2025-10-20T06:54:57","modified_gmt":"2025-10-20T06:54:57","slug":"cable-labelling","status":"publish","type":"page","link":"https:\/\/as-schwabe.de\/eng\/service\/cable-labelling\/","title":{"rendered":"Cable labelling"},"content":{"rendered":"<div data-elementor-type=\"wp-page\" data-elementor-id=\"3515\" class=\"elementor elementor-3515\" data-elementor-post-type=\"page\">\n\t\t\t\t\t\t<div class=\"elementor-element elementor-element-7a764da e-flex e-con-boxed e-con e-parent\" data-id=\"7a764da\" data-element_type=\"container\">\r\n\t\t\t\t\t<div class=\"e-con-inner\">\r\n\t\t\t\t\t<div class=\"elementor-element elementor-element-67c24a4 elementor-widget elementor-widget-text-editor\" data-id=\"67c24a4\" data-element_type=\"widget\" data-widget_type=\"text-editor.default\">\n\t\t\t\t\t\t\t\t\t<div id=\"c1106\" class=\"frame frame-default frame-type-image frame-layout-0\"><div class=\"ce-image ce-left ce-above\"><div class=\"ce-gallery\" data-ce-columns=\"1\" data-ce-images=\"1\"><div class=\"ce-row\"><div class=\"ce-column\"><figure class=\"image\"><img fetchpriority=\"high\" decoding=\"async\" class=\"alignnone size-full wp-image-5901\" src=\"https:\/\/as-schwabe.de\/wp-content\/uploads\/2024\/12\/csm_61000_Kabelbeschriftung_1200x810px_01.jpg\" alt=\"\" width=\"1552\" height=\"500\" srcset=\"https:\/\/as-schwabe.de\/wp-content\/uploads\/2024\/12\/csm_61000_Kabelbeschriftung_1200x810px_01.jpg 1552w, https:\/\/as-schwabe.de\/wp-content\/uploads\/2024\/12\/csm_61000_Kabelbeschriftung_1200x810px_01-600x193.jpg 600w, https:\/\/as-schwabe.de\/wp-content\/uploads\/2024\/12\/csm_61000_Kabelbeschriftung_1200x810px_01-1024x330.jpg 1024w, https:\/\/as-schwabe.de\/wp-content\/uploads\/2024\/12\/csm_61000_Kabelbeschriftung_1200x810px_01-768x247.jpg 768w, https:\/\/as-schwabe.de\/wp-content\/uploads\/2024\/12\/csm_61000_Kabelbeschriftung_1200x810px_01-1536x495.jpg 1536w\" sizes=\"(max-width: 1552px) 100vw, 1552px\" \/><\/figure><\/div><\/div><\/div><\/div><\/div><div id=\"c342\" class=\"frame frame-default frame-type-text frame-layout-0\"><header><h2>Cable labelling service<\/h2><\/header><h3><strong>Customised cables for the construction site<\/strong><\/h3><p class=\"translation-block\">Would you like your <strong>cable reels and extension cables<\/strong> to speak for your company when used on the construction site? This is possible with our cable labelling service.<\/p><p class=\"translation-block\">We label the cables of your desired products individually according to your specifications. Whether <strong>company name, address or the URL of your website<\/strong> - all of this increases your advertising impact on the construction site and may result in new orders. Labelling the cables for use on the construction site also has the advantage of increasing the <strong>theft deterrence threshold<\/strong> and thus securing your property. In addition, <strong>confusion<\/strong> of the property of different companies on the construction site is <strong>avoided<\/strong>.<\/p><p><strong>Profit now<\/strong> from our cable labelling service.<\/p><h3><strong>And this is how it works<\/strong><\/h3><p>Select the desired products from the as - Schwabe range that you would like us to label individually for you. The minimum order quantity is 100 metres of cable, whereby the lengths and cable types can be combined as required, for example:<\/p><ul><li>two cable drums with 50 metres of different cables each or<\/li><li>Ten extensions, each 10 metres long, with different cable types<\/li><\/ul><p><strong>Cables of the following types up to size 5G6 are printed:<\/strong><\/p><ul><li>red lines with black printing ink: <strong>H05RR-F<\/strong><\/li><li>Black cables with silver-grey printing ink: <strong>H07RN-F<\/strong><\/li><li>orange lines with black printing ink: <strong>H07BQ-F<\/strong><\/li><li>yellow lines with black printing ink: <strong>AT-N07V3V3-F<\/strong><\/li><\/ul><p>The printing inks used are mechanically highly resilient and largely abrasion-resistant. We deliver your printed cables just a few days after print approval.<\/p><p><strong>Order your individual cable labelling item no. 61000 now (per metre)<\/strong><\/p><\/div><div id=\"c644\" class=\"frame frame-default frame-type-themeasschwabe_fluidcols25050 frame-layout-0\"><div class=\"row fluid-2-cols\"><div class=\"col-md-6 col-sm-6 col-xs-12\"><div class=\"wow fadeIn\"><div id=\"c645\" class=\"frame frame-default frame-type-image frame-layout-0\"><div class=\"ce-image ce-left ce-above\"><figure class=\"image\"><img decoding=\"async\" class=\"alignnone size-full wp-image-5900\" src=\"https:\/\/as-schwabe.de\/wp-content\/uploads\/2024\/12\/csm_61000_Kabelbeschriftung_orange_1200x810px.jpg\" alt=\"\" width=\"1200\" height=\"810\" srcset=\"https:\/\/as-schwabe.de\/wp-content\/uploads\/2024\/12\/csm_61000_Kabelbeschriftung_orange_1200x810px.jpg 1200w, https:\/\/as-schwabe.de\/wp-content\/uploads\/2024\/12\/csm_61000_Kabelbeschriftung_orange_1200x810px-600x405.jpg 600w, https:\/\/as-schwabe.de\/wp-content\/uploads\/2024\/12\/csm_61000_Kabelbeschriftung_orange_1200x810px-1024x691.jpg 1024w, https:\/\/as-schwabe.de\/wp-content\/uploads\/2024\/12\/csm_61000_Kabelbeschriftung_orange_1200x810px-768x518.jpg 768w\" sizes=\"(max-width: 1200px) 100vw, 1200px\" \/><\/figure><\/div><\/div><div id=\"c1107\" class=\"frame frame-default frame-type-text frame-layout-0\"><p>Orange cable with black printing ink<\/p><\/div><\/div><\/div><div class=\"col-md-6 col-sm-6 col-xs-12 last-col\"><div class=\"wow fadeIn\"><div id=\"c646\" class=\"frame frame-default frame-type-image frame-layout-0\"><div class=\"ce-image ce-left ce-above\"><figure class=\"image\"><img decoding=\"async\" class=\"alignnone size-full wp-image-5899\" src=\"https:\/\/as-schwabe.de\/wp-content\/uploads\/2024\/12\/csm_61000_Kabelbeschriftung_schwarz_1200x810px.jpg\" alt=\"\" width=\"1200\" height=\"810\" srcset=\"https:\/\/as-schwabe.de\/wp-content\/uploads\/2024\/12\/csm_61000_Kabelbeschriftung_schwarz_1200x810px.jpg 1200w, https:\/\/as-schwabe.de\/wp-content\/uploads\/2024\/12\/csm_61000_Kabelbeschriftung_schwarz_1200x810px-600x405.jpg 600w, https:\/\/as-schwabe.de\/wp-content\/uploads\/2024\/12\/csm_61000_Kabelbeschriftung_schwarz_1200x810px-1024x691.jpg 1024w, https:\/\/as-schwabe.de\/wp-content\/uploads\/2024\/12\/csm_61000_Kabelbeschriftung_schwarz_1200x810px-768x518.jpg 768w\" sizes=\"(max-width: 1200px) 100vw, 1200px\" \/><\/figure><\/div><\/div><div id=\"c1108\" class=\"frame frame-default frame-type-text frame-layout-0\"><p>Black cable with silver-grey printing ink<\/p><\/div><\/div><\/div><\/div><\/div>\t\t\t\t\t\t\t\t<\/div>\n\t\t\t\t\t<\/div>\n\t\t\t\t<\/div>\n\t\t\t\t<\/div>","protected":false},"excerpt":{"rendered":"<p>Leitungsbeschriftungsservice Individuelle Leitungen f\u00fcr die Baustelle M\u00f6chten Sie, dass Ihre Kabeltrommeln und Verl\u00e4ngerungsleitungen beim Einsatz auf der Baustelle f\u00fcr Ihr Unternehmen sprechen? Mit unserem Kabelbeschriftungsservice ist das m\u00f6glich. Wir beschriften die Leitungen der von Ihnen gew\u00fcnschten Produkte individuell nach Ihren Vorgaben. Ob Firmenname, Anschrift oder die URL Ihrer Webseite \u2013 das alles erh\u00f6ht Ihre Werbewirkung [&hellip;]<\/p>","protected":false},"author":1,"featured_media":0,"parent":3511,"menu_order":0,"comment_status":"closed","ping_status":"closed","template":"","meta":{"inline_featured_image":false,"footnotes":""},"class_list":["post-3515","page","type-page","status-publish","hentry"],"aioseo_notices":[],"_links":{"self":[{"href":"https:\/\/as-schwabe.de\/eng\/wp-json\/wp\/v2\/pages\/3515","targetHints":{"allow":["GET"]}}],"collection":[{"href":"https:\/\/as-schwabe.de\/eng\/wp-json\/wp\/v2\/pages"}],"about":[{"href":"https:\/\/as-schwabe.de\/eng\/wp-json\/wp\/v2\/types\/page"}],"author":[{"embeddable":true,"href":"https:\/\/as-schwabe.de\/eng\/wp-json\/wp\/v2\/users\/1"}],"replies":[{"embeddable":true,"href":"https:\/\/as-schwabe.de\/eng\/wp-json\/wp\/v2\/comments?post=3515"}],"version-history":[{"count":0,"href":"https:\/\/as-schwabe.de\/eng\/wp-json\/wp\/v2\/pages\/3515\/revisions"}],"up":[{"embeddable":true,"href":"https:\/\/as-schwabe.de\/eng\/wp-json\/wp\/v2\/pages\/3511"}],"wp:attachment":[{"href":"https:\/\/as-schwabe.de\/eng\/wp-json\/wp\/v2\/media?parent=3515"}],"curies":[{"name":"wp","href":"https:\/\/api.w.org\/{rel}","templated":true}]}}